000
CXUS53 KDVN 201100
CF6MLI
PRELIMINARY LOCAL CLIMATOLOGICAL DATA (WS FORM: F-6)

                                          STATION:   MOLINE IL
                                          MONTH:     FEBRUARY
                                          YEAR:      2019
                                          LATITUDE:   41 27 N
                                          LONGITUDE:  90 31 W

  TEMPERATURE IN F:       :PCPN:    SNOW:  WIND      :SUNSHINE: SKY     :PK WND
================================================================================
1   2   3   4   5  6A  6B    7    8   9   10  11  12  13   14  15   16   17  18
                                     12Z  AVG MX 2MIN
DY MAX MIN AVG DEP HDD CDD  WTR  SNW DPTH SPD SPD DIR MIN PSBL S-S WX    SPD DR
================================================================================

 1  18  -7   6 -17  59   0    T    T   10  5.0 10  80   M    M   2 8      12  80
 2  46  11  29   5  36   0 0.00  0.0    8  9.5 18 210   M    M   5 128    28 190
 3  50  42  46  22  19   0 0.00  0.0    3 10.7 16 210   M    M   8 1      24 180
 4  51  19  35  11  30   0 0.00  0.0    T 14.4 23 300   M    M   8 1      29 300
 5  33  17  25   1  40   0 0.67  0.3    T  8.2 20 100   M    M   5 1346   24  70
 6  34  32  33   9  32   0    T  0.0    T  4.9 12 310   M    M  10 1      14 290
 7  35   8  22  -2  43   0 0.37    T    T 18.1 39 280   M    M  10 168    52 290
 8  14   3   9 -16  56   0    T    T    T 16.3 32 280   M    M   4 8      45 280
 9  25   6  16  -9  49   0 0.00  0.0    T  8.6 16 120   M    M   4        23 130
10  29  25  27   2  38   0 0.05  0.9    T  7.4 16 100   M    M  10 168    20  90
11  34  28  31   5  34   0 0.59  0.4    1 13.3 25  90   M    M  10 168    32  80
12  34  14  24  -2  41   0 0.14  0.9    1 17.9 35 270   M    M  10 1689   52 280
13  36   8  22  -4  43   0 0.00  0.0    1 11.1 28 270   M    M   2 8      34 270
14  50  14  32   6  33   0    T    T    T 13.0 29 310   M    M   2 8      41 300
15  15   5  10 -17  55   0 0.00  0.0    T 12.1 24 280   M    M   1        33 300
16  30   9  20  -7  45   0 0.00  0.0    T 10.0 24  90   M    M   5        35 120
17  29  24  27  -1  38   0 0.24  5.2    1  9.4 20  90   M    M  10 128    26  80
18  29   7  18 -10  47   0    T    T    4  5.3 13 300   M    M   4 18     18 310
19  29   4  17 -11  48   0 0.01  0.2    2  5.5 16  80   M    M   3 18     21  90
================================================================================
SM  621  269       786   0  2.07     7.9 200.7          M      113
================================================================================
AV 32.7 14.2                              10.6 FASTST   M    M   6    MAX(MPH)
                                 MISC ---->  # 39 280               # 52  290
================================================================================
NOTES:
# LAST OF SEVERAL OCCURRENCES

COLUMN 17 PEAK WIND IN M.P.H.

PRELIMINARY LOCAL CLIMATOLOGICAL DATA (WS FORM: F-6) , PAGE 2

                                          STATION:  MOLINE IL
                                          MONTH:    FEBRUARY
                                          YEAR:     2019
                                          LATITUDE:   41 27 N
                                          LONGITUDE:  90 31 W

[TEMPERATURE DATA]      [PRECIPITATION DATA]       SYMBOLS USED IN COLUMN 16

AVERAGE MONTHLY: 23.4   TOTAL FOR MONTH:   2.07    1 = FOG OR MIST
DPTR FM NORMAL:  -2.1   DPTR FM NORMAL:    1.11    2 = FOG REDUCING VISIBILITY
HIGHEST:    51 ON  4    GRTST 24HR  0.67 ON  5- 5      TO 1/4 MILE OR LESS
LOWEST:     -7 ON  1                               3 = THUNDER
                        SNOW, ICE PELLETS, HAIL    4 = ICE PELLETS
                        TOTAL MONTH:   7.9 INCHES  5 = HAIL
                        GRTST 24HR   5.2 ON 17-17  6 = FREEZING RAIN OR DRIZZLE
                        GRTST DEPTH:  10 ON  1     7 = DUSTSTORM OR SANDSTORM:
                                                       VSBY 1/2 MILE OR LESS
                                                   8 = SMOKE OR HAZE
[NO. OF DAYS WITH]      [WEATHER - DAYS WITH]      9 = BLOWING SNOW
                                                   X = TORNADO
MAX 32 OR BELOW:   9    0.01 INCH OR MORE:   7
MAX 90 OR ABOVE:   0    0.10 INCH OR MORE:   5
MIN 32 OR BELOW:  18    0.50 INCH OR MORE:   2
MIN  0 OR BELOW:   1    1.00 INCH OR MORE:   0

[HDD (BASE 65) ]
TOTAL THIS MO.   786    CLEAR  (SCALE 0-3)   4
DPTR FM NORMAL    34    PTCLDY (SCALE 4-7)   8
TOTAL FM JUL 1  4595    CLOUDY (SCALE 8-10)  7
DPTR FM NORMAL   109

[CDD (BASE 65) ]
TOTAL THIS MO.     0
DPTR FM NORMAL     0    [PRESSURE DATA]
TOTAL FM JAN 1     0    HIGHEST SLP M ON M
DPTR FM NORMAL     0    LOWEST  SLP 29.46 ON 14

[REMARKS]
