000
CXUS55 KBYZ 191057
CF6MLS
PRELIMINARY LOCAL CLIMATOLOGICAL DATA (WS FORM: F-6)

                                          STATION:   MILES CITY MT
                                          MONTH:     FEBRUARY
                                          YEAR:      2019
                                          LATITUDE:   46 25 N
                                          LONGITUDE: 105 53 W

  TEMPERATURE IN F:       :PCPN:    SNOW:  WIND      :SUNSHINE: SKY     :PK WND
================================================================================
1   2   3   4   5  6A  6B    7    8   9   10  11  12  13   14  15   16   17  18
                                     12Z  AVG MX 2MIN
DY MAX MIN AVG DEP HDD CDD  WTR  SNW DPTH SPD SPD DIR MIN PSBL S-S WX    SPD DR
================================================================================

 1  52  29  41  20  24   0 0.00    M    M  7.1 14 150   M    M   0        19 130
 2  45  20  33  12  32   0 0.00    M    M 12.2 25  20   M    M   3        31  20
 3  20  -7   7 -15  58   0    T    M    M 13.9 22  20   M    M  10 8      29  30
 4   0 -11  -5 -27  70   0 0.03    M    M  8.4 15  20   M    M   7 1      17  20
 5   2  -4  -1 -23  66   0 0.01    M    M 10.3 15  30   M    M  10 1      20  30
 6   0 -16  -8 -30  73   0    T    M    M  9.7 16 320   M    M  10 18     19 320
 7   1 -24 -11 -33  76   0    T    M    M  5.6 14  30   M    M   1 18     15 290
 8   7 -20  -6 -28  71   0 0.00    M    M 11.9 21  50   M    M   5        26  40
 9   2  -7  -2 -25  67   0    T    M    M 10.0 17  50   M    M   9 18     20  50
10   9 -15  -3 -26  68   0 0.01    M    M  8.6 17 130   M    M   4 18     23  90
11  16  -9   4 -19  61   0    T    M    M  7.9 14  30   M    M   4 1      18  30
12  15 -14   1 -22  64   0    T    M    M  6.7 13  30   M    M   3 1      18  30
13  18   1  10 -14  55   0 0.03    M    M  8.7 17 350   M    M   6 1      22 340
14  11  -5   3 -21  62   0    T    M    M  9.4 16  50   M    M   4        26  90
15  16  -5   6 -18  59   0 0.01    M    M 13.8 23 140   M    M   6 1      31 130
16  10   2   6 -18  59   0 0.05    M    M 12.7 22 320   M    M   8 12     26 320
17   3  -3   0 -25  65   0 0.02    M    M 13.1 21 300   M    M  10 1      25 320
18   6 -13  -3 -28  68   0    T    M    M  4.8 10 280   M    M   6 128    12 280
================================================================================
SM  233 -101      1098   0  0.16    M    174.8          M      106
================================================================================
AV 12.9 -5.6                               9.7 FASTST   M    M   6    MAX(MPH)
                                 MISC ---->  # 25  20               # 31   20
================================================================================
NOTES:
# LAST OF SEVERAL OCCURRENCES

COLUMN 17 PEAK WIND IN M.P.H.

PRELIMINARY LOCAL CLIMATOLOGICAL DATA (WS FORM: F-6) , PAGE 2

                                          STATION:  MILES CITY MT
                                          MONTH:    FEBRUARY
                                          YEAR:     2019
                                          LATITUDE:   46 25 N
                                          LONGITUDE: 105 53 W

[TEMPERATURE DATA]      [PRECIPITATION DATA]       SYMBOLS USED IN COLUMN 16

AVERAGE MONTHLY:  3.7   TOTAL FOR MONTH:   0.16    1 = FOG OR MIST
DPTR FM NORMAL: -19.2   DPTR FM NORMAL:    0.03    2 = FOG REDUCING VISIBILITY
HIGHEST:    52 ON  1    GRTST 24HR  0.05 ON 16-16      TO 1/4 MILE OR LESS
LOWEST:    -24 ON  7                               3 = THUNDER
                        SNOW, ICE PELLETS, HAIL    4 = ICE PELLETS
                        TOTAL MONTH:    M          5 = HAIL
                        GRTST 24HR    M  ON   M    6 = FREEZING RAIN OR DRIZZLE
                        GRTST DEPTH:  M  ON   M    7 = DUSTSTORM OR SANDSTORM:
                                                       VSBY 1/2 MILE OR LESS
                                                   8 = SMOKE OR HAZE
[NO. OF DAYS WITH]      [WEATHER - DAYS WITH]      9 = BLOWING SNOW
                                                   X = TORNADO
MAX 32 OR BELOW:  16    0.01 INCH OR MORE:   7
MAX 90 OR ABOVE:   0    0.10 INCH OR MORE:   0
MIN 32 OR BELOW:  18    0.50 INCH OR MORE:   0
MIN  0 OR BELOW:  14    1.00 INCH OR MORE:   0

[HDD (BASE 65) ]
TOTAL THIS MO.  1098    CLEAR  (SCALE 0-3)   4
DPTR FM NORMAL   342    PTCLDY (SCALE 4-7)   9
TOTAL FM JUL 1  5398    CLOUDY (SCALE 8-10)  5
DPTR FM NORMAL    46

[CDD (BASE 65) ]
TOTAL THIS MO.     0
DPTR FM NORMAL     0    [PRESSURE DATA]
TOTAL FM JAN 1     0    HIGHEST SLP M ON M
DPTR FM NORMAL     0    LOWEST  SLP 29.36 ON 13

[REMARKS]
