077
CXUS55 KBYZ 171456
CF6MLS
PRELIMINARY LOCAL CLIMATOLOGICAL DATA (WS FORM: F-6)

                                          STATION:   MILES CITY MT
                                          MONTH:     AUGUST
                                          YEAR:      2019
                                          LATITUDE:   46 25 N
                                          LONGITUDE: 105 53 W

  TEMPERATURE IN F:       :PCPN:    SNOW:  WIND      :SUNSHINE: SKY     :PK WND
================================================================================
1   2   3   4   5  6A  6B    7    8   9   10  11  12  13   14  15   16   17  18
                                     12Z  AVG MX 2MIN
DY MAX MIN AVG DEP HDD CDD  WTR  SNW DPTH SPD SPD DIR MIN PSBL S-S WX    SPD DR
================================================================================

 1  94  71  83   7   0  18    T    M    M 10.9 35 290   M    M   1        47 270
 2  95  64  80   5   0  15 0.00    M    M  6.5 18 160   M    M   0        29 160
 3  96  69  83   8   0  18 0.00    M    M  7.6 16 260   M    M   0        21 270
 4  94  66  80   5   0  15 0.00    M    M  7.8 17 230   M    M   0 3      29 190
 5  88  63  76   1   0  11 0.00    M    M  7.5 18  40   M    M   1 3      22  30
 6  94  64  79   4   0  14 0.00    M    M 11.0 22 320   M    M   0        28 330
 7  83  61  72  -3   0   7    T    M    M 11.3 24  40   M    M   0        29  60
 8  94  56  75   0   0  10 0.16    M    M  7.4 39 320   M    M   1 3      49 330
 9  79  67  73  -2   0   8    T    M    M  8.6 16 240   M    M   3 8      21 230
10  88  60  74   0   0   9    T    M    M 11.0 24  60   M    M   1        31  50
11  82  56  69  -5   0   4 0.69    M    M 13.0 47 290   M    M   5 13     55 280
12  80  55  68  -6   0   3 0.00    M    M 14.1 25 310   M    M   2        32 300
13  74  53  64 -10   1   0 0.00    M    M  7.1 15  30   M    M   3        18  30
14  85  53  69  -5   0   4 0.00    M    M  6.7 14 230   M    M   1        17 240
15  82  56  69  -4   0   4    T    M    M  9.5 22 320   M    M   2 3      30 300
16  85  55  70  -3   0   5 0.00    M    M  9.6 20 230   M    M   1        24 240
================================================================================
SM 1393  969         1 145  0.85    M    149.6          M       21
================================================================================
AV 87.1 60.6                               9.4 FASTST   M    M   1    MAX(MPH)
                                 MISC ---->  # 47 290               # 55  280
================================================================================
NOTES:
# LAST OF SEVERAL OCCURRENCES

COLUMN 17 PEAK WIND IN M.P.H.

PRELIMINARY LOCAL CLIMATOLOGICAL DATA (WS FORM: F-6) , PAGE 2

                                          STATION:  MILES CITY MT
                                          MONTH:    AUGUST
                                          YEAR:     2019
                                          LATITUDE:   46 25 N
                                          LONGITUDE: 105 53 W

[TEMPERATURE DATA]      [PRECIPITATION DATA]       SYMBOLS USED IN COLUMN 16

AVERAGE MONTHLY: 73.8   TOTAL FOR MONTH:   0.85    1 = FOG OR MIST
DPTR FM NORMAL:  -0.7   DPTR FM NORMAL:    0.31    2 = FOG REDUCING VISIBILITY
HIGHEST:    96 ON  3    GRTST 24HR  0.69 ON 11-11      TO 1/4 MILE OR LESS
LOWEST:     53 ON 14,13                            3 = THUNDER
                        SNOW, ICE PELLETS, HAIL    4 = ICE PELLETS
                        TOTAL MONTH:    M          5 = HAIL
                        GRTST 24HR    M  ON   M    6 = FREEZING RAIN OR DRIZZLE
                        GRTST DEPTH:  M  ON   M    7 = DUSTSTORM OR SANDSTORM:
                                                       VSBY 1/2 MILE OR LESS
                                                   8 = SMOKE OR HAZE
[NO. OF DAYS WITH]      [WEATHER - DAYS WITH]      9 = BLOWING SNOW
                                                   X = TORNADO
MAX 32 OR BELOW:   0    0.01 INCH OR MORE:   2
MAX 90 OR ABOVE:   6    0.10 INCH OR MORE:   2
MIN 32 OR BELOW:   0    0.50 INCH OR MORE:   1
MIN  0 OR BELOW:   0    1.00 INCH OR MORE:   0

[HDD (BASE 65) ]
TOTAL THIS MO.     1    CLEAR  (SCALE 0-3)  15
DPTR FM NORMAL     1    PTCLDY (SCALE 4-7)   1
TOTAL FM JUL 1     7    CLOUDY (SCALE 8-10)  0
DPTR FM NORMAL    -3

[CDD (BASE 65) ]
TOTAL THIS MO.   145
DPTR FM NORMAL   -14    [PRESSURE DATA]
TOTAL FM JAN 1   458    HIGHEST SLP M ON M
DPTR FM NORMAL  -116    LOWEST  SLP 29.72 ON 11

[REMARKS]
THIS IS AN AUTOMATED...UNATTENDED WEATHER STATION AND MAY
UNDERESTIMATE WINTER PRECIPITATION.
