000
CXUS55 KBYZ 251057
CF6MLS
PRELIMINARY LOCAL CLIMATOLOGICAL DATA (WS FORM: F-6)

                                          STATION:   MILES CITY MT
                                          MONTH:     APRIL
                                          YEAR:      2019
                                          LATITUDE:   46 25 N
                                          LONGITUDE: 105 53 W

  TEMPERATURE IN F:       :PCPN:    SNOW:  WIND      :SUNSHINE: SKY     :PK WND
================================================================================
1   2   3   4   5  6A  6B    7    8   9   10  11  12  13   14  15   16   17  18
                                     12Z  AVG MX 2MIN
DY MAX MIN AVG DEP HDD CDD  WTR  SNW DPTH SPD SPD DIR MIN PSBL S-S WX    SPD DR
================================================================================

 1  47  32  40  -1  25   0 0.03    M    M  6.9 18 330   M    M   9 1      23 330
 2  53  29  41   0  24   0 0.00    M    M  9.0 20 320   M    M   4        28 300
 3  57  27  42   0  23   0 0.00    M    M 15.0 26 150   M    M   5        35 140
 4  69  36  53  11  12   0    T    M    M  9.9 23 160   M    M   6        31 230
 5  70  43  57  15   8   0 0.00    M    M  6.2 17 120   M    M   6        24  90
 6  70  44  57  14   8   0    T    M    M 10.5 24 270   M    M   3 1      32 290
 7  68  37  53  10  12   0    T    M    M 11.5 32 270   M    M   3        45 270
 8  62  45  54  11  11   0 0.01    M    M 12.9 23 260   M    M   3        33 280
 9  48  40  44   0  21   0 0.42    M    M 11.4 22  90   M    M  10 1      28  80
10  40  27  34 -10  31   0 0.04    M    M 12.3 21  50   M    M   5        26  40
11  40  25  33 -11  32   0 0.00    M    M  8.5 16  70   M    M   8        21  30
12  48  23  36  -9  29   0 0.00    M    M  9.3 20 340   M    M   3        27 340
13  57  22  40  -5  25   0 0.00    M    M 10.6 21 150   M    M   1        30 130
14  57  37  47   1  18   0    T    M    M 11.5 26 250   M    M   7        39 270
15  59  39  49   3  16   0 0.00    M    M 10.0 23 270   M    M   6        28 270
16  57  33  45  -1  20   0    T    M    M 10.0 22 120   M    M   6 1      32 120
17  60  39  50   3  15   0 0.01    M    M 12.8 32 280   M    M   8        39 280
18  65  41  53   6  12   0    T    M    M 12.9 25 320   M    M   2 8      35 330
19  82  40  61  14   4   0 0.01    M    M 10.8 24 280   M    M   1        33 310
20  67  46  57   9   8   0 0.13    M    M 11.9 22 340   M    M   3 1      26 320
21  52  42  47  -1  18   0 0.85    M    M 10.4 23  20   M    M   9 1      28  20
22  63  40  52   4  13   0 0.00    M    M  5.6 15 180   M    M   4        23 210
23  72  43  58   9   7   0 0.00    M    M  7.8 21 310   M    M   2        24 310
24  66  42  54   5  11   0 0.00    M    M 10.6 21  10   M    M   5        26 340
================================================================================
SM 1429  872       403   0  1.50    M    248.3          M      119
================================================================================
AV 59.5 36.3                              10.3 FASTST   M    M   5    MAX(MPH)
                                 MISC ---->  # 32 270               # 45  270
================================================================================
NOTES:
# LAST OF SEVERAL OCCURRENCES

COLUMN 17 PEAK WIND IN M.P.H.

PRELIMINARY LOCAL CLIMATOLOGICAL DATA (WS FORM: F-6) , PAGE 2

                                          STATION:  MILES CITY MT
                                          MONTH:    APRIL
                                          YEAR:     2019
                                          LATITUDE:   46 25 N
                                          LONGITUDE: 105 53 W

[TEMPERATURE DATA]      [PRECIPITATION DATA]       SYMBOLS USED IN COLUMN 16

AVERAGE MONTHLY: 47.9   TOTAL FOR MONTH:   1.50    1 = FOG OR MIST
DPTR FM NORMAL:   2.9   DPTR FM NORMAL:    0.49    2 = FOG REDUCING VISIBILITY
HIGHEST:    82 ON 19    GRTST 24HR  0.85 ON 21-21      TO 1/4 MILE OR LESS
LOWEST:     22 ON 13                               3 = THUNDER
                        SNOW, ICE PELLETS, HAIL    4 = ICE PELLETS
                        TOTAL MONTH:    M          5 = HAIL
                        GRTST 24HR    M  ON   M    6 = FREEZING RAIN OR DRIZZLE
                        GRTST DEPTH:  M  ON   M    7 = DUSTSTORM OR SANDSTORM:
                                                       VSBY 1/2 MILE OR LESS
                                                   8 = SMOKE OR HAZE
[NO. OF DAYS WITH]      [WEATHER - DAYS WITH]      9 = BLOWING SNOW
                                                   X = TORNADO
MAX 32 OR BELOW:   0    0.01 INCH OR MORE:   8
MAX 90 OR ABOVE:   0    0.10 INCH OR MORE:   3
MIN 32 OR BELOW:   7    0.50 INCH OR MORE:   1
MIN  0 OR BELOW:   0    1.00 INCH OR MORE:   0

[HDD (BASE 65) ]
TOTAL THIS MO.   403    CLEAR  (SCALE 0-3)   7
DPTR FM NORMAL   -77    PTCLDY (SCALE 4-7)  14
TOTAL FM JUL 1  7700    CLOUDY (SCALE 8-10)  3
DPTR FM NORMAL   545

[CDD (BASE 65) ]
TOTAL THIS MO.     0
DPTR FM NORMAL     0    [PRESSURE DATA]
TOTAL FM JAN 1     0    HIGHEST SLP M ON M
DPTR FM NORMAL     0    LOWEST  SLP 29.57 ON 14

[REMARKS]
