000
CXUS56 KPQR 161200
CF6MMV
PRELIMINARY LOCAL CLIMATOLOGICAL DATA (WS FORM: F-6)

                                          STATION:   MCMINNVILLE OR
                                          MONTH:     FEBRUARY
                                          YEAR:      2019
                                          LATITUDE:   45 11 N
                                          LONGITUDE: 123  8 W

  TEMPERATURE IN F:       :PCPN:    SNOW:  WIND      :SUNSHINE: SKY     :PK WND
================================================================================
1   2   3   4   5  6A  6B    7    8   9   10  11  12  13   14  15   16   17  18
                                     12Z  AVG MX 2MIN
DY MAX MIN AVG DEP HDD CDD  WTR  SNW DPTH SPD SPD DIR MIN PSBL S-S WX    SPD DR
================================================================================

 1  50  36  43   1  22   0 0.15    M    M  2.8  9 150   M    M  10 1      10 280
 2  54  42  48   6  17   0    T    M    M  5.7 16  10   M    M   8 12     21  10
 3  48  35  42   0  23   0 0.13    M    M  8.6 21 230   M    M  10 1      28 230
 4  41  30  36  -6  29   0 0.01    M    M  6.3 14  10   M    M  10 1      15  30
 5  36  25  31 -11  34   0 0.01    M    M  1.9  9  40   M    M   8 1     175 210
 6  38  25  32 -10  33   0 0.00  0.0    M  2.3  7 130   M    M   6 12     10 140
 7  40  24  32 -10  33   0 0.00    M    M  3.8  9 360   M    M   2        10 350
 8  40  28  34  -8  31   0 0.13    M    M  3.9 17 160   M    M   9 1      21 160
 9  38  29  34  -8  31   0 0.51    M    M  8.1 17 360   M    M  10 1      22 200
10  40  23  32 -10  33   0 0.22    M    M 11.4 28 190   M    M   6 1      34 190
11  46  39  43   1  22   0 0.95    M    M 14.5 25 170   M    M  10 1      34 190
12  46  38  42   0  23   0 1.07    M    M  9.1 26 210   M    M  10 1      34 180
13  46  37  42   0  23   0    T    M    M  5.0 10 350   M    M  10 1      13 340
14  43  37  40  -2  25   0 0.23    M    M  9.0 16 210   M    M  10 1      21 350
15  47  39  43   0  22   0 0.09    M    M 12.8 24 170   M    M   9        28 180
================================================================================
SM  653  487       401   0  3.50     0.0 105.2          M      128
================================================================================
AV 43.5 32.5                               7.0 FASTST   M    M   9    MAX(MPH)
                                 MISC ---->  # 28 190               #175  210
================================================================================
NOTES:
# LAST OF SEVERAL OCCURRENCES

COLUMN 17 PEAK WIND IN M.P.H.

PRELIMINARY LOCAL CLIMATOLOGICAL DATA (WS FORM: F-6) , PAGE 2

                                          STATION:  MCMINNVILLE OR
                                          MONTH:    FEBRUARY
                                          YEAR:     2019
                                          LATITUDE:   45 11 N
                                          LONGITUDE: 123  8 W

[TEMPERATURE DATA]      [PRECIPITATION DATA]       SYMBOLS USED IN COLUMN 16

AVERAGE MONTHLY: 38.0   TOTAL FOR MONTH:   3.50    1 = FOG OR MIST
DPTR FM NORMAL:  -4.1   DPTR FM NORMAL:    0.87    2 = FOG REDUCING VISIBILITY
HIGHEST:    54 ON  2    GRTST 24HR  1.07 ON 12-12      TO 1/4 MILE OR LESS
LOWEST:     23 ON 10                               3 = THUNDER
                        SNOW, ICE PELLETS, HAIL    4 = ICE PELLETS
                        TOTAL MONTH:   0.0 INCH    5 = HAIL
                        GRTST 24HR     0.0         6 = FREEZING RAIN OR DRIZZLE
                        GRTST DEPTH:  M  ON   M    7 = DUSTSTORM OR SANDSTORM:
                                                       VSBY 1/2 MILE OR LESS
                                                   8 = SMOKE OR HAZE
[NO. OF DAYS WITH]      [WEATHER - DAYS WITH]      9 = BLOWING SNOW
                                                   X = TORNADO
MAX 32 OR BELOW:   0    0.01 INCH OR MORE:  11
MAX 90 OR ABOVE:   0    0.10 INCH OR MORE:   8
MIN 32 OR BELOW:   7    0.50 INCH OR MORE:   3
MIN  0 OR BELOW:   0    1.00 INCH OR MORE:   1

[HDD (BASE 65) ]
TOTAL THIS MO.   401    CLEAR  (SCALE 0-3)   1
DPTR FM NORMAL    57    PTCLDY (SCALE 4-7)   3
TOTAL FM JUL 1  2886    CLOUDY (SCALE 8-10) 11
DPTR FM NORMAL  -213

[CDD (BASE 65) ]
TOTAL THIS MO.     0
DPTR FM NORMAL     0    [PRESSURE DATA]
TOTAL FM JAN 1     0    HIGHEST SLP M ON M
DPTR FM NORMAL     0    LOWEST  SLP 29.10 ON 14

[REMARKS]
