000
CXUS56 KPQR 211200
CF6MMV
PRELIMINARY LOCAL CLIMATOLOGICAL DATA (WS FORM: F-6)

                                          STATION:   MCMINNVILLE OR
                                          MONTH:     APRIL
                                          YEAR:      2019
                                          LATITUDE:   45 11 N
                                          LONGITUDE: 123  8 W

  TEMPERATURE IN F:       :PCPN:    SNOW:  WIND      :SUNSHINE: SKY     :PK WND
================================================================================
1   2   3   4   5  6A  6B    7    8   9   10  11  12  13   14  15   16   17  18
                                     12Z  AVG MX 2MIN
DY MAX MIN AVG DEP HDD CDD  WTR  SNW DPTH SPD SPD DIR MIN PSBL S-S WX    SPD DR
================================================================================

 1  61  47  54   6  11   0 0.16    M    M  1.9  9 350   M    M   9 1      11 340
 2  60  50  55   7  10   0 0.31    M    M  3.1 10 340   M    M  10 1      12 250
 3  59  44  52   3  13   0 0.02    M    M  7.1 17 240   M    M   6 1      23 270
 4  58  45  52   3  13   0 0.26    M    M  3.0  9 130   M    M  10 1      12 130
 5  57  42  50   1  15   0 0.50    M    M  8.8 24 210   M    M   8 1      32 200
 6  58  43  51   2  14   0 0.92    M    M  8.6 20 210   M    M   8 1      27 210
 7  55  47  51   2  14   0 0.80    M    M  5.6 18 200   M    M  10 1      23 190
 8  59  46  53   4  12   0 0.19    M    M  4.9 21 270   M    M   8 1      25 260
 9  55  45  50   1  15   0    T    M    M 10.7 22 260   M    M   7        27 270
10  53  43  48  -1  17   0 0.06    M    M 10.2 21 240   M    M  10 1      27 250
11  54  48  51   2  14   0 0.02    M    M 10.4 18 190   M    M  10 1      24 200
12  61  43  52   2  13   0 0.02    M    M  8.3 17 260   M    M   6 18     21 260
13  51  41  46  -4  19   0 0.20    M    M  7.9 21 180   M    M   8 18     27 180
14  51  39  45  -5  20   0 0.04    M    M  5.0 14 250   M    M   6        17 290
15  50  35  43  -7  22   0 0.20    M    M  3.7 12 350   M    M   8 1      15 340
16  58  44  51   1  14   0 0.07    M    M  5.0 17 260   M    M  10 18     23 260
17  64  48  56   6   9   0    T    M    M  4.1 12 150   M    M   6        14 200
18  75  45  60  10   5   0 0.00    M    M  3.0 12 250   M    M   1 1      15 240
19  62  49  56   6   9   0 0.24    M    M  3.9 13 360   M    M   6 1      16 330
20  63  44  54   3  11   0 0.00    M    M  6.3 17 240   M    M   8 1      21 230
================================================================================
SM 1164  888       270   0  4.01    M    121.5          M      155
================================================================================
AV 58.2 44.4                               6.1 FASTST   M    M   8    MAX(MPH)
                                 MISC ---->  # 24 210               # 32  200
================================================================================
NOTES:
# LAST OF SEVERAL OCCURRENCES

COLUMN 17 PEAK WIND IN M.P.H.

PRELIMINARY LOCAL CLIMATOLOGICAL DATA (WS FORM: F-6) , PAGE 2

                                          STATION:  MCMINNVILLE OR
                                          MONTH:    APRIL
                                          YEAR:     2019
                                          LATITUDE:   45 11 N
                                          LONGITUDE: 123  8 W

[TEMPERATURE DATA]      [PRECIPITATION DATA]       SYMBOLS USED IN COLUMN 16

AVERAGE MONTHLY: 51.3   TOTAL FOR MONTH:   4.01    1 = FOG OR MIST
DPTR FM NORMAL:   1.9   DPTR FM NORMAL:    1.89    2 = FOG REDUCING VISIBILITY
HIGHEST:    75 ON 18    GRTST 24HR  0.92 ON  6- 6      TO 1/4 MILE OR LESS
LOWEST:     35 ON 15                               3 = THUNDER
                        SNOW, ICE PELLETS, HAIL    4 = ICE PELLETS
                        TOTAL MONTH:    M          5 = HAIL
                        GRTST 24HR    M  ON   M    6 = FREEZING RAIN OR DRIZZLE
                        GRTST DEPTH:  M  ON   M    7 = DUSTSTORM OR SANDSTORM:
                                                       VSBY 1/2 MILE OR LESS
                                                   8 = SMOKE OR HAZE
[NO. OF DAYS WITH]      [WEATHER - DAYS WITH]      9 = BLOWING SNOW
                                                   X = TORNADO
MAX 32 OR BELOW:   0    0.01 INCH OR MORE:  16
MAX 90 OR ABOVE:   0    0.10 INCH OR MORE:  10
MIN 32 OR BELOW:   0    0.50 INCH OR MORE:   3
MIN  0 OR BELOW:   0    1.00 INCH OR MORE:   0

[HDD (BASE 65) ]
TOTAL THIS MO.   270    CLEAR  (SCALE 0-3)   1
DPTR FM NORMAL   -43    PTCLDY (SCALE 4-7)  12
TOTAL FM JUL 1  4126    CLOUDY (SCALE 8-10)  7
DPTR FM NORMAL  -138

[CDD (BASE 65) ]
TOTAL THIS MO.     0
DPTR FM NORMAL     0    [PRESSURE DATA]
TOTAL FM JAN 1     0    HIGHEST SLP M ON M
DPTR FM NORMAL     0    LOWEST  SLP 29.66 ON  5

[REMARKS]
