000
CXUS54 KMOB 241314
CF6MOB
PRELIMINARY LOCAL CLIMATOLOGICAL DATA (WS FORM: F-6)

                                          STATION:   MOBILE
                                          MONTH:     APRIL
                                          YEAR:      2019
                                          LATITUDE:   30 40 N
                                          LONGITUDE:  88 15 W

  TEMPERATURE IN F:       :PCPN:    SNOW:  WIND      :SUNSHINE: SKY     :PK WND
================================================================================
1   2   3   4   5  6A  6B    7    8   9   10  11  12  13   14  15   16   17  18
                                     12Z  AVG MX 2MIN
DY MAX MIN AVG DEP HDD CDD  WTR  SNW DPTH SPD SPD DIR MIN PSBL S-S WX    SPD DR
================================================================================

 1  70  42  56  -7   9   0    T  0.0    0  5.9 17  40   M    M   3        21  40
 2  72  42  57  -6   8   0 0.00  0.0    0  5.4 14 350   M    M   2        20 330
 3  76  42  59  -5   6   0 0.00  0.0    0  7.5 18 160   M    M   4        24 150
 4  63  53  58  -6   7   0 1.43  0.0    0  6.9 23 130   M    M   8 13     28 130
 5  77  62  70   6   0   5 0.10  0.0    0  6.5 14 200   M    M   9 138    16 210
 6  82  65  74  10   0   9 0.00  0.0    0  8.0 15 160   M    M   8 1      20 140
 7  80  66  73   9   0   8 0.24  0.0    0 11.2 20 120   M    M  10 1238   27 290
 8  79  65  72   7   0   7 0.14  0.0    0  8.7 20 140   M    M   7 13     24 140
 9  78  64  71   6   0   6 0.14  0.0    0  7.2 20 330   M    M   7 18     27 350
10  87  60  74   9   0   9 0.00  0.0    0  5.2 15 190   M    M   1        20 200
11  82  61  72   7   0   7 0.00  0.0    0 11.4 24 140   M    M   6 128    30 140
12  81  67  74   8   0   9 0.00  0.0    0  8.0 16 140   M    M   6        19 150
13  82  70  76  10   0  11 0.00  0.0    0 16.7 33 160   M    M   9 3      41 140
14  77  48  63  -3   2   0 1.80  0.0    0 11.8 30 180   M    M   6 13     40 150
15  76  42  59  -7   6   0 0.00  0.0    0  3.8 12 340   M    M   0        16 360
16  78  49  64  -2   1   0 0.00  0.0    0  5.0 15 130   M    M   3        22 140
17  79  57  68   1   0   3 0.00  0.0    0  7.6 16 150   M    M   7        21 140
18  81  66  74   7   0   9 1.36  0.0    0 15.6 37 210   M    M   8 13     55 210
19  68  49  59  -8   6   0 0.01  0.0    0  9.8 25 310   M    M   8 18     34 310
20  72  46  59  -8   6   0 0.00  0.0    0  7.7 20 310   M    M   2        28 300
21  79  42  61  -7   4   0 0.00  0.0    0  3.0 13 200   M    M   0        16 220
22  80  48  64  -4   1   0 0.00  0.0    0  4.4 15 190   M    M   3        20 180
23  82  50  66  -2   0   1 0.00  0.0    0  5.0 15 120   M    M   5        18 130
================================================================================
SM 1781 1256        56  84  5.22     0.0 182.3          M      122
================================================================================
AV 77.4 54.6                               7.9 FASTST   M    M   5    MAX(MPH)
                                 MISC ---->  # 37 210               # 55  210
================================================================================
NOTES:
# LAST OF SEVERAL OCCURRENCES

COLUMN 17 PEAK WIND IN M.P.H.

PRELIMINARY LOCAL CLIMATOLOGICAL DATA (WS FORM: F-6) , PAGE 2

                                          STATION:  MOBILE
                                          MONTH:    APRIL
                                          YEAR:     2019
                                          LATITUDE:   30 40 N
                                          LONGITUDE:  88 15 W

[TEMPERATURE DATA]      [PRECIPITATION DATA]       SYMBOLS USED IN COLUMN 16

AVERAGE MONTHLY: 66.0   TOTAL FOR MONTH:   5.22    1 = FOG OR MIST
DPTR FM NORMAL:   0.5   DPTR FM NORMAL:    1.49    2 = FOG REDUCING VISIBILITY
HIGHEST:    87 ON 10    GRTST 24HR  1.80 ON 14-14      TO 1/4 MILE OR LESS
LOWEST:     42 ON 21,15                            3 = THUNDER
                        SNOW, ICE PELLETS, HAIL    4 = ICE PELLETS
                        TOTAL MONTH:   0.0 INCH    5 = HAIL
                        GRTST 24HR     0.0         6 = FREEZING RAIN OR DRIZZLE
                        GRTST DEPTH:   0           7 = DUSTSTORM OR SANDSTORM:
                                                       VSBY 1/2 MILE OR LESS
                                                   8 = SMOKE OR HAZE
[NO. OF DAYS WITH]      [WEATHER - DAYS WITH]      9 = BLOWING SNOW
                                                   X = TORNADO
MAX 32 OR BELOW:   0    0.01 INCH OR MORE:   8
MAX 90 OR ABOVE:   0    0.10 INCH OR MORE:   7
MIN 32 OR BELOW:   0    0.50 INCH OR MORE:   3
MIN  0 OR BELOW:   0    1.00 INCH OR MORE:   3

[HDD (BASE 65) ]
TOTAL THIS MO.    56    CLEAR  (SCALE 0-3)   8
DPTR FM NORMAL     1    PTCLDY (SCALE 4-7)  10
TOTAL FM JUL 1  1372    CLOUDY (SCALE 8-10)  5
DPTR FM NORMAL  -314

[CDD (BASE 65) ]
TOTAL THIS MO.    84
DPTR FM NORMAL    16    [PRESSURE DATA]
TOTAL FM JAN 1   206    HIGHEST SLP M ON M
DPTR FM NORMAL    83    LOWEST  SLP 29.60 ON 14

[REMARKS]
