000
CXUS53 KBIS 180803
CF6MOT
PRELIMINARY LOCAL CLIMATOLOGICAL DATA (WS FORM: F-6)

                                          STATION:   MINOT ND
                                          MONTH:     APRIL
                                          YEAR:      2019
                                          LATITUDE:   48 15 N
                                          LONGITUDE: 101 16 W

  TEMPERATURE IN F:       :PCPN:    SNOW:  WIND      :SUNSHINE: SKY     :PK WND
================================================================================
1   2   3   4   5  6A  6B    7    8   9   10  11  12  13   14  15   16   17  18
                                     12Z  AVG MX 2MIN
DY MAX MIN AVG DEP HDD CDD  WTR  SNW DPTH SPD SPD DIR MIN PSBL S-S WX    SPD DR
================================================================================

 1  50  27  39   3  26   0 0.00    M    M 12.1 25 280   M    M   6        35 260
 2  43  26  35  -2  30   0    T    M    M 18.0 35 300   M    M   8 1      46 290
 3  47  17  32  -5  33   0 0.00    M    M 10.2 20 130   M    M   1        27 130
 4  62  35  49  11  16   0    T    M    M 17.3 35 190   M    M   5        49 180
 5  44  35  40   2  25   0 0.00    M    M 10.9 16  60   M    M   9 12     21 330
 6  44  34  39   0  26   0 0.00    M    M 10.4 17 110   M    M  10 12     23 110
 7  65  38  52  13  13   0 0.01    M    M 11.9 32 280   M    M   4 12     39 280
 8  63  38  51  11  14   0 0.08    M    M 13.6 26 300   M    M   2        35 300
 9  42  24  33  -7  32   0 0.00    M    M  9.5 16  70   M    M   5 12     22  80
10  32  22  27 -14  38   0 0.00    M    M 11.3 20  40   M    M   8        25  40
11  43  21  32  -9  33   0 0.00    M    M 14.5 25  20   M    M   1        34  30
12  48  29  39  -3  26   0 0.00    M    M 17.3 35 360   M    M   8        45  10
13  57  22  40  -2  25   0 0.00    M    M  9.7 22 170   M    M   0        30 170
14  52  28  40  -3  25   0 0.00    M    M 17.2 30 160   M    M   6        43 180
15  65  34  50   7  15   0    T    M    M 14.7 30 280   M    M   2        38 270
16  64  36  50   6  15   0 0.00    M    M  6.8 18 160   M    M   3        24 160
17  50  35  43  -1  22   0 0.14    M    M  3.9 13 170   M    M   9 12     18 190
================================================================================
SM  871  501       414   0  0.23    M    209.3          M       87
================================================================================
AV 51.2 29.5                              12.3 FASTST   M    M   5    MAX(MPH)
                                 MISC ---->  # 35 300               # 49  180
================================================================================
NOTES:
# LAST OF SEVERAL OCCURRENCES

COLUMN 17 PEAK WIND IN M.P.H.

PRELIMINARY LOCAL CLIMATOLOGICAL DATA (WS FORM: F-6) , PAGE 2

                                          STATION:  MINOT ND
                                          MONTH:    APRIL
                                          YEAR:     2019
                                          LATITUDE:   48 15 N
                                          LONGITUDE: 101 16 W

[TEMPERATURE DATA]      [PRECIPITATION DATA]       SYMBOLS USED IN COLUMN 16

AVERAGE MONTHLY: 40.4   TOTAL FOR MONTH:   0.23    1 = FOG OR MIST
DPTR FM NORMAL:   0.1   DPTR FM NORMAL:   -0.31    2 = FOG REDUCING VISIBILITY
HIGHEST:    65 ON 15, 7 GRTST 24HR  0.14 ON 17-17      TO 1/4 MILE OR LESS
LOWEST:     17 ON  3                               3 = THUNDER
                        SNOW, ICE PELLETS, HAIL    4 = ICE PELLETS
                        TOTAL MONTH:    M          5 = HAIL
                        GRTST 24HR    M  ON   M    6 = FREEZING RAIN OR DRIZZLE
                        GRTST DEPTH:  M  ON   M    7 = DUSTSTORM OR SANDSTORM:
                                                       VSBY 1/2 MILE OR LESS
                                                   8 = SMOKE OR HAZE
[NO. OF DAYS WITH]      [WEATHER - DAYS WITH]      9 = BLOWING SNOW
                                                   X = TORNADO
MAX 32 OR BELOW:   1    0.01 INCH OR MORE:   3
MAX 90 OR ABOVE:   0    0.10 INCH OR MORE:   1
MIN 32 OR BELOW:   9    0.50 INCH OR MORE:   0
MIN  0 OR BELOW:   0    1.00 INCH OR MORE:   0

[HDD (BASE 65) ]
TOTAL THIS MO.   414    CLEAR  (SCALE 0-3)   6
DPTR FM NORMAL    -7    PTCLDY (SCALE 4-7)   8
TOTAL FM JUL 1  8763    CLOUDY (SCALE 8-10)  3
DPTR FM NORMAL   627

[CDD (BASE 65) ]
TOTAL THIS MO.     0
DPTR FM NORMAL     0    [PRESSURE DATA]
TOTAL FM JAN 1     0    HIGHEST SLP M ON M
DPTR FM NORMAL     0    LOWEST  SLP 29.66 ON 15

[REMARKS]
