000
CXUS51 KPHI 221500
CF6MPO
PRELIMINARY LOCAL CLIMATOLOGICAL DATA (WS FORM: F-6)

                                          STATION:   MOUNT POCONO PA
                                          MONTH:     AUGUST
                                          YEAR:      2019
                                          LATITUDE:   41  8 N
                                          LONGITUDE:  75 24 W

  TEMPERATURE IN F:       :PCPN:    SNOW:  WIND      :SUNSHINE: SKY     :PK WND
================================================================================
1   2   3   4   5  6A  6B    7    8   9   10  11  12  13   14  15   16   17  18
                                     12Z  AVG MX 2MIN
DY MAX MIN AVG DEP HDD CDD  WTR  SNW DPTH SPD SPD DIR MIN PSBL S-S WX    SPD DR
================================================================================

 1  80  59  70   2   0   5 0.00    M    M  3.6 14  10   M    M   5        17  10
 2  78  57  68   0   0   3 0.04    M    M  3.8 13 280   M    M   5 3      17 110
 3  81  64  73   5   0   8 0.00    M    M  4.9 15 230   M    M   5        24 200
 4  80  62  71   3   0   6 0.00    M    M  8.1 20 300   M    M   2 1      24 270
 5  79  51  65  -3   0   0 0.00    M    M  3.4 12 330   M    M   0        14 340
 6  78  58  68   0   0   3 0.17    M    M  4.7 20 310   M    M   6 13     24 310
 7  79  61  70   2   0   5 0.32    M    M  6.0 23 280   M    M   4 123    30 280
 8  79  60  70   2   0   5 0.03    M    M  8.8 24 320   M    M   2 3      31 310
 9  74  54  64  -4   1   0 0.08    M    M  6.9 18 290   M    M   2        24 290
10  72  50  61  -7   4   0 0.00    M    M  9.1 23 280   M    M   1        31 280
11  73  50  62  -6   3   0 0.00    M    M  7.1 20 320   M    M   1        24 330
12  79  50  65  -2   0   0 0.00    M    M  5.9 17 240   M    M   2        21 280
13  76  65  71   4   0   6 0.07    M    M  4.5 13 260   M    M   7        24 310
14  76  61  69   2   0   4 0.01    M    M  3.6 13  10   M    M   7 1      16 360
15  77  56  67   0   0   2    T    M    M  5.1 14 130   M    M   5 13     22 140
16  75  59  67   0   0   2 0.12    M    M  5.8 13 130   M    M   8 1      17 160
17  81  63  72   5   0   7 0.36    M    M  5.3 25 330   M    M   6 13     32 330
18  84  60  72   5   0   7 0.34    M    M  5.5 29 310   M    M   2 13     37 310
19  82  61  72   5   0   7 0.00    M    M  6.9 17 290   M    M   0        21 280
20  82  64  73   7   0   8 0.08    M    M  4.6 15 200   M    M   3 13     22 190
21  79  65  72   6   0   7    T    M    M  5.8 16 230   M    M   4 1      21 220
================================================================================
SM 1644 1230         8  85  1.62    M    119.4          M       77
================================================================================
AV 78.3 58.6                               5.7 FASTST   M    M   4    MAX(MPH)
                                 MISC ---->  # 29 310               # 37  310
================================================================================
NOTES:
# LAST OF SEVERAL OCCURRENCES

COLUMN 17 PEAK WIND IN M.P.H.

PRELIMINARY LOCAL CLIMATOLOGICAL DATA (WS FORM: F-6) , PAGE 2

                                          STATION:  MOUNT POCONO PA
                                          MONTH:    AUGUST
                                          YEAR:     2019
                                          LATITUDE:   41  8 N
                                          LONGITUDE:  75 24 W

[TEMPERATURE DATA]      [PRECIPITATION DATA]       SYMBOLS USED IN COLUMN 16

AVERAGE MONTHLY: 68.4   TOTAL FOR MONTH:   1.62    1 = FOG OR MIST
DPTR FM NORMAL:   1.0   DPTR FM NORMAL:   -1.62    2 = FOG REDUCING VISIBILITY
HIGHEST:    84 ON 18    GRTST 24HR  0.36 ON 17-17      TO 1/4 MILE OR LESS
LOWEST:     50 ON 12,11                            3 = THUNDER
                        SNOW, ICE PELLETS, HAIL    4 = ICE PELLETS
                        TOTAL MONTH:    M          5 = HAIL
                        GRTST 24HR    M  ON   M    6 = FREEZING RAIN OR DRIZZLE
                        GRTST DEPTH:  M  ON   M    7 = DUSTSTORM OR SANDSTORM:
                                                       VSBY 1/2 MILE OR LESS
                                                   8 = SMOKE OR HAZE
[NO. OF DAYS WITH]      [WEATHER - DAYS WITH]      9 = BLOWING SNOW
                                                   X = TORNADO
MAX 32 OR BELOW:   0    0.01 INCH OR MORE:  11
MAX 90 OR ABOVE:   0    0.10 INCH OR MORE:   5
MIN 32 OR BELOW:   0    0.50 INCH OR MORE:   0
MIN  0 OR BELOW:   0    1.00 INCH OR MORE:   0

[HDD (BASE 65) ]
TOTAL THIS MO.     8    CLEAR  (SCALE 0-3)   9
DPTR FM NORMAL   -13    PTCLDY (SCALE 4-7)  11
TOTAL FM JUL 1     9    CLOUDY (SCALE 8-10)  1
DPTR FM NORMAL   -34

[CDD (BASE 65) ]
TOTAL THIS MO.    85
DPTR FM NORMAL     8    [PRESSURE DATA]
TOTAL FM JAN 1   310    HIGHEST SLP  0.00 ON M
DPTR FM NORMAL    31    LOWEST  SLP 29.71 ON  8

[REMARKS]
