000
CXUS51 KPHI 170800
CF6MPO
PRELIMINARY LOCAL CLIMATOLOGICAL DATA (WS FORM: F-6)

                                          STATION:   MOUNT POCONO PA
                                          MONTH:     FEBRUARY
                                          YEAR:      2019
                                          LATITUDE:   41  8 N
                                          LONGITUDE:  75 24 W

  TEMPERATURE IN F:       :PCPN:    SNOW:  WIND      :SUNSHINE: SKY     :PK WND
================================================================================
1   2   3   4   5  6A  6B    7    8   9   10  11  12  13   14  15   16   17  18
                                     12Z  AVG MX 2MIN
DY MAX MIN AVG DEP HDD CDD  WTR  SNW DPTH SPD SPD DIR MIN PSBL S-S WX    SPD DR
================================================================================

 1  15  -5   5 -19  60   0 0.00    M    M  7.0 13 300   M    M   3        17 290
 2  29  -3  13 -11  52   0 0.00    M    M 13.9 25 260   M    M   1        34 250
 3  44  29  37  13  28   0 0.00    M    M  8.7 22 280   M    M   3        29 270
 4  56  28  42  18  23   0 0.00    M    M  6.1 12 180   M    M   0        17 170
 5  53  32  43  19  22   0    T    M    M 10.9 21 270   M    M   5        27 270
 6  35  25  30   6  35   0 0.27    M    M  8.2 17 310   M    M   7 1      21 120
 7  47  32  40  15  25   0 0.15    M    M  5.8 18 270   M    M   9 12     23 270
 8  47  19  33   8  32   0 0.17    M    M 17.4 36 270   M    M   4 1      47 260
 9  22  11  17  -8  48   0    T    M    0 17.4 33 320   M    M   3        47 290
10  29   7  18  -7  47   0    T    M    M  5.5 14 260   M    M   4 1      19 270
11  29  22  26   1  39   0    T    M    M  3.8  9  90   M    M  10 1      15 100
12  25  16  21  -4  44   0 0.39    M    M 11.8 20 100   M    M  10 146    30 100
13  31  22  27   1  38   0 0.04    M    M 15.7 28 250   M    M   7 16     39 270
14  36  22  29   3  36   0    T    M    M 12.5 25 280   M    M   5 1      33 280
15  48  32  40  14  25   0    T    M    M 12.0 22 270   M    M   5        30 250
16  32  17  25  -1  40   0 0.00    M    M 16.1 29 310   M    M   0        37 300
================================================================================
SM  578  306       594   0  1.02    M    172.8          M       76
================================================================================
AV 36.1 19.1                              10.8 FASTST   M    M   5    MAX(MPH)
                                 MISC ---->  # 36 270               # 47  260
================================================================================
NOTES:
# LAST OF SEVERAL OCCURRENCES

COLUMN 17 PEAK WIND IN M.P.H.

PRELIMINARY LOCAL CLIMATOLOGICAL DATA (WS FORM: F-6) , PAGE 2

                                          STATION:  MOUNT POCONO PA
                                          MONTH:    FEBRUARY
                                          YEAR:     2019
                                          LATITUDE:   41  8 N
                                          LONGITUDE:  75 24 W

[TEMPERATURE DATA]      [PRECIPITATION DATA]       SYMBOLS USED IN COLUMN 16

AVERAGE MONTHLY: 27.6   TOTAL FOR MONTH:   1.02    1 = FOG OR MIST
DPTR FM NORMAL:   2.8   DPTR FM NORMAL:   -0.26    2 = FOG REDUCING VISIBILITY
HIGHEST:    56 ON  4    GRTST 24HR  0.39 ON 12-12      TO 1/4 MILE OR LESS
LOWEST:     -5 ON  1                               3 = THUNDER
                        SNOW, ICE PELLETS, HAIL    4 = ICE PELLETS
                        TOTAL MONTH:    M          5 = HAIL
                        GRTST 24HR    M  ON   M    6 = FREEZING RAIN OR DRIZZLE
                        GRTST DEPTH:   0           7 = DUSTSTORM OR SANDSTORM:
                                                       VSBY 1/2 MILE OR LESS
                                                   8 = SMOKE OR HAZE
[NO. OF DAYS WITH]      [WEATHER - DAYS WITH]      9 = BLOWING SNOW
                                                   X = TORNADO
MAX 32 OR BELOW:   8    0.01 INCH OR MORE:   5
MAX 90 OR ABOVE:   0    0.10 INCH OR MORE:   4
MIN 32 OR BELOW:  16    0.50 INCH OR MORE:   0
MIN  0 OR BELOW:   2    1.00 INCH OR MORE:   0

[HDD (BASE 65) ]
TOTAL THIS MO.   594    CLEAR  (SCALE 0-3)   5
DPTR FM NORMAL   -48    PTCLDY (SCALE 4-7)   8
TOTAL FM JUL 1  4616    CLOUDY (SCALE 8-10)  3
DPTR FM NORMAL   -57

[CDD (BASE 65) ]
TOTAL THIS MO.     0
DPTR FM NORMAL     0    [PRESSURE DATA]
TOTAL FM JAN 1     0    HIGHEST SLP M ON M
DPTR FM NORMAL     0    LOWEST  SLP 29.57 ON 13

[REMARKS]
