000
CXUS51 KBTV 180700
CF6MPV
PRELIMINARY LOCAL CLIMATOLOGICAL DATA (WS FORM: F-6)

                                          STATION:   MONTPELIER VT
                                          MONTH:     AUGUST
                                          YEAR:      2019
                                          LATITUDE:   44 12 N
                                          LONGITUDE:  72 34 W

  TEMPERATURE IN F:       :PCPN:    SNOW:  WIND      :SUNSHINE: SKY     :PK WND
================================================================================
1   2   3   4   5  6A  6B    7    8   9   10  11  12  13   14  15   16   17  18
                                     12Z  AVG MX 2MIN
DY MAX MIN AVG DEP HDD CDD  WTR  SNW DPTH SPD SPD DIR MIN PSBL S-S WX    SPD DR
================================================================================

 1  76  52  64  -3   1   0 0.00  0.0    0  3.9 14 300   M    M   3 12     19 310
 2  80  49  65  -2   0   0 0.00  0.0    0  1.0  8 310   M    M   2 12     10 310
 3  81  49  65  -2   0   0 0.00  0.0    0  2.3 13 290   M    M   0        18 290
 4  72  49  61  -6   4   0    T    M    0  4.9 16 340   M    M   3        20 330
 5  77  45  61  -6   4   0 0.00  0.0    0  1.6  9 320   M    M   1 12     14 300
 6  83  49  66   0   0   1 1.31    M    0  4.6 18 210   M    M   3 13     25 170
 7  81  60  71   5   0   6 0.05  0.0    0  3.6 29 160   M    M   6 123    37 150
 8  79  66  73   7   0   8 0.28  0.0    0  5.5 12 220   M    M   6 1      17 220
 9  75  55  65  -1   0   0 0.11  0.0    0  4.6 23 300   M    M   4 1      30 320
10  67  50  59  -7   6   0 0.19  0.0    0  5.1 20 300   M    M   5 1      26 300
11  73  48  61  -5   4   0 0.00  0.0    0  5.6 14 310   M    M   2 1      20 310
12  78  52  65  -1   0   0 0.00  0.0    0  4.6 12 240   M    M   2        20 230
13  78  54  66   0   0   1 0.14  0.0    0  3.5 14 310   M    M   5 1      18 300
14  76  52  64  -2   1   0 0.00  0.0    0  2.7 13 300   M    M   3 12     16 310
15  77  53  65  -1   0   0 0.00  0.0    0  1.3  8  40   M    M   4        11  60
16  75  61  68   2   0   3 0.19  0.0    0  5.1 14 170   M    M   8 1      18 160
17  81  64  73   8   0   8 0.80  0.0    0  5.8 15 220   M    M   8 13     21 220
================================================================================
SM 1309  908        20  27  3.07     0.0  65.7          M       65
================================================================================
AV 77.0 53.4                               3.9 FASTST   M    M   4    MAX(MPH)
                                 MISC ---->  # 29 160               # 37  150
================================================================================
NOTES:
# LAST OF SEVERAL OCCURRENCES

COLUMN 17 PEAK WIND IN M.P.H.

PRELIMINARY LOCAL CLIMATOLOGICAL DATA (WS FORM: F-6) , PAGE 2

                                          STATION:  MONTPELIER VT
                                          MONTH:    AUGUST
                                          YEAR:     2019
                                          LATITUDE:   44 12 N
                                          LONGITUDE:  72 34 W

[TEMPERATURE DATA]      [PRECIPITATION DATA]       SYMBOLS USED IN COLUMN 16

AVERAGE MONTHLY: 65.2   TOTAL FOR MONTH:   3.07    1 = FOG OR MIST
DPTR FM NORMAL:  -1.0   DPTR FM NORMAL:    0.59    2 = FOG REDUCING VISIBILITY
HIGHEST:    83 ON  6    GRTST 24HR  1.31 ON  6- 6      TO 1/4 MILE OR LESS
LOWEST:     45 ON  5                               3 = THUNDER
                        SNOW, ICE PELLETS, HAIL    4 = ICE PELLETS
                        TOTAL MONTH:   0.0 INCH    5 = HAIL
                        GRTST 24HR     0.0         6 = FREEZING RAIN OR DRIZZLE
                        GRTST DEPTH:   0           7 = DUSTSTORM OR SANDSTORM:
                                                       VSBY 1/2 MILE OR LESS
                                                   8 = SMOKE OR HAZE
[NO. OF DAYS WITH]      [WEATHER - DAYS WITH]      9 = BLOWING SNOW
                                                   X = TORNADO
MAX 32 OR BELOW:   0    0.01 INCH OR MORE:   8
MAX 90 OR ABOVE:   0    0.10 INCH OR MORE:   7
MIN 32 OR BELOW:   0    0.50 INCH OR MORE:   2
MIN  0 OR BELOW:   0    1.00 INCH OR MORE:   1

[HDD (BASE 65) ]
TOTAL THIS MO.    20    CLEAR  (SCALE 0-3)   8
DPTR FM NORMAL   -10    PTCLDY (SCALE 4-7)   8
TOTAL FM JUL 1    29    CLOUDY (SCALE 8-10)  1
DPTR FM NORMAL   -41

[CDD (BASE 65) ]
TOTAL THIS MO.    27
DPTR FM NORMAL   -23    [PRESSURE DATA]
TOTAL FM JAN 1   185    HIGHEST SLP M ON M
DPTR FM NORMAL   -33    LOWEST  SLP 29.66 ON  9

[REMARKS]
