000
CXUS51 KBTV 200700
CF6MPV
PRELIMINARY LOCAL CLIMATOLOGICAL DATA (WS FORM: F-6)

                                          STATION:   MONTPELIER VT
                                          MONTH:     FEBRUARY
                                          YEAR:      2019
                                          LATITUDE:   44 12 N
                                          LONGITUDE:  72 34 W

  TEMPERATURE IN F:       :PCPN:    SNOW:  WIND      :SUNSHINE: SKY     :PK WND
================================================================================
1   2   3   4   5  6A  6B    7    8   9   10  11  12  13   14  15   16   17  18
                                     12Z  AVG MX 2MIN
DY MAX MIN AVG DEP HDD CDD  WTR  SNW DPTH SPD SPD DIR MIN PSBL S-S WX    SPD DR
================================================================================

 1  14  -6   4 -13  61   0 0.00    M    0  7.4 21 300   M    M   2 8      29 310
 2  22 -13   5 -12  60   0 0.01    M    0  2.5 14 310   M    M   6 18     17 310
 3  34  17  26   8  39   0 0.04    M    0  2.5 10 160   M    M  10 16     13 140
 4  51  32  42  24  23   0 0.01    M    0  4.9 15 160   M    M   5 1       M  M
 5  52  20  36  18  29   0 0.07    M    0  9.9 22 310   M    M   6 1      31 300
 6  34  13  24   6  41   0 0.27    M    0  4.4 17 170   M    M   3 16     24 180
 7  35  31  33  15  32   0 0.01    M    0  7.9 15 160   M    M  10 16     20 160
 8  44  19  32  14  33   0 0.05    M    0 13.0 31 300   M    M   8 1      45 290
 9  21   7  14  -5  51   0 0.02    M    0 13.4 32 300   M    M   4 189    42 300
10  22   7  15  -4  50   0 0.00  0.0    0  6.4 16 310   M    M   0        22 300
11  22   4  13  -6  52   0 0.00  0.0    0  6.0 14 310   M    M   2        18 320
12  15  -4   6 -13  59   0 0.55    M    M  1.3  9 190   M    M   5 1      12 200
13  29  13  21   2  44   0 0.35    M    M  3.3 14 220   M    M  10 128    21 210
14  29  11  20   0  45   0    T    M    M  6.5 22 310   M    M   4 18     30 310
15  37  14  26   6  39   0 0.11    M    0  9.3 21 170   M    M   8 1      29 180
16  29  15  22   2  43   0    T    M    0  8.8 18 320   M    M   7 1      25 310
17  23   3  13  -7  52   0    T    M    0  1.9 16 320   M    M   2        21 300
18  18   5  12  -8  53   0 0.05    M    0  5.9 18 310   M    M   8 1      26 320
19  15   0   8 -13  57   0 0.00    M    0  9.8 21 350   M    M   0 8      32 300
================================================================================
SM  546  188       863   0  1.54     0.0 125.1          M      100
================================================================================
AV 28.7  9.9                               6.6 FASTST   M    M   5    MAX(MPH)
                                 MISC ---->  # 32 300               # 45  290
================================================================================
NOTES:
# LAST OF SEVERAL OCCURRENCES

COLUMN 17 PEAK WIND IN M.P.H.

PRELIMINARY LOCAL CLIMATOLOGICAL DATA (WS FORM: F-6) , PAGE 2

                                          STATION:  MONTPELIER VT
                                          MONTH:    FEBRUARY
                                          YEAR:     2019
                                          LATITUDE:   44 12 N
                                          LONGITUDE:  72 34 W

[TEMPERATURE DATA]      [PRECIPITATION DATA]       SYMBOLS USED IN COLUMN 16

AVERAGE MONTHLY: 19.3   TOTAL FOR MONTH:   1.54    1 = FOG OR MIST
DPTR FM NORMAL:   0.5   DPTR FM NORMAL:    0.13    2 = FOG REDUCING VISIBILITY
HIGHEST:    52 ON  5    GRTST 24HR  0.55 ON 12-12      TO 1/4 MILE OR LESS
LOWEST:    -13 ON  2                               3 = THUNDER
                        SNOW, ICE PELLETS, HAIL    4 = ICE PELLETS
                        TOTAL MONTH:   0.0 INCH    5 = HAIL
                        GRTST 24HR     0.0         6 = FREEZING RAIN OR DRIZZLE
                        GRTST DEPTH:   0           7 = DUSTSTORM OR SANDSTORM:
                                                       VSBY 1/2 MILE OR LESS
                                                   8 = SMOKE OR HAZE
[NO. OF DAYS WITH]      [WEATHER - DAYS WITH]      9 = BLOWING SNOW
                                                   X = TORNADO
MAX 32 OR BELOW:  12    0.01 INCH OR MORE:  12
MAX 90 OR ABOVE:   0    0.10 INCH OR MORE:   4
MIN 32 OR BELOW:  19    0.50 INCH OR MORE:   1
MIN  0 OR BELOW:   4    1.00 INCH OR MORE:   0

[HDD (BASE 65) ]
TOTAL THIS MO.   863    CLEAR  (SCALE 0-3)   5
DPTR FM NORMAL   -13    PTCLDY (SCALE 4-7)   9
TOTAL FM JUL 1  5704    CLOUDY (SCALE 8-10)  5
DPTR FM NORMAL   183

[CDD (BASE 65) ]
TOTAL THIS MO.     0
DPTR FM NORMAL     0    [PRESSURE DATA]
TOTAL FM JAN 1     0    HIGHEST SLP M ON M
DPTR FM NORMAL     0    LOWEST  SLP 29.54 ON 13

[REMARKS]
