000
CXUS51 KBTV 220700
CF6MPV
PRELIMINARY LOCAL CLIMATOLOGICAL DATA (WS FORM: F-6)

                                          STATION:   MONTPELIER VT
                                          MONTH:     APRIL
                                          YEAR:      2019
                                          LATITUDE:   44 12 N
                                          LONGITUDE:  72 34 W

  TEMPERATURE IN F:       :PCPN:    SNOW:  WIND      :SUNSHINE: SKY     :PK WND
================================================================================
1   2   3   4   5  6A  6B    7    8   9   10  11  12  13   14  15   16   17  18
                                     12Z  AVG MX 2MIN
DY MAX MIN AVG DEP HDD CDD  WTR  SNW DPTH SPD SPD DIR MIN PSBL S-S WX    SPD DR
================================================================================

 1  32  22  27  -9  38   0    T    M    0 13.3 28 310   M    M   4 1      38 310
 2  47  20  34  -2  31   0 0.00  0.0    0  9.1 24 160   M    M   0        30 170
 3  52  31  42   5  23   0    T    M    0 11.4 30 280   M    M   4        45 280
 4  36  25  31  -6  34   0 0.00  0.0    0 16.7 26 290   M    M   3        39 280
 5  41  15  28 -10  37   0 0.11    M    0  6.0 17 170   M    M   4 1      25 180
 6  47  28  38   0  27   0 0.01    M    0  5.3 15 310   M    M   7 1      22 320
 7  52  26  39   0  26   0 0.05    M    0  2.1 10 360   M    M   9 12     14 350
 8  40  32  36  -3  29   0 0.37    M    0  7.8 23 170   M    M  10 1      28 170
 9  37  28  33  -7  32   0 0.37    M    0  8.0 23 170   M    M  10 1      30 170
10  31  27  29 -11  36   0    T    M    0  9.9 21 320   M    M   9 1      29 310
11  43  25  34  -6  31   0 0.00  0.0    0  4.8 15 310   M    M   1        20 330
12  49  29  39  -2  26   0 0.01    M    0  7.9 18 150   M    M   9        23 150
13  67  39  53  12  12   0 0.00  0.0    0  5.7 20 260   M    M   4 1      29 260
14  50  32  41  -1  24   0 0.33    M    0  2.0 10 320   M    M   5 1      13 320
15  57  32  45   3  20   0 0.73    M    0  9.4 28 300   M    M   9 13     41 310
16  43  32  38  -5  27   0    T    M    0 13.4 30 310   M    M  10 1      43 310
17  55  28  42  -1  23   0 0.00  0.0    0  4.7 16 310   M    M   1        20 310
18  48  27  38  -6  27   0 0.07    M    0 11.3 31 170   M    M   8        43 190
19  70  43  57  13   8   0 0.18    M    0  6.5 18 170   M    M   8 1      23 170
20  64  45  55  11  10   0 0.64    M    0  5.3 22 160   M    M   9 1      28 160
21  69  50  60  15   5   0 0.06  0.0    0  8.2 21 180   M    M   5 1      31 190
================================================================================
SM 1030  636       526   0  2.93     0.0 168.8          M      129
================================================================================
AV 49.1 30.3                               8.0 FASTST   M    M   6    MAX(MPH)
                                 MISC ---->  # 31 170               # 45  280
================================================================================
NOTES:
# LAST OF SEVERAL OCCURRENCES

COLUMN 17 PEAK WIND IN M.P.H.

PRELIMINARY LOCAL CLIMATOLOGICAL DATA (WS FORM: F-6) , PAGE 2

                                          STATION:  MONTPELIER VT
                                          MONTH:    APRIL
                                          YEAR:     2019
                                          LATITUDE:   44 12 N
                                          LONGITUDE:  72 34 W

[TEMPERATURE DATA]      [PRECIPITATION DATA]       SYMBOLS USED IN COLUMN 16

AVERAGE MONTHLY: 39.7   TOTAL FOR MONTH:   2.93    1 = FOG OR MIST
DPTR FM NORMAL:  -0.8   DPTR FM NORMAL:    1.10    2 = FOG REDUCING VISIBILITY
HIGHEST:    70 ON 19    GRTST 24HR  0.73 ON 15-15      TO 1/4 MILE OR LESS
LOWEST:     15 ON  5                               3 = THUNDER
                        SNOW, ICE PELLETS, HAIL    4 = ICE PELLETS
                        TOTAL MONTH:   0.0 INCH    5 = HAIL
                        GRTST 24HR     0.0         6 = FREEZING RAIN OR DRIZZLE
                        GRTST DEPTH:   0           7 = DUSTSTORM OR SANDSTORM:
                                                       VSBY 1/2 MILE OR LESS
                                                   8 = SMOKE OR HAZE
[NO. OF DAYS WITH]      [WEATHER - DAYS WITH]      9 = BLOWING SNOW
                                                   X = TORNADO
MAX 32 OR BELOW:   2    0.01 INCH OR MORE:  12
MAX 90 OR ABOVE:   0    0.10 INCH OR MORE:   7
MIN 32 OR BELOW:  17    0.50 INCH OR MORE:   2
MIN  0 OR BELOW:   0    1.00 INCH OR MORE:   0

[HDD (BASE 65) ]
TOTAL THIS MO.   526    CLEAR  (SCALE 0-3)   4
DPTR FM NORMAL    11    PTCLDY (SCALE 4-7)   9
TOTAL FM JUL 1  7877    CLOUDY (SCALE 8-10)  8
DPTR FM NORMAL   337

[CDD (BASE 65) ]
TOTAL THIS MO.     0
DPTR FM NORMAL     0    [PRESSURE DATA]
TOTAL FM JAN 1     0    HIGHEST SLP M ON M
DPTR FM NORMAL     0    LOWEST  SLP 29.24 ON 15

[REMARKS]
