000
CXUS53 KMPX 171000
CF6MPX
PRELIMINARY LOCAL CLIMATOLOGICAL DATA (WS FORM: F-6)

                                          STATION:   CHANHASSEN MN
                                          MONTH:     FEBRUARY
                                          YEAR:      2019
                                          LATITUDE:   44 50 N
                                          LONGITUDE:  93 34 W

  TEMPERATURE IN F:       :PCPN:    SNOW:  WIND      :SUNSHINE: SKY     :PK WND
================================================================================
1   2   3   4   5  6A  6B    7    8   9   10  11  12  13   14  15   16   17  18
                                     12Z  AVG MX 2MIN
DY MAX MIN AVG DEP HDD CDD  WTR  SNW DPTH SPD SPD DIR MIN PSBL S-S WX    SPD DR
================================================================================

 1  17  -4   7  -9  58   0 0.00  0.0    4   M   M   M   M    M   M         M  M
 2  38  12  25   9  40   0    T  0.0    4   M   M   M   M    M   M         M  M
 3  38  31  35  19  30   0 0.01  0.0    1   M   M   M   M    M   M         M  M
 4  31  -1  15  -1  50   0 0.02    T    T   M   M   M   M    M   M         M  M
 5  10  -1   5 -11  60   0 0.31  4.1    T   M   M   M   M    M   M         M  M
 6  18   9  14  -2  51   0    T    T    4   M   M   M   M    M   M         M  M
 7  17  -8   5 -12  60   0 0.27  5.5    8   M   M   M   M    M   M         M  M
 8  -4 -16 -10 -27  75   0 0.00  0.0    7   M   M   M   M    M   M         M  M
 9   5 -18  -6 -23  71   0 0.00  0.0    7   M   M   M   M    M   M         M  M
10  15   4  10  -8  55   0 0.20  3.0    6   M   M   M   M    M   M         M  M
11  23  12  18   0  47   0 0.03  0.4    9   M   M   M   M    M   M         M  M
12  23   7  15  -3  50   0 0.35  4.7   12   M   M   M   M    M   M         M  M
13  18  -1   9  -9  56   0 0.00  0.0   12   M   M   M   M    M   M         M  M
14  20  -3   9 -10  56   0 0.05  0.8   11   M   M   M   M    M   M         M  M
15  12  -7   3 -16  62   0 0.00  0.0   11   M   M   M   M    M   M         M  M
16  19  -7   6 -13  59   0 0.00  0.0    9   M   M   M   M    M   M         M  M
================================================================================
SM  300    9       880   0  1.24    18.5     M          M        M
================================================================================
AV 18.8  0.6                                 M FASTST   M    M   5    MAX(MPH)
                                 MISC ---->     M   M                  M    M
================================================================================
NOTES:
# LAST OF SEVERAL OCCURRENCES

COLUMN 17 PEAK WIND IN M.P.H.

PRELIMINARY LOCAL CLIMATOLOGICAL DATA (WS FORM: F-6) , PAGE 2

                                          STATION:  CHANHASSEN MN
                                          MONTH:    FEBRUARY
                                          YEAR:     2019
                                          LATITUDE:   44 50 N
                                          LONGITUDE:  93 34 W

[TEMPERATURE DATA]      [PRECIPITATION DATA]       SYMBOLS USED IN COLUMN 16

AVERAGE MONTHLY:  9.7   TOTAL FOR MONTH:   1.24    1 = FOG OR MIST
DPTR FM NORMAL:  -7.6   DPTR FM NORMAL:    0.75    2 = FOG REDUCING VISIBILITY
HIGHEST:    38 ON  3, 2 GRTST 24HR  0.35 ON 12-12      TO 1/4 MILE OR LESS
LOWEST:    -18 ON  9                               3 = THUNDER
                        SNOW, ICE PELLETS, HAIL    4 = ICE PELLETS
                        TOTAL MONTH:  18.5 INCHES  5 = HAIL
                        GRTST 24HR   5.5 ON  7- 7  6 = FREEZING RAIN OR DRIZZLE
                        GRTST DEPTH:  12 ON 13,12  7 = DUSTSTORM OR SANDSTORM:
                                                       VSBY 1/2 MILE OR LESS
                                                   8 = SMOKE OR HAZE
[NO. OF DAYS WITH]      [WEATHER - DAYS WITH]      9 = BLOWING SNOW
                                                   X = TORNADO
MAX 32 OR BELOW:  14    0.01 INCH OR MORE:   8
MAX 90 OR ABOVE:   0    0.10 INCH OR MORE:   4
MIN 32 OR BELOW:  16    0.50 INCH OR MORE:   0
MIN  0 OR BELOW:  10    1.00 INCH OR MORE:   0

[HDD (BASE 65) ]
TOTAL THIS MO.   880    CLEAR  (SCALE 0-3)   0
DPTR FM NORMAL   116    PTCLDY (SCALE 4-7)   0
TOTAL FM JUL 1  5810    CLOUDY (SCALE 8-10)  0
DPTR FM NORMAL   315

[CDD (BASE 65) ]
TOTAL THIS MO.     0
DPTR FM NORMAL     0    [PRESSURE DATA]
TOTAL FM JAN 1     0    HIGHEST SLP M ON M
DPTR FM NORMAL     0    LOWEST  SLP M ON M

[REMARKS]
