000
CXUS53 KMQT 170900
CF6MQT
PRELIMINARY LOCAL CLIMATOLOGICAL DATA (WS FORM: F-6)

                                          STATION:   MARQUETTE MI
                                          MONTH:     AUGUST
                                          YEAR:      2019
                                          LATITUDE:   46 31 N
                                          LONGITUDE:  87 33 W

  TEMPERATURE IN F:       :PCPN:    SNOW:  WIND      :SUNSHINE: SKY     :PK WND
================================================================================
1   2   3   4   5  6A  6B    7    8   9   10  11  12  13   14  15   16   17  18
                                     12Z  AVG MX 2MIN
DY MAX MIN AVG DEP HDD CDD  WTR  SNW DPTH SPD SPD DIR MIN PSBL S-S WX    SPD DR
================================================================================

 1  78  48  63  -2   2   0    T  0.0    0   M   M   M   M    M   M        15 315
 2  82  57  70   5   0   5 0.16  0.0    0   M   M   M   M    M   M 3      20 225
 3  74  51  63  -2   2   0 0.00  0.0    0   M   M   M   M    M   M 1      15  45
 4  79  46  63  -2   2   0 0.00  0.0    0   M   M   M   M    M   M        16   0
 5  84  61  73   8   0   8 0.11  0.0    0   M   M   M   M    M   M 3      35 270
 6  75  55  65   0   0   0 0.00  0.0    0   M   M   M   M    M   M        15 315
 7  77  55  66   1   0   1 0.44  0.0    0   M   M   M   M    M   M 3      16 270
 8  72  55  64  -1   1   0 0.00  0.0    0   M   M   M   M    M   M        31 270
 9  72  55  64  -1   1   0 0.00  0.0    0   M   M   M   M    M   M        25 315
10  76  49  63  -2   2   0 0.00  0.0    0   M   M   M   M    M   M        19 315
11  80  53  67   2   0   2 0.00  0.0    0   M   M   M   M    M   M        14 225
12  75  56  66   2   0   1    T  0.0    0   M   M   M   M    M   M        16 360
13  65  53  59  -5   6   0 0.07  0.0    0   M   M   M   M    M   M        13 360
14  68  49  59  -5   6   0 0.00  0.0    0   M   M   M   M    M   M        16 360
15  74  44  59  -5   6   0 0.01  0.0    0   M   M   M   M    M   M        12  90
16  72  53  63  -1   2   0 0.26  0.0    0   M   M   M   M    M   M        20 225
================================================================================
SM 1203  840        30  17  1.05     0.0     M          M        M
================================================================================
AV 75.2 52.5                                 M FASTST   M    M   0    MAX(MPH)
                                 MISC ---->     M   M               # 35  270
================================================================================
NOTES:
# LAST OF SEVERAL OCCURRENCES

COLUMN 17 PEAK WIND IN M.P.H.

PRELIMINARY LOCAL CLIMATOLOGICAL DATA (WS FORM: F-6) , PAGE 2

                                          STATION:  MARQUETTE MI
                                          MONTH:    AUGUST
                                          YEAR:     2019
                                          LATITUDE:   46 31 N
                                          LONGITUDE:  87 33 W

[TEMPERATURE DATA]      [PRECIPITATION DATA]       SYMBOLS USED IN COLUMN 16

AVERAGE MONTHLY: 63.8   TOTAL FOR MONTH:   1.05    1 = FOG OR MIST
DPTR FM NORMAL:  -0.8   DPTR FM NORMAL:   -0.54    2 = FOG REDUCING VISIBILITY
HIGHEST:    84 ON  5    GRTST 24HR  0.44 ON  7- 7      TO 1/4 MILE OR LESS
LOWEST:     44 ON 15                               3 = THUNDER
                        SNOW, ICE PELLETS, HAIL    4 = ICE PELLETS
                        TOTAL MONTH:   0.0 INCH    5 = HAIL
                        GRTST 24HR     0.0         6 = FREEZING RAIN OR DRIZZLE
                        GRTST DEPTH:   0           7 = DUSTSTORM OR SANDSTORM:
                                                       VSBY 1/2 MILE OR LESS
                                                   8 = SMOKE OR HAZE
[NO. OF DAYS WITH]      [WEATHER - DAYS WITH]      9 = BLOWING SNOW
                                                   X = TORNADO
MAX 32 OR BELOW:   0    0.01 INCH OR MORE:   6
MAX 90 OR ABOVE:   0    0.10 INCH OR MORE:   4
MIN 32 OR BELOW:   0    0.50 INCH OR MORE:   0
MIN  0 OR BELOW:   0    1.00 INCH OR MORE:   0

[HDD (BASE 65) ]
TOTAL THIS MO.    30    CLEAR  (SCALE 0-3)   0
DPTR FM NORMAL   -18    PTCLDY (SCALE 4-7)   0
TOTAL FM JUL 1    68    CLOUDY (SCALE 8-10)  0
DPTR FM NORMAL   -59

[CDD (BASE 65) ]
TOTAL THIS MO.    17
DPTR FM NORMAL   -19    [PRESSURE DATA]
TOTAL FM JAN 1   164    HIGHEST SLP M ON M
DPTR FM NORMAL   -26    LOWEST  SLP M ON M

[REMARKS]
