000
CXUS53 KMQT 210900
CF6MQT
PRELIMINARY LOCAL CLIMATOLOGICAL DATA (WS FORM: F-6)

                                          STATION:   MARQUETTE MI
                                          MONTH:     APRIL
                                          YEAR:      2019
                                          LATITUDE:   46 31 N
                                          LONGITUDE:  87 33 W

  TEMPERATURE IN F:       :PCPN:    SNOW:  WIND      :SUNSHINE: SKY     :PK WND
================================================================================
1   2   3   4   5  6A  6B    7    8   9   10  11  12  13   14  15   16   17  18
                                     12Z  AVG MX 2MIN
DY MAX MIN AVG DEP HDD CDD  WTR  SNW DPTH SPD SPD DIR MIN PSBL S-S WX    SPD DR
================================================================================

 1  35  14  25  -6  40   0    T    T   23   M   M   M   M    M   M        23 270
 2  44  27  36   5  29   0 0.06  0.2   23   M   M   M   M    M   M        32 270
 3  33  18  26  -6  39   0 0.01  0.2   22   M   M   M   M    M   M        32 270
 4  38  11  25  -7  40   0 0.00  0.0   22   M   M   M   M    M   M        15 180
 5  40  27  34   1  31   0 0.06  1.0   22   M   M   M   M    M   M 46     22 180
 6  43  28  36   3  29   0 0.02  0.0   20   M   M   M   M    M   M 12      8 180
 7  51  36  44  10  21   0 0.31  0.0   19   M   M   M   M    M   M 12     19 180
 8  49  35  42   8  23   0 0.59    T   17   M   M   M   M    M   M 15     18 315
 9  36  27  32  -3  33   0 0.07  0.3   15   M   M   M   M    M   M        23   0
10  31  24  28  -7  37   0    T    T   15   M   M   M   M    M   M        20  45
11  30  24  27  -9  38   0 0.89  5.4   15   M   M   M   M    M   M 4      30  45
12  36  25  31  -5  34   0 0.39  0.9   19   M   M   M   M    M   M        26 225
13  34  29  32  -5  33   0 0.03  0.6   19   M   M   M   M    M   M        26 270
14  37  17  27 -10  38   0 0.00  0.0   18   M   M   M   M    M   M        19  45
15  48  24  36  -2  29   0    T    T   17   M   M   M   M    M   M        15 360
16  56  34  45   7  20   0 0.01    T   16   M   M   M   M    M   M        17 180
17  55  31  43   4  22   0 0.67  0.0   14   M   M   M   M    M   M 1      26  45
18  37  31  34  -5  31   0 0.26  0.0   12   M   M   M   M    M   M 12     26  45
19  51  27  39  -1  26   0 0.00  0.0   11   M   M   M   M    M   M        18 315
20  65  23  44   4  21   0 0.00  0.0    9   M   M   M   M    M   M        17 180
================================================================================
SM  849  512       614   0  3.37     8.6     M          M        M
================================================================================
AV 42.5 25.6                                 M FASTST   M    M   0    MAX(MPH)
                                 MISC ---->     M   M               # 32  270
================================================================================
NOTES:
# LAST OF SEVERAL OCCURRENCES

COLUMN 17 PEAK WIND IN M.P.H.

PRELIMINARY LOCAL CLIMATOLOGICAL DATA (WS FORM: F-6) , PAGE 2

                                          STATION:  MARQUETTE MI
                                          MONTH:    APRIL
                                          YEAR:     2019
                                          LATITUDE:   46 31 N
                                          LONGITUDE:  87 33 W

[TEMPERATURE DATA]      [PRECIPITATION DATA]       SYMBOLS USED IN COLUMN 16

AVERAGE MONTHLY: 34.0   TOTAL FOR MONTH:   3.37    1 = FOG OR MIST
DPTR FM NORMAL:  -1.5   DPTR FM NORMAL:    1.28    2 = FOG REDUCING VISIBILITY
HIGHEST:    65 ON 20    GRTST 24HR  0.89 ON 11-11      TO 1/4 MILE OR LESS
LOWEST:     11 ON  4                               3 = THUNDER
                        SNOW, ICE PELLETS, HAIL    4 = ICE PELLETS
                        TOTAL MONTH:   8.6 INCHES  5 = HAIL
                        GRTST 24HR   5.4 ON 11-11  6 = FREEZING RAIN OR DRIZZLE
                        GRTST DEPTH:  23 ON  2, 1  7 = DUSTSTORM OR SANDSTORM:
                                                       VSBY 1/2 MILE OR LESS
                                                   8 = SMOKE OR HAZE
[NO. OF DAYS WITH]      [WEATHER - DAYS WITH]      9 = BLOWING SNOW
                                                   X = TORNADO
MAX 32 OR BELOW:   2    0.01 INCH OR MORE:  13
MAX 90 OR ABOVE:   0    0.10 INCH OR MORE:   6
MIN 32 OR BELOW:  17    0.50 INCH OR MORE:   3
MIN  0 OR BELOW:   0    1.00 INCH OR MORE:   0

[HDD (BASE 65) ]
TOTAL THIS MO.   614    CLEAR  (SCALE 0-3)   0
DPTR FM NORMAL    24    PTCLDY (SCALE 4-7)   0
TOTAL FM JUL 1  8962    CLOUDY (SCALE 8-10)  0
DPTR FM NORMAL   485

[CDD (BASE 65) ]
TOTAL THIS MO.     0
DPTR FM NORMAL     0    [PRESSURE DATA]
TOTAL FM JAN 1     0    HIGHEST SLP M ON M
DPTR FM NORMAL     0    LOWEST  SLP M ON M

[REMARKS]
