000
CXUS51 KLWX 240620
CF6MRB
PRELIMINARY LOCAL CLIMATOLOGICAL DATA (WS FORM: F-6)

                                          STATION:   MARTINSBURG WV
                                          MONTH:     MAY
                                          YEAR:      2018
                                          LATITUDE:   39 24 N
                                          LONGITUDE:  77 59 W

  TEMPERATURE IN F:       :PCPN:    SNOW:  WIND      :SUNSHINE: SKY     :PK WND
================================================================================
1   2   3   4   5  6A  6B    7    8   9   10  11  12  13   14  15   16   17  18
                                     12Z  AVG MX 2MIN
DY MAX MIN AVG DEP HDD CDD  WTR  SNW DPTH SPD SPD DIR MIN PSBL S-S WX    SPD DR
================================================================================

 1  83  40  62   5   3   0 0.00    M    M  5.8 14 280   M    M   0        20 290
 2  89  43  66   9   0   1 0.00    M    M  6.0 20 260   M    M   0        25 250
 3  91  60  76  18   0  11 0.00    M    M  6.3 18 250   M    M   1        24 250
 4  88  63  76  18   0  11    T    M    M  7.5 28 290   M    M   4        34 290
 5  71  53  62   4   3   0 0.57    M    M  3.5 16 350   M    M   6 13     21 350
 6  60  52  56  -2   9   0 0.39    M    M  2.8  9  20   M    M   9 1      15  50
 7  74  45  60   1   5   0 0.00    M    M  2.3 12  30   M    M   3 12     15  20
 8  76  50  63   4   2   0 0.00    M    M  3.1 12 140   M    M   2 1      16 150
 9  78  48  63   4   2   0 0.00    M    M  4.0 13 160   M    M   0        18 160
10  82  54  68   9   0   3 0.10    M    M  4.5 16 260   M    M   2 13     22 260
11  80  53  67   7   0   2 0.00    M    M  4.6 12 360   M    M   2 1      16 360
12  92  55  74  14   0   9 0.04    M    M  6.5 23  20   M    M   1 1      34  20
13  73  60  67   7   0   2 0.83    M    M  4.3 15 350   M    M  10 138    20 340
14  84  60  72  12   0   7 0.51    M    M  3.7 33 350   M    M   7 1238   45 340
15  90  63  77  16   0  12 0.40    M    M  6.6 16  80   M    M   4 13     23  80
16  72  63  68   7   0   3 1.24    M    M  5.0 13  10   M    M  10 1      14  10
17  69  62  66   5   0   1 0.54    M    M  5.5 12  20   M    M  10 1      13  20
18  69  54  62   0   3   0 0.64    M    M  7.8 16  80   M    M   9 1      24  80
19  63  51  57  -5   8   0 0.49    M    M  3.4  9  20   M    M  10 12     12  70
20  87  58  73  11   0   8    T    M    M  6.1 18 260   M    M   4 12     23 270
21  79  60  70   8   0   5 0.00    M    M  3.2  9 160   M    M   5        11 150
22  78  65  72   9   0   7 0.16    M    M  3.9 13 190   M    M   6 13     19 280
23  78  59  69   6   0   4 0.00    M    M  7.4 20 340   M    M   3 8      33 350
================================================================================
SM 1806 1271        35  86  5.91    M    113.8          M      108
================================================================================
AV 78.5 55.3                               4.9 FASTST   M    M   5    MAX(MPH)
                                 MISC ---->  # 33 350               # 45  340
================================================================================
NOTES:
# LAST OF SEVERAL OCCURRENCES

COLUMN 17 PEAK WIND IN M.P.H.

PRELIMINARY LOCAL CLIMATOLOGICAL DATA (WS FORM: F-6) , PAGE 2

                                          STATION:  MARTINSBURG WV
                                          MONTH:    MAY
                                          YEAR:     2018
                                          LATITUDE:   39 24 N
                                          LONGITUDE:  77 59 W

[TEMPERATURE DATA]      [PRECIPITATION DATA]       SYMBOLS USED IN COLUMN 16

AVERAGE MONTHLY: 66.9   TOTAL FOR MONTH:   5.91    1 = FOG OR MIST
DPTR FM NORMAL:   6.9   DPTR FM NORMAL:    2.87    2 = FOG REDUCING VISIBILITY
HIGHEST:    92 ON 12    GRTST 24HR  1.24 ON 16-16      TO 1/4 MILE OR LESS
LOWEST:     40 ON  1                               3 = THUNDER
                        SNOW, ICE PELLETS, HAIL    4 = ICE PELLETS
                        TOTAL MONTH:    M          5 = HAIL
                        GRTST 24HR    M  ON   M    6 = FREEZING RAIN OR DRIZZLE
                        GRTST DEPTH:  M  ON   M    7 = DUSTSTORM OR SANDSTORM:
                                                       VSBY 1/2 MILE OR LESS
                                                   8 = SMOKE OR HAZE
[NO. OF DAYS WITH]      [WEATHER - DAYS WITH]      9 = BLOWING SNOW
                                                   X = TORNADO
MAX 32 OR BELOW:   0    0.01 INCH OR MORE:  12
MAX 90 OR ABOVE:   3    0.10 INCH OR MORE:  11
MIN 32 OR BELOW:   0    0.50 INCH OR MORE:   6
MIN  0 OR BELOW:   0    1.00 INCH OR MORE:   1

[HDD (BASE 65) ]
TOTAL THIS MO.    35    CLEAR  (SCALE 0-3)  10
DPTR FM NORMAL  -108    PTCLDY (SCALE 4-7)   7
TOTAL FM JUL 1  4877    CLOUDY (SCALE 8-10)  6
DPTR FM NORMAL  -323

[CDD (BASE 65) ]
TOTAL THIS MO.    86
DPTR FM NORMAL    56    [PRESSURE DATA]
TOTAL FM JAN 1   107    HIGHEST SLP M ON M
DPTR FM NORMAL    68    LOWEST  SLP 29.79 ON 10

[REMARKS]
