000
CXUS53 KBIS 220803
CF6N60
PRELIMINARY LOCAL CLIMATOLOGICAL DATA (WS FORM: F-6)

                                          STATION:   GARRISON (AMOS) ND
                                          MONTH:     MAY
                                          YEAR:      2018
                                          LATITUDE:   47 39 N
                                          LONGITUDE: 101 23 W

  TEMPERATURE IN F:       :PCPN:    SNOW:  WIND      :SUNSHINE: SKY     :PK WND
================================================================================
1   2   3   4   5  6A  6B    7    8   9   10  11  12  13   14  15   16   17  18
                                     12Z  AVG MX 2MIN
DY MAX MIN AVG DEP HDD CDD  WTR  SNW DPTH SPD SPD DIR MIN PSBL S-S WX    SPD DR
================================================================================

 1  54  35  45   M  20   0 0.00    M    M  7.4 15 300   M    M   0        22  30
 2  65  32  49   M  16   0 0.00    M    M 11.6 32 310   M    M   0        39 320
 3  75  30  53   M  12   0 0.00    M    M 10.8 35 320   M    M   0        42 330
 4  79  41  60   M   5   0 0.00    M    M 10.7 28 320   M    M   0        42 330
 5  78  44  61   M   4   0 0.00    M    M  7.5 24 330   M    M   0        34 310
 6  80  43  62   M   3   0 0.00    M    M  6.6 20 300   M    M   0        27 330
 7  75  48  62   M   3   0 0.00    M    M  6.9 17 150   M    M   0        22  70
 8  72  51  62   M   3   0 0.00    M    M  8.1 15  90   M    M   0        23  40
 9  72  42  57   M   8   0 0.00    M    M 14.2 28 340   M    M   0        38 330
10  49  35  42   M  23   0 0.00    M    M 10.5 21 110   M    M   0        24  90
11  57  43  50   M  15   0 0.00    M    M 10.4 20 110   M    M   0        24  90
12  64  42  53   M  12   0 0.00    M    M  7.5 17 220   M    M   0        22 190
13  73  44  59   M   6   0 0.00    M    M  9.6 20 230   M    M   0        27 240
14  78  44  61   M   4   0 0.00    M    M  7.7 17  50   M    M   0        32  40
15  83  40  62   M   3   0 0.00    M    M 10.8 21 270   M    M   0        27 240
16  88  47  68   M   0   3 0.00    M    M 10.5 26  80   M    M   0        34  80
17  65  49  57   M   8   0 0.00    M    M 15.1 28  90   M    M   0        35  60
18  50  41  46   M  19   0 0.11    M    M 11.5 18  40   M    M   0        28  50
19  66  34  50   M  15   0 0.00    M    M  7.5 20  80   M    M   0        28  80
20  71  32  52   M  13   0 0.00    M    M  7.5 17 190   M    M   0        22 190
21  76  36  56   M   9   0 0.00    M    M  7.2 17 180   M    M   0        22 180
================================================================================
SM 1470  853       201   3  0.11    M    199.6          M        0
================================================================================
AV 70.0 40.6                               9.5 FASTST   M    M   0    MAX(MPH)
                                 MISC ---->  # 35 320               # 42  330
================================================================================
NOTES:
# LAST OF SEVERAL OCCURRENCES

COLUMN 17 PEAK WIND IN M.P.H.

PRELIMINARY LOCAL CLIMATOLOGICAL DATA (WS FORM: F-6) , PAGE 2

                                          STATION:  GARRISON (AMOS) ND
                                          MONTH:    MAY
                                          YEAR:     2018
                                          LATITUDE:   47 39 N
                                          LONGITUDE: 101 23 W

[TEMPERATURE DATA]      [PRECIPITATION DATA]       SYMBOLS USED IN COLUMN 16

AVERAGE MONTHLY: 55.3   TOTAL FOR MONTH:   0.11    1 = FOG OR MIST
DPTR FM NORMAL:     M   DPTR FM NORMAL:       M    2 = FOG REDUCING VISIBILITY
HIGHEST:    88 ON 16    GRTST 24HR  0.11 ON 18-18      TO 1/4 MILE OR LESS
LOWEST:     30 ON  3                               3 = THUNDER
                        SNOW, ICE PELLETS, HAIL    4 = ICE PELLETS
                        TOTAL MONTH:    M          5 = HAIL
                        GRTST 24HR    M  ON   M    6 = FREEZING RAIN OR DRIZZLE
                        GRTST DEPTH:  M  ON   M    7 = DUSTSTORM OR SANDSTORM:
                                                       VSBY 1/2 MILE OR LESS
                                                   8 = SMOKE OR HAZE
[NO. OF DAYS WITH]      [WEATHER - DAYS WITH]      9 = BLOWING SNOW
                                                   X = TORNADO
MAX 32 OR BELOW:   0    0.01 INCH OR MORE:   1
MAX 90 OR ABOVE:   0    0.10 INCH OR MORE:   1
MIN 32 OR BELOW:   3    0.50 INCH OR MORE:   0
MIN  0 OR BELOW:   0    1.00 INCH OR MORE:   0

[HDD (BASE 65) ]
TOTAL THIS MO.   201    CLEAR  (SCALE 0-3)  21
DPTR FM NORMAL     M    PTCLDY (SCALE 4-7)   0
TOTAL FM JUL 1  9391    CLOUDY (SCALE 8-10)  0
DPTR FM NORMAL     M

[CDD (BASE 65) ]
TOTAL THIS MO.     3
DPTR FM NORMAL     M    [PRESSURE DATA]
TOTAL FM JAN 1     3    HIGHEST SLP  0.00 ON  8
DPTR FM NORMAL     M    LOWEST  SLP 29.74 ON 17

[REMARKS]
