000
CXUS51 KOKX 160703
CF6NYC
PRELIMINARY LOCAL CLIMATOLOGICAL DATA (WS FORM: F-6)

                                          STATION:   CENTRAL PARK NY
                                          MONTH:     JULY
                                          YEAR:      2019
                                          LATITUDE:   40 46 N
                                          LONGITUDE:  73 58 W

  TEMPERATURE IN F:       :PCPN:    SNOW:  WIND      :SUNSHINE: SKY     :PK WND
================================================================================
1   2   3   4   5  6A  6B    7    8   9   10  11  12  13   14  15   16   17  18
                                     12Z  AVG MX 2MIN
DY MAX MIN AVG DEP HDD CDD  WTR  SNW DPTH SPD SPD DIR MIN PSBL S-S WX    SPD DR
================================================================================

 1  85  65  75   0   0  10 0.00  0.0    0  4.5 10 280   M    M   0 8      15  60
 2  85  71  78   2   0  13 0.02  0.0    0  2.5  9 270   M    M   3        14 330
 3  87  75  81   5   0  16    T  0.0    0  1.8 10  60   M    M   4        13  70
 4  90  74  82   6   0  17 0.00  0.0    0  2.7 13 150   M    M   0 8      21 160
 5  86  72  79   3   0  14 0.00  0.0    0  3.0  9 140   M    M   7 18     17 150
 6  90  76  83   7   0  18    T  0.0    0  3.3 10 220   M    M   4 3      17 230
 7  86  72  79   3   0  14 0.00  0.0    0  4.8 15  50   M    M   4        23  50
 8  78  68  73  -3   0   8 0.04  0.0    0  2.6  8  50   M    M   5 1      11  70
 9  87  69  78   2   0  13 0.00  0.0    0  2.7 10 240   M    M   0 18     14 250
10  88  74  81   5   0  16 0.00  0.0    0  2.5 12 240   M    M   2        18 230
11  87  73  80   4   0  15 0.79  0.0    0  4.4 12 150   M    M   6 13     21 130
12  87  72  80   3   0  15 0.00  0.0    0  5.1 12 300   M    M   4 1      21 300
13  85  70  78   1   0  13 0.00  0.0    0  3.8 10 280   M    M   0        19 310
14  89  76  83   6   0  18 0.00  0.0    0  4.9 13 270   M    M   1        22 260
15  85  68  77   0   0  12 0.00  0.0    0  3.0  9 290   M    M   0        15 290
================================================================================
SM 1295 1075         0 212  0.85     0.0  51.6          M       40
================================================================================
AV 86.3 71.7                               3.4 FASTST   M    M   3    MAX(MPH)
                                 MISC ---->  # 15  50               # 23   50
================================================================================
NOTES:
# LAST OF SEVERAL OCCURRENCES

COLUMN 17 PEAK WIND IN M.P.H.

PRELIMINARY LOCAL CLIMATOLOGICAL DATA (WS FORM: F-6) , PAGE 2

                                          STATION:  CENTRAL PARK NY
                                          MONTH:    JULY
                                          YEAR:     2019
                                          LATITUDE:   40 46 N
                                          LONGITUDE:  73 58 W

[TEMPERATURE DATA]      [PRECIPITATION DATA]       SYMBOLS USED IN COLUMN 16

AVERAGE MONTHLY: 79.0   TOTAL FOR MONTH:   0.85    1 = FOG OR MIST
DPTR FM NORMAL:   2.8   DPTR FM NORMAL:   -1.24    2 = FOG REDUCING VISIBILITY
HIGHEST:    90 ON  6, 4 GRTST 24HR  0.79 ON 11-11      TO 1/4 MILE OR LESS
LOWEST:     65 ON  1                               3 = THUNDER
                        SNOW, ICE PELLETS, HAIL    4 = ICE PELLETS
                        TOTAL MONTH:   0.0 INCH    5 = HAIL
                        GRTST 24HR     0.0         6 = FREEZING RAIN OR DRIZZLE
                        GRTST DEPTH:   0           7 = DUSTSTORM OR SANDSTORM:
                                                       VSBY 1/2 MILE OR LESS
                                                   8 = SMOKE OR HAZE
[NO. OF DAYS WITH]      [WEATHER - DAYS WITH]      9 = BLOWING SNOW
                                                   X = TORNADO
MAX 32 OR BELOW:   0    0.01 INCH OR MORE:   3
MAX 90 OR ABOVE:   2    0.10 INCH OR MORE:   1
MIN 32 OR BELOW:   0    0.50 INCH OR MORE:   1
MIN  0 OR BELOW:   0    1.00 INCH OR MORE:   0

[HDD (BASE 65) ]
TOTAL THIS MO.     0    CLEAR  (SCALE 0-3)   7
DPTR FM NORMAL     0    PTCLDY (SCALE 4-7)   8
TOTAL FM JUL 1     0    CLOUDY (SCALE 8-10)  0
DPTR FM NORMAL     0

[CDD (BASE 65) ]
TOTAL THIS MO.   212
DPTR FM NORMAL    44    [PRESSURE DATA]
TOTAL FM JAN 1   483    HIGHEST SLP M ON M
DPTR FM NORMAL    34    LOWEST  SLP 29.70 ON 12

[REMARKS]
