000
CXUS51 KOKX 180703
CF6NYC
PRELIMINARY LOCAL CLIMATOLOGICAL DATA (WS FORM: F-6)

                                          STATION:   CENTRAL PARK NY
                                          MONTH:     APRIL
                                          YEAR:      2019
                                          LATITUDE:   40 46 N
                                          LONGITUDE:  73 58 W

  TEMPERATURE IN F:       :PCPN:    SNOW:  WIND      :SUNSHINE: SKY     :PK WND
================================================================================
1   2   3   4   5  6A  6B    7    8   9   10  11  12  13   14  15   16   17  18
                                     12Z  AVG MX 2MIN
DY MAX MIN AVG DEP HDD CDD  WTR  SNW DPTH SPD SPD DIR MIN PSBL S-S WX    SPD DR
================================================================================

 1  46  33  40  -8  25   0 0.00  0.0    0  7.2 16 270   M    M   0        29 310
 2  52  39  46  -2  19   0    T  0.0    0  4.4 14  50   M    M   3        20  40
 3  67  41  54   5  11   0 0.00  0.0    0  7.3 22 270   M    M   1        38 270
 4  60  44  52   3  13   0 0.00  0.0    0  6.8 15 290   M    M   0        27 300
 5  45  38  42  -7  23   0 0.20  0.0    0  5.8 16  50   M    M   7 1      22  60
 6  68  39  54   4  11   0 0.00  0.0    0  3.4 13 300   M    M   4 18     19 300
 7  66  51  59   9   6   0 0.00  0.0    0  1.6  9 190   M    M   1        20 190
 8  79  49  64  14   1   0 0.26  0.0    0  3.6 15  50   M    M   6 18     23 250
 9  51  46  49  -2  16   0 0.03  0.0    0  3.0 10  90   M    M  10 138    17 140
10  60  45  53   2  12   0 0.00  0.0    0  6.4 14 300   M    M   2 18     25 290
11  55  40  48  -4  17   0 0.00  0.0    0  3.1 14  20   M    M   8        22  20
12  68  46  57   5   8   0 0.63  0.0    0  3.7  9  50   M    M   8 1      16 190
13  77  59  68  16   0   3 0.24  0.0    0  2.8  9 260   M    M   5 18     22 190
14  73  60  67  14   0   2 0.01  0.0    0  1.6  9 240   M    M   6 18     16 170
15  65  46  56   3   9   0 0.96  0.0    0  8.4 24 270   M    M   7 13     39 280
16  66  44  55   2  10   0    T  0.0    0  9.4 17 280   M    M   3        31 270
17  63  48  56   2   9   0 0.01  0.0    0  3.1 12  50   M    M   5        16 190
================================================================================
SM 1061  768       190   5  2.34     0.0  81.6          M       76
================================================================================
AV 62.4 45.2                               4.8 FASTST   M    M   4    MAX(MPH)
                                 MISC ---->  # 24 270               # 39  280
================================================================================
NOTES:
# LAST OF SEVERAL OCCURRENCES

COLUMN 17 PEAK WIND IN M.P.H.

PRELIMINARY LOCAL CLIMATOLOGICAL DATA (WS FORM: F-6) , PAGE 2

                                          STATION:  CENTRAL PARK NY
                                          MONTH:    APRIL
                                          YEAR:     2019
                                          LATITUDE:   40 46 N
                                          LONGITUDE:  73 58 W

[TEMPERATURE DATA]      [PRECIPITATION DATA]       SYMBOLS USED IN COLUMN 16

AVERAGE MONTHLY: 53.8   TOTAL FOR MONTH:   2.34    1 = FOG OR MIST
DPTR FM NORMAL:   3.0   DPTR FM NORMAL:   -0.33    2 = FOG REDUCING VISIBILITY
HIGHEST:    79 ON  8    GRTST 24HR  0.96 ON 15-15      TO 1/4 MILE OR LESS
LOWEST:     33 ON  1                               3 = THUNDER
                        SNOW, ICE PELLETS, HAIL    4 = ICE PELLETS
                        TOTAL MONTH:   0.0 INCH    5 = HAIL
                        GRTST 24HR     0.0         6 = FREEZING RAIN OR DRIZZLE
                        GRTST DEPTH:   0           7 = DUSTSTORM OR SANDSTORM:
                                                       VSBY 1/2 MILE OR LESS
                                                   8 = SMOKE OR HAZE
[NO. OF DAYS WITH]      [WEATHER - DAYS WITH]      9 = BLOWING SNOW
                                                   X = TORNADO
MAX 32 OR BELOW:   0    0.01 INCH OR MORE:   8
MAX 90 OR ABOVE:   0    0.10 INCH OR MORE:   5
MIN 32 OR BELOW:   0    0.50 INCH OR MORE:   2
MIN  0 OR BELOW:   0    1.00 INCH OR MORE:   0

[HDD (BASE 65) ]
TOTAL THIS MO.   190    CLEAR  (SCALE 0-3)   6
DPTR FM NORMAL   -56    PTCLDY (SCALE 4-7)  10
TOTAL FM JUL 1  4380    CLOUDY (SCALE 8-10)  1
DPTR FM NORMAL   -88

[CDD (BASE 65) ]
TOTAL THIS MO.     5
DPTR FM NORMAL     5    [PRESSURE DATA]
TOTAL FM JAN 1     5    HIGHEST SLP M ON M
DPTR FM NORMAL     4    LOWEST  SLP 29.29 ON 15

[REMARKS]
