000
CXUS51 KOKX 210703
CF6NYC
PRELIMINARY LOCAL CLIMATOLOGICAL DATA (WS FORM: F-6)

                                          STATION:   CENTRAL PARK NY
                                          MONTH:     APRIL
                                          YEAR:      2018
                                          LATITUDE:   40 46 N
                                          LONGITUDE:  73 58 W

  TEMPERATURE IN F:       :PCPN:    SNOW:  WIND      :SUNSHINE: SKY     :PK WND
================================================================================
1   2   3   4   5  6A  6B    7    8   9   10  11  12  13   14  15   16   17  18
                                     12Z  AVG MX 2MIN
DY MAX MIN AVG DEP HDD CDD  WTR  SNW DPTH SPD SPD DIR MIN PSBL S-S WX    SPD DR
================================================================================

 1  60  43  52   4  13   0 0.00  0.0    0  6.7 14 250   M    M   3        25 180
 2  43  33  38 -10  27   0 0.59  5.5    5  5.8 16  20   M    M   7 12     22  10
 3  43  39  41  -8  24   0 0.26  0.0    T  4.6 12  60   M    M   8 18     16  60
 4  56  40  48  -1  17   0 0.04  0.0    0  8.6 22 280   M    M   7 18     42 260
 5  45  34  40  -9  25   0 0.00  0.0    0  8.8 20 280   M    M   3        31 270
 6  62  37  50   0  15   0 0.11  0.0    0  4.8 15 250   M    M   7 1      27 250
 7  49  37  43  -7  22   0 0.00  0.0    0  7.4 16 300   M    M   8        24 290
 8  46  32  39 -11  26   0 0.00  0.0    0  8.5 18 290   M    M   2        30 290
 9  49  32  41 -10  24   0    T  0.0    0  5.4 14 310   M    M   4        21 310
10  51  38  45  -6  20   0 0.01  0.0    0  4.8 12  10   M    M   7 18     20 320
11  51  37  44  -8  21   0 0.00  0.0    0  3.7 13 170   M    M   4        19 180
12  63  46  55   3  10   0 0.00  0.0    0  5.5 15 250   M    M   3 8      23 260
13  82  60  71  19   0   6 0.00  0.0    0  5.5 18 250   M    M   0        31 250
14  77  44  61   8   4   0 0.00  0.0    0  7.3 21  60   M    M   2 18     27  60
15  44  38  41 -12  24   0 0.47  0.0    0 12.4 22  70   M    M  10 18     32 100
16  60  39  50  -3  15   0 2.82  0.0    0 11.3 28  60   M    M   9 13     43  50
17  47  39  43 -11  22   0    T  0.0    0  8.4 17 280   M    M  10        29 270
18  55  37  46  -8  19   0 0.00  0.0    0  6.4 18 250   M    M   5        27 250
19  49  38  44 -10  21   0 0.15  0.0    0  7.6 18 300   M    M   8 1      29 290
20  50  37  44 -11  21   0 0.00  0.0    0  8.5 20 310   M    M   2        30 300
================================================================================
SM 1082  780       370   6  4.45     5.5 142.0          M      109
================================================================================
AV 54.1 39.0                               7.1 FASTST   M    M   5    MAX(MPH)
                                 MISC ---->  # 28  60               # 43   50
================================================================================
NOTES:
# LAST OF SEVERAL OCCURRENCES

COLUMN 17 PEAK WIND IN M.P.H.

PRELIMINARY LOCAL CLIMATOLOGICAL DATA (WS FORM: F-6) , PAGE 2

                                          STATION:  CENTRAL PARK NY
                                          MONTH:    APRIL
                                          YEAR:     2018
                                          LATITUDE:   40 46 N
                                          LONGITUDE:  73 58 W

[TEMPERATURE DATA]      [PRECIPITATION DATA]       SYMBOLS USED IN COLUMN 16

AVERAGE MONTHLY: 46.6   TOTAL FOR MONTH:   4.45    1 = FOG OR MIST
DPTR FM NORMAL:  -4.8   DPTR FM NORMAL:    1.35    2 = FOG REDUCING VISIBILITY
HIGHEST:    82 ON 13    GRTST 24HR  2.82 ON 16-16      TO 1/4 MILE OR LESS
LOWEST:     32 ON  9, 8                            3 = THUNDER
                        SNOW, ICE PELLETS, HAIL    4 = ICE PELLETS
                        TOTAL MONTH:   5.5 INCHES  5 = HAIL
                        GRTST 24HR   5.5 ON  2- 2  6 = FREEZING RAIN OR DRIZZLE
                        GRTST DEPTH:   5 ON  2     7 = DUSTSTORM OR SANDSTORM:
                                                       VSBY 1/2 MILE OR LESS
                                                   8 = SMOKE OR HAZE
[NO. OF DAYS WITH]      [WEATHER - DAYS WITH]      9 = BLOWING SNOW
                                                   X = TORNADO
MAX 32 OR BELOW:   0    0.01 INCH OR MORE:   8
MAX 90 OR ABOVE:   0    0.10 INCH OR MORE:   6
MIN 32 OR BELOW:   2    0.50 INCH OR MORE:   2
MIN  0 OR BELOW:   0    1.00 INCH OR MORE:   1

[HDD (BASE 65) ]
TOTAL THIS MO.   370    CLEAR  (SCALE 0-3)   6
DPTR FM NORMAL    91    PTCLDY (SCALE 4-7)  10
TOTAL FM JUL 1  4381    CLOUDY (SCALE 8-10)  4
DPTR FM NORMAL  -120

[CDD (BASE 65) ]
TOTAL THIS MO.     6
DPTR FM NORMAL     6    [PRESSURE DATA]
TOTAL FM JAN 1     8    HIGHEST SLP M ON M
DPTR FM NORMAL     7    LOWEST  SLP 29.39 ON 16

[REMARKS]
