000
CXUS51 KOKX 160703
CF6NYC
PRELIMINARY LOCAL CLIMATOLOGICAL DATA (WS FORM: F-6)

                                          STATION:   CENTRAL PARK NY
                                          MONTH:     FEBRUARY
                                          YEAR:      2019
                                          LATITUDE:   40 46 N
                                          LONGITUDE:  73 58 W

  TEMPERATURE IN F:       :PCPN:    SNOW:  WIND      :SUNSHINE: SKY     :PK WND
================================================================================
1   2   3   4   5  6A  6B    7    8   9   10  11  12  13   14  15   16   17  18
                                     12Z  AVG MX 2MIN
DY MAX MIN AVG DEP HDD CDD  WTR  SNW DPTH SPD SPD DIR MIN PSBL S-S WX    SPD DR
================================================================================

 1  21  11  16 -17  49   0 0.00  0.0    0   M   M   M   M    M   3         M  M
 2  34  16  25  -8  40   0 0.00  0.0    0   M   M   M   M    M   1         M  M
 3  53  33  43  10  22   0 0.00  0.0    0   M   M   M   M    M   0 8       M  M
 4  61  41  51  17  14   0 0.00  0.0    0   M   M   M   M    M   0         M  M
 5  65  44  55  21  10   0 0.00  0.0    0   M   M   M   M    M   2         M  M
 6  46  35  41   7  24   0 0.45  0.0    0   M   M   M   M    M   4 1       M  M
 7  44  39  42   8  23   0 0.07  0.0    0   M   M   M   M    M  10 1       M  M
 8  55  32  44  10  21   0 0.37  0.0    0   M   M   M   M    M   4 1       M  M
 9  32  23  28  -6  37   0 0.00  0.0    0   M   M   M   M    M   0         M  M
10  35  23  29  -5  36   0 0.00  0.0    0   M   M   M   M    M   3         M  M
11  38  30  34   0  31   0    T    T    0   M   M   M   M    M   9         M  M
12  36  26  31  -4  34   0 0.75  1.2    0   M   M   M   M    M  10 16      M  M
13  41  33  37   2  28   0 0.08    T    1   M   M   M   M    M   7 1       M  M
14  46  33  40   5  25   0    T    T    0   M   M   M   M    M   3         M  M
15  59  42  51  16  14   0 0.00  0.0    0   M   M   M   M    M   5         M  M
================================================================================
SM  666  461       408   0  1.72     1.2     M          M       61
================================================================================
AV 44.4 30.7                                 M FASTST   M    M   4    MAX(MPH)
                                 MISC ---->     M   M                  M    M
================================================================================
NOTES:
# LAST OF SEVERAL OCCURRENCES

COLUMN 17 PEAK WIND IN M.P.H.

PRELIMINARY LOCAL CLIMATOLOGICAL DATA (WS FORM: F-6) , PAGE 2

                                          STATION:  CENTRAL PARK NY
                                          MONTH:    FEBRUARY
                                          YEAR:     2019
                                          LATITUDE:   40 46 N
                                          LONGITUDE:  73 58 W

[TEMPERATURE DATA]      [PRECIPITATION DATA]       SYMBOLS USED IN COLUMN 16

AVERAGE MONTHLY: 37.6   TOTAL FOR MONTH:   1.72    1 = FOG OR MIST
DPTR FM NORMAL:   3.5   DPTR FM NORMAL:    0.12    2 = FOG REDUCING VISIBILITY
HIGHEST:    65 ON  5    GRTST 24HR  0.75 ON 12-12      TO 1/4 MILE OR LESS
LOWEST:     11 ON  1                               3 = THUNDER
                        SNOW, ICE PELLETS, HAIL    4 = ICE PELLETS
                        TOTAL MONTH:   1.2 INCHES  5 = HAIL
                        GRTST 24HR   1.2 ON 12-12  6 = FREEZING RAIN OR DRIZZLE
                        GRTST DEPTH:   1 ON 13     7 = DUSTSTORM OR SANDSTORM:
                                                       VSBY 1/2 MILE OR LESS
                                                   8 = SMOKE OR HAZE
[NO. OF DAYS WITH]      [WEATHER - DAYS WITH]      9 = BLOWING SNOW
                                                   X = TORNADO
MAX 32 OR BELOW:   2    0.01 INCH OR MORE:   5
MAX 90 OR ABOVE:   0    0.10 INCH OR MORE:   3
MIN 32 OR BELOW:   7    0.50 INCH OR MORE:   1
MIN  0 OR BELOW:   0    1.00 INCH OR MORE:   0

[HDD (BASE 65) ]
TOTAL THIS MO.   408    CLEAR  (SCALE 0-3)   7
DPTR FM NORMAL   -55    PTCLDY (SCALE 4-7)   5
TOTAL FM JUL 1  3084    CLOUDY (SCALE 8-10)  3
DPTR FM NORMAL   -68

[CDD (BASE 65) ]
TOTAL THIS MO.     0
DPTR FM NORMAL     0    [PRESSURE DATA]
TOTAL FM JAN 1     0    HIGHEST SLP M ON M
DPTR FM NORMAL     0    LOWEST  SLP 29.55 ON 13

[REMARKS]
