000
CXUS56 KMTR 191000
CF6OAK
PRELIMINARY LOCAL CLIMATOLOGICAL DATA (WS FORM: F-6)

                                          STATION:   OAKLAND AIRPORT
                                          MONTH:     FEBRUARY
                                          YEAR:      2019
                                          LATITUDE:   37 43 N
                                          LONGITUDE: 122 13 W

  TEMPERATURE IN F:       :PCPN:    SNOW:  WIND      :SUNSHINE: SKY     :PK WND
================================================================================
1   2   3   4   5  6A  6B    7    8   9   10  11  12  13   14  15   16   17  18
                                     12Z  AVG MX 2MIN
DY MAX MIN AVG DEP HDD CDD  WTR  SNW DPTH SPD SPD DIR MIN PSBL S-S WX    SPD DR
================================================================================

 1  60  52  56   5   9   0 0.14  0.0    0 13.4 31 140   M    M   9        39 140
 2  60  51  56   5   9   0 0.44  0.0    0 21.0 31 160   M    M   9 1      37 150
 3  58  52  55   4  10   0 0.04  0.0    0 15.3 26 240   M    M   7 18     34 250
 4  53  44  49  -2  16   0 0.54    M    0 18.0 33 270   M    M   8 138    39 250
 5  51  41  46  -5  19   0 0.10    M    0  7.1 21 320   M    M   3        26 310
 6  56  35  46  -5  19   0 0.00  0.0    0  5.0 10  70   M    M   3        13 260
 7  55  37  46  -5  19   0 0.00  0.0    0  5.1 10 110   M    M   5        15 210
 8  54  43  49  -3  16   0 0.43    M    0  7.7 15 140   M    M  10 1      18 140
 9  56  41  49  -3  16   0 0.24    M    0 12.6 29 250   M    M   8 1      39 260
10  53  41  47  -5  18   0 0.11    M    0  9.2 24 290   M    M   6 1      28 290
11  54  39  47  -5  18   0 0.00  0.0    0  6.3 13 130   M    M   5        14 130
12  54  40  47  -5  18   0 0.24  0.0    0  6.2 24 150   M    M   8        30 150
13  61  48  55   3  10   0 1.46    M    0 16.8 35 150   M    M  10 1      41 140
14  60  51  56   4   9   0 0.87  0.0    0 16.6 35 140   M    M   9 1      40 140
15  55  46  51  -1  14   0 0.18    M    0 11.8 32 270   M    M   8 1      38 260
16  56  46  51  -1  14   0 0.23    M    0 13.4 31 280   M    M   6 1      36 310
17  55  40  48  -4  17   0 0.14  0.0    0  9.2 25 290   M    M   5 1      29 280
18  59  37  48  -4  17   0 0.00  0.0    0  6.6 17 350   M    M   0        24 340
================================================================================
SM 1010  784       268   0  5.16     0.0 201.3          M      119
================================================================================
AV 56.1 43.6                              11.2 FASTST   M    M   7    MAX(MPH)
                                 MISC ---->  # 35 150               # 41  140
================================================================================
NOTES:
# LAST OF SEVERAL OCCURRENCES

COLUMN 17 PEAK WIND IN M.P.H.

PRELIMINARY LOCAL CLIMATOLOGICAL DATA (WS FORM: F-6) , PAGE 2

                                          STATION:  OAKLAND AIRPORT
                                          MONTH:    FEBRUARY
                                          YEAR:     2019
                                          LATITUDE:   37 43 N
                                          LONGITUDE: 122 13 W

[TEMPERATURE DATA]      [PRECIPITATION DATA]       SYMBOLS USED IN COLUMN 16

AVERAGE MONTHLY: 49.8   TOTAL FOR MONTH:   5.16    1 = FOG OR MIST
DPTR FM NORMAL:  -1.8   DPTR FM NORMAL:    2.81    2 = FOG REDUCING VISIBILITY
HIGHEST:    61 ON 13    GRTST 24HR  1.46 ON 13-13      TO 1/4 MILE OR LESS
LOWEST:     35 ON  6                               3 = THUNDER
                        SNOW, ICE PELLETS, HAIL    4 = ICE PELLETS
                        TOTAL MONTH:   0.0 INCH    5 = HAIL
                        GRTST 24HR     0.0         6 = FREEZING RAIN OR DRIZZLE
                        GRTST DEPTH:   0           7 = DUSTSTORM OR SANDSTORM:
                                                       VSBY 1/2 MILE OR LESS
                                                   8 = SMOKE OR HAZE
[NO. OF DAYS WITH]      [WEATHER - DAYS WITH]      9 = BLOWING SNOW
                                                   X = TORNADO
MAX 32 OR BELOW:   0    0.01 INCH OR MORE:  14
MAX 90 OR ABOVE:   0    0.10 INCH OR MORE:  13
MIN 32 OR BELOW:   0    0.50 INCH OR MORE:   3
MIN  0 OR BELOW:   0    1.00 INCH OR MORE:   1

[HDD (BASE 65) ]
TOTAL THIS MO.   268    CLEAR  (SCALE 0-3)   2
DPTR FM NORMAL    26    PTCLDY (SCALE 4-7)  10
TOTAL FM JUL 1  1597    CLOUDY (SCALE 8-10)  6
DPTR FM NORMAL  -304

[CDD (BASE 65) ]
TOTAL THIS MO.     0
DPTR FM NORMAL     0    [PRESSURE DATA]
TOTAL FM JAN 1     0    HIGHEST SLP M ON M
DPTR FM NORMAL     0    LOWEST  SLP 29.34 ON 14

[REMARKS]
