000
CXUS53 KOAX 191000
CF6OAX
PRELIMINARY LOCAL CLIMATOLOGICAL DATA (WS FORM: F-6)

                                          STATION:   VALLEY NWS NE
                                          MONTH:     FEBRUARY
                                          YEAR:      2019
                                          LATITUDE:   41 19 N
                                          LONGITUDE:  96 22 W

  TEMPERATURE IN F:       :PCPN:    SNOW:  WIND      :SUNSHINE: SKY     :PK WND
================================================================================
1   2   3   4   5  6A  6B    7    8   9   10  11  12  13   14  15   16   17  18
                                     12Z  AVG MX 2MIN
DY MAX MIN AVG DEP HDD CDD  WTR  SNW DPTH SPD SPD DIR MIN PSBL S-S WX    SPD DR
================================================================================

 1  40  13  27   3  38   0 0.00  0.0    T   M   M   M   M    M   M        23  M
 2  44  34  39  15  26   0 0.00  0.0    0   M   M   M   M    M   M 12     24  M
 3  52  27  40  15  25   0    T  0.0    0   M   M   M   M    M   M 126    30  M
 4  27   9  18  -7  47   0    T    T    T   M   M   M   M    M   M 6      38  M
 5  14   6  10 -15  55   0    T    T    0   M   M   M   M    M   M        18  M
 6  15   8  12 -13  53   0 0.03  1.4    1   M   M   M   M    M   M 46     25  M
 7  10   1   6 -19  59   0 0.04  1.5    2   M   M   M   M    M   M 46     39  M
 8  14  -3   6 -19  59   0 0.00  0.0    2   M   M   M   M    M   M        24  M
 9  28   9  19  -7  46   0 0.00  0.0    1   M   M   M   M    M   M        32  M
10  31  25  28   2  37   0 0.10  1.4    1   M   M   M   M    M   M        21  M
11  26  24  25  -1  40   0 0.19  2.2    1   M   M   M   M    M   M 16     21  M
12  26   8  17  -9  48   0    T    T    3   M   M   M   M    M   M        31  M
13  32   6  19  -7  46   0 0.00  0.0    3   M   M   M   M    M   M        22  M
14  34   5  20  -7  45   0 0.00  0.0    3   M   M   M   M    M   M 1      40  M
15  13   5   9 -18  56   0 0.02  0.4    2   M   M   M   M    M   M        21  M
16  22   1  12 -15  53   0 0.20  3.7    2   M   M   M   M    M   M 1      16  M
17  23  15  19  -9  46   0 0.15  3.3    7   M   M   M   M    M   M        21  M
18  19   6  13 -15  52   0    T    T    7   M   M   M   M    M   M        18  M
================================================================================
SM  470  199       831   0  0.73    13.9     M          M        M
================================================================================
AV 26.1 11.1                                 M FASTST   M    M   8    MAX(MPH)
                                 MISC ---->     M   M                 40    M
================================================================================
NOTES:
# LAST OF SEVERAL OCCURRENCES

COLUMN 17 PEAK WIND IN M.P.H.

PRELIMINARY LOCAL CLIMATOLOGICAL DATA (WS FORM: F-6) , PAGE 2

                                          STATION:  VALLEY NWS NE
                                          MONTH:    FEBRUARY
                                          YEAR:     2019
                                          LATITUDE:   41 19 N
                                          LONGITUDE:  96 22 W

[TEMPERATURE DATA]      [PRECIPITATION DATA]       SYMBOLS USED IN COLUMN 16

AVERAGE MONTHLY: 18.6   TOTAL FOR MONTH:   0.73    1 = FOG OR MIST
DPTR FM NORMAL:  -7.3   DPTR FM NORMAL:    0.16    2 = FOG REDUCING VISIBILITY
HIGHEST:    52 ON  3    GRTST 24HR  0.20 ON 16-16      TO 1/4 MILE OR LESS
LOWEST:     -3 ON  8                               3 = THUNDER
                        SNOW, ICE PELLETS, HAIL    4 = ICE PELLETS
                        TOTAL MONTH:  13.9 INCHES  5 = HAIL
                        GRTST 24HR   3.7 ON 16-16  6 = FREEZING RAIN OR DRIZZLE
                        GRTST DEPTH:   7 ON 18,17  7 = DUSTSTORM OR SANDSTORM:
                                                       VSBY 1/2 MILE OR LESS
                                                   8 = SMOKE OR HAZE
[NO. OF DAYS WITH]      [WEATHER - DAYS WITH]      9 = BLOWING SNOW
                                                   X = TORNADO
MAX 32 OR BELOW:  14    0.01 INCH OR MORE:   7
MAX 90 OR ABOVE:   0    0.10 INCH OR MORE:   4
MIN 32 OR BELOW:  17    0.50 INCH OR MORE:   0
MIN  0 OR BELOW:   1    1.00 INCH OR MORE:   0

[HDD (BASE 65) ]
TOTAL THIS MO.   831    CLEAR  (SCALE 0-3)   0
DPTR FM NORMAL   127    PTCLDY (SCALE 4-7)   0
TOTAL FM JUL 1  4595    CLOUDY (SCALE 8-10)  0
DPTR FM NORMAL   117

[CDD (BASE 65) ]
TOTAL THIS MO.     0
DPTR FM NORMAL     0    [PRESSURE DATA]
TOTAL FM JAN 1     0    HIGHEST SLP M ON M
DPTR FM NORMAL     0    LOWEST  SLP M ON M

[REMARKS]
