000
CXUS53 KOAX 201000
CF6OAX
PRELIMINARY LOCAL CLIMATOLOGICAL DATA (WS FORM: F-6)

                                          STATION:   VALLEY NWS NE
                                          MONTH:     APRIL
                                          YEAR:      2019
                                          LATITUDE:   41 19 N
                                          LONGITUDE:  96 22 W

  TEMPERATURE IN F:       :PCPN:    SNOW:  WIND      :SUNSHINE: SKY     :PK WND
================================================================================
1   2   3   4   5  6A  6B    7    8   9   10  11  12  13   14  15   16   17  18
                                     12Z  AVG MX 2MIN
DY MAX MIN AVG DEP HDD CDD  WTR  SNW DPTH SPD SPD DIR MIN PSBL S-S WX    SPD DR
================================================================================

 1  61  34  48   3  17   0 0.05    T    0   M   M   M   M    M   M        28  M
 2  57  32  45  -1  20   0 0.04    T    0   M   M   M   M    M   M        21  M
 3  49  38  44  -2  21   0 0.07  0.0    0   M   M   M   M    M   M        30  M
 4  56  42  49   3  16   0 0.24  0.0    0   M   M   M   M    M   M        20  M
 5  70  46  58  11   7   0 0.00  0.0    0   M   M   M   M    M   M 12     23  M
 6  78  52  65  18   0   0    T  0.0    0   M   M   M   M    M   M        28  M
 7  71  52  62  15   3   0 0.00  0.0    0   M   M   M   M    M   M        33  M
 8  78  48  63  15   2   0 0.00  0.0    0   M   M   M   M    M   M        29  M
 9  70  46  58  10   7   0 0.00  0.0    0   M   M   M   M    M   M        29  M
10  60  40  50   1  15   0 0.17  0.0    0   M   M   M   M    M   M 3      40  M
11  47  32  40  -9  25   0    T    T    0   M   M   M   M    M   M        40  M
12  42  30  36 -13  29   0 0.00  0.0    0   M   M   M   M    M   M        35  M
13  52  31  42  -8  23   0 0.00  0.0    0   M   M   M   M    M   M        25  M
14  55  26  41  -9  24   0 0.00  0.0    0   M   M   M   M    M   M        14  M
15  79  45  62  12   3   0 0.00  0.0    0   M   M   M   M    M   M        24  M
16  78  46  62  11   3   0 0.00  0.0    0   M   M   M   M    M   M        25  M
17  68  47  58   7   7   0 0.03  0.0    0   M   M   M   M    M   M        36  M
18  62  43  53   1  12   0 0.00  0.0    0   M   M   M   M    M   M        36  M
19  65  37  51  -1  14   0 0.00  0.0    0   M   M   M   M    M   M        24  M
================================================================================
SM 1198  767       248   0  0.60    T        M          M        M
================================================================================
AV 63.1 40.4                                 M FASTST   M    M   7    MAX(MPH)
                                 MISC ---->     M   M                 40    M
================================================================================
NOTES:
# LAST OF SEVERAL OCCURRENCES

COLUMN 17 PEAK WIND IN M.P.H.

PRELIMINARY LOCAL CLIMATOLOGICAL DATA (WS FORM: F-6) , PAGE 2

                                          STATION:  VALLEY NWS NE
                                          MONTH:    APRIL
                                          YEAR:     2019
                                          LATITUDE:   41 19 N
                                          LONGITUDE:  96 22 W

[TEMPERATURE DATA]      [PRECIPITATION DATA]       SYMBOLS USED IN COLUMN 16

AVERAGE MONTHLY: 51.7   TOTAL FOR MONTH:   0.60    1 = FOG OR MIST
DPTR FM NORMAL:   3.1   DPTR FM NORMAL:   -1.11    2 = FOG REDUCING VISIBILITY
HIGHEST:    79 ON 15    GRTST 24HR  0.24 ON  4- 4      TO 1/4 MILE OR LESS
LOWEST:     26 ON 14                               3 = THUNDER
                        SNOW, ICE PELLETS, HAIL    4 = ICE PELLETS
                        TOTAL MONTH:    T          5 = HAIL
                        GRTST 24HR    T  ON 11-11  6 = FREEZING RAIN OR DRIZZLE
                        GRTST DEPTH:   0           7 = DUSTSTORM OR SANDSTORM:
                                                       VSBY 1/2 MILE OR LESS
                                                   8 = SMOKE OR HAZE
[NO. OF DAYS WITH]      [WEATHER - DAYS WITH]      9 = BLOWING SNOW
                                                   X = TORNADO
MAX 32 OR BELOW:   0    0.01 INCH OR MORE:   6
MAX 90 OR ABOVE:   0    0.10 INCH OR MORE:   2
MIN 32 OR BELOW:   5    0.50 INCH OR MORE:   0
MIN  0 OR BELOW:   0    1.00 INCH OR MORE:   0

[HDD (BASE 65) ]
TOTAL THIS MO.   248    CLEAR  (SCALE 0-3)   0
DPTR FM NORMAL   -68    PTCLDY (SCALE 4-7)   0
TOTAL FM JUL 1  6291    CLOUDY (SCALE 8-10)  0
DPTR FM NORMAL   316

[CDD (BASE 65) ]
TOTAL THIS MO.     0
DPTR FM NORMAL     0    [PRESSURE DATA]
TOTAL FM JAN 1     0    HIGHEST SLP M ON M
DPTR FM NORMAL     0    LOWEST  SLP M ON M

[REMARKS]
