000
CXUS54 KMAF 191100
CF6ODO
PRELIMINARY LOCAL CLIMATOLOGICAL DATA (WS FORM: F-6)

                                          STATION:   Odessa Schleymeyer
                                          MONTH:     APRIL
                                          YEAR:      2019
                                          LATITUDE:   31 55 N
                                          LONGITUDE: 102 23 W

  TEMPERATURE IN F:       :PCPN:    SNOW:  WIND      :SUNSHINE: SKY     :PK WND
================================================================================
1   2   3   4   5  6A  6B    7    8   9   10  11  12  13   14  15   16   17  18
                                     12Z  AVG MX 2MIN
DY MAX MIN AVG DEP HDD CDD  WTR  SNW DPTH SPD SPD DIR MIN PSBL S-S WX    SPD DR
================================================================================

 1  63  32  48 -13  17   0 0.00  0.0    0  8.6 16 200   M    M   0        25 220
 2  78  42  60  -2   5   0 0.00  0.0    0 15.0 24 170   M    M   0        31 160
 3  84  51  68   6   0   3 0.00  0.0    0 14.6 26 240   M    M   0 18     33 250
 4  82  49  66   4   0   1 0.00  0.0    0  8.4 18 300   M    M   0 1      23 300
 5  83  50  67   5   0   2 0.01  0.0    0 13.5 24 170   M    M   0 3      32 180
 6  80  54  67   5   0   2 0.00  0.0    0  8.4 23 240   M    M   0 8      27 240
 7  85  50  68   5   0   3 0.00  0.0    0  7.6 16 320   M    M   0        23 320
 8  86  47  67   4   0   2 0.00  0.0    0  7.2 15 240   M    M   0 18     19 260
 9  95  59  77  14   0  12 0.00  0.0    0 10.9 23 260   M    M   0        28 250
10  96  63  80  16   0  15 0.00  0.0    0 20.3 38 260   M    M   4 8      47 280
11  72  46  59  -5   6   0 0.00  0.0    0 15.4 30 280   M    M   0        37 270
12  74  42  58  -6   7   0 0.05    M    0 12.0 30  50   M    M   1 13     39  50
13  50  40  45 -19  20   0 1.11    M    0 15.1 32  40   M    M   9 13     42  40
14  73  37  55 -10  10   0 0.00  0.0    0  9.4 18 180   M    M   0 1      24 230
15  84  54  69   4   0   4 0.00  0.0    0 15.6 23 170   M    M   0        27 160
16  82  59  71   6   0   6 0.00  0.0    0 14.4 24 170   M    M   0        29 180
17  79  56  68   2   0   3 0.00  0.0    0 18.0 38 270   M    M   0        47 270
18  74  53  64  -2   1   0    T  0.0    0 12.3 25  10   M    M   1        34  10
================================================================================
SM 1420  884        66  53  1.17     0.0 226.7          M       15
================================================================================
AV 78.9 49.1                              12.6 FASTST   M    M   1    MAX(MPH)
                                 MISC ---->  # 38 260               # 47  280
================================================================================
NOTES:
# LAST OF SEVERAL OCCURRENCES

COLUMN 17 PEAK WIND IN M.P.H.

PRELIMINARY LOCAL CLIMATOLOGICAL DATA (WS FORM: F-6) , PAGE 2

                                          STATION:  Odessa Schleymeyer
                                          MONTH:    APRIL
                                          YEAR:     2019
                                          LATITUDE:   31 55 N
                                          LONGITUDE: 102 23 W

[TEMPERATURE DATA]      [PRECIPITATION DATA]       SYMBOLS USED IN COLUMN 16

AVERAGE MONTHLY: 64.0   TOTAL FOR MONTH:   1.17    1 = FOG OR MIST
DPTR FM NORMAL:   0.5   DPTR FM NORMAL:    0.58    2 = FOG REDUCING VISIBILITY
HIGHEST:    96 ON 10    GRTST 24HR  1.11 ON 13-13      TO 1/4 MILE OR LESS
LOWEST:     32 ON  1                               3 = THUNDER
                        SNOW, ICE PELLETS, HAIL    4 = ICE PELLETS
                        TOTAL MONTH:   0.0 INCH    5 = HAIL
                        GRTST 24HR     0.0         6 = FREEZING RAIN OR DRIZZLE
                        GRTST DEPTH:   0           7 = DUSTSTORM OR SANDSTORM:
                                                       VSBY 1/2 MILE OR LESS
                                                   8 = SMOKE OR HAZE
[NO. OF DAYS WITH]      [WEATHER - DAYS WITH]      9 = BLOWING SNOW
                                                   X = TORNADO
MAX 32 OR BELOW:   0    0.01 INCH OR MORE:   3
MAX 90 OR ABOVE:   2    0.10 INCH OR MORE:   1
MIN 32 OR BELOW:   1    0.50 INCH OR MORE:   1
MIN  0 OR BELOW:   0    1.00 INCH OR MORE:   1

[HDD (BASE 65) ]
TOTAL THIS MO.    66    CLEAR  (SCALE 0-3)  16
DPTR FM NORMAL    -9    PTCLDY (SCALE 4-7)   1
TOTAL FM JUL 1  2545    CLOUDY (SCALE 8-10)  1
DPTR FM NORMAL    95

[CDD (BASE 65) ]
TOTAL THIS MO.    53
DPTR FM NORMAL     6    [PRESSURE DATA]
TOTAL FM JAN 1   111    HIGHEST SLP M ON M
DPTR FM NORMAL    37    LOWEST  SLP 29.29 ON 10

[REMARKS]
