000
CXUS51 KAKQ 190833
CF6OFP
PRELIMINARY LOCAL CLIMATOLOGICAL DATA (WS FORM: F-6)

                                          STATION:   RICHMOND/HANOVER
                                          MONTH:     AUGUST
                                          YEAR:      2019
                                          LATITUDE:   37 42 N
                                          LONGITUDE:  77 26 W

  TEMPERATURE IN F:       :PCPN:    SNOW:  WIND      :SUNSHINE: SKY     :PK WND
================================================================================
1   2   3   4   5  6A  6B    7    8   9   10  11  12  13   14  15   16   17  18
                                     12Z  AVG MX 2MIN
DY MAX MIN AVG DEP HDD CDD  WTR  SNW DPTH SPD SPD DIR MIN PSBL S-S WX    SPD DR
================================================================================

 1  91  65  78  -1   0  13 0.00  0.0    0  2.7 14 180   M    M   1        19 170
 2  84  68  76  -3   0  11 0.62  0.0    0  3.5 10 110   M    M   5 13     19 360
 3  90  67  79   0   0  14 0.00  0.0    0  1.7  7  60   M    M   1 18     35  90
 4  93  70  82   3   0  17 0.12  0.0    0  3.1 28 190   M    M   3 13     35 200
 5  87  68  78  -1   0  13 0.42  0.0    0  2.0 10  10   M    M   4 13     15  50
 6  90  64  77  -2   0  12 0.00  0.0    0  3.4 12 170   M    M   4 12     17 190
 7  93  71  82   4   0  17 0.06  0.0    0  6.5 22 240   M    M   1 3      31 230
 8  90  65  78   0   0  13 0.03  0.0    0  4.4 12 250   M    M   1 13      M  M
 9  93  68  81   3   0  16 0.00  0.0    0  4.4 21 270   M    M   1        26 270
10  86  61  74  -4   0   9 0.00  0.0    0  2.2 12 270   M    M   1        15 240
11  88  61  75  -3   0  10 0.00  0.0    0  2.5  9 260   M    M   1        13 260
12  92  63  78   0   0  13 0.00  0.0    0  5.8 14 200   M    M   1        20 160
13  91  71  81   3   0  16 1.50  0.0    0  8.3 32 310   M    M   6 138    46 290
14  92  73  83   5   0  18 0.00  0.0    0  3.3 12 290   M    M   3        17 290
15  89  73  81   3   0  16 0.27  0.0    0  2.8 20 270   M    M   6 138    24 270
16  88  72  80   2   0  15 0.00  0.0    0  1.8 13  70   M    M   5 138    16  90
17  91  71  81   3   0  16 0.00  0.0    0  2.3 10 210   M    M   4 128    14 160
18  93  69  81   3   0  16 0.00  0.0    0  2.3  8 170   M    M   0        13 140
================================================================================
SM 1621 1220         0 255  3.02     0.0  63.0          M       48
================================================================================
AV 90.1 67.8                               3.5 FASTST   M    M   3    MAX(MPH)
                                 MISC ---->  # 32 310               # 46  290
================================================================================
NOTES:
# LAST OF SEVERAL OCCURRENCES

COLUMN 17 PEAK WIND IN M.P.H.

PRELIMINARY LOCAL CLIMATOLOGICAL DATA (WS FORM: F-6) , PAGE 2

                                          STATION:  RICHMOND/HANOVER
                                          MONTH:    AUGUST
                                          YEAR:     2019
                                          LATITUDE:   37 42 N
                                          LONGITUDE:  77 26 W

[TEMPERATURE DATA]      [PRECIPITATION DATA]       SYMBOLS USED IN COLUMN 16

AVERAGE MONTHLY: 78.9   TOTAL FOR MONTH:   3.02    1 = FOG OR MIST
DPTR FM NORMAL:   0.6   DPTR FM NORMAL:    0.93    2 = FOG REDUCING VISIBILITY
HIGHEST:    93 ON 18, 9 GRTST 24HR  1.50 ON 13-13      TO 1/4 MILE OR LESS
LOWEST:     61 ON 11,10                            3 = THUNDER
                        SNOW, ICE PELLETS, HAIL    4 = ICE PELLETS
                        TOTAL MONTH:   0.0 INCH    5 = HAIL
                        GRTST 24HR     0.0         6 = FREEZING RAIN OR DRIZZLE
                        GRTST DEPTH:   0           7 = DUSTSTORM OR SANDSTORM:
                                                       VSBY 1/2 MILE OR LESS
                                                   8 = SMOKE OR HAZE
[NO. OF DAYS WITH]      [WEATHER - DAYS WITH]      9 = BLOWING SNOW
                                                   X = TORNADO
MAX 32 OR BELOW:   0    0.01 INCH OR MORE:   7
MAX 90 OR ABOVE:  12    0.10 INCH OR MORE:   5
MIN 32 OR BELOW:   0    0.50 INCH OR MORE:   2
MIN  0 OR BELOW:   0    1.00 INCH OR MORE:   1

[HDD (BASE 65) ]
TOTAL THIS MO.     0    CLEAR  (SCALE 0-3)  11
DPTR FM NORMAL     0    PTCLDY (SCALE 4-7)   7
TOTAL FM JUL 1     0    CLOUDY (SCALE 8-10)  0
DPTR FM NORMAL     0

[CDD (BASE 65) ]
TOTAL THIS MO.   255
DPTR FM NORMAL    17    [PRESSURE DATA]
TOTAL FM JAN 1  1371    HIGHEST SLP M ON M
DPTR FM NORMAL   238    LOWEST  SLP 29.75 ON  7

[REMARKS]
