000
CXUS51 KAKQ 230833
CF6OFP
PRELIMINARY LOCAL CLIMATOLOGICAL DATA (WS FORM: F-6)

                                          STATION:   RICHMOND/HANOVER
                                          MONTH:     APRIL
                                          YEAR:      2019
                                          LATITUDE:   37 42 N
                                          LONGITUDE:  77 26 W

  TEMPERATURE IN F:       :PCPN:    SNOW:  WIND      :SUNSHINE: SKY     :PK WND
================================================================================
1   2   3   4   5  6A  6B    7    8   9   10  11  12  13   14  15   16   17  18
                                     12Z  AVG MX 2MIN
DY MAX MIN AVG DEP HDD CDD  WTR  SNW DPTH SPD SPD DIR MIN PSBL S-S WX    SPD DR
================================================================================

 1  53  29  41 -13  24   0 0.00  0.0    0  4.9 17 310   M    M   0        24 310
 2  47  28  38 -16  27   0 0.06    M    0  3.3 10 300   M    M   5 1      14 330
 3  72  31  52  -2  13   0 0.00  0.0    0  5.1 21 230   M    M   0 1      26 220
 4  73  39  56   1   9   0 0.00  0.0    0  3.4 12 190   M    M   0        17 170
 5  54  47  51  -4  14   0 0.53    M    0  3.3 14  80   M    M   9 1      21  70
 6  65  48  57   2   8   0    T  0.0    0  1.6  7 100   M    M   8 128    19 150
 7  76  48  62   7   3   0 0.00  0.0    0  4.8 14 180   M    M   7 12     20 170
 8  85  63  74  18   0   9 0.68  0.0    0  9.0 29 300   M    M   3 13     35 300
 9  79  61  70  14   0   5 0.01  0.0    0  4.6 16 260   M    M   2 1      21 260
10  75  43  59   3   6   0 0.00  0.0    0  3.5 14 280   M    M   0        19 270
11  76  43  60   3   5   0 0.00  0.0    0  3.7 13  70   M    M   1        24 360
12  73  52  63   6   2   0 0.17  0.0    0  6.5 18 180   M    M   6 18     23 180
13  69  61  65   8   0   0 0.73  0.0    0  3.8 16 310   M    M   8 1238   21 320
14  80  63  72  14   0   7 0.26  0.0    0  9.9 23 170   M    M   9 18     32 170
15  75  45  60   2   5   0 0.35  0.0    0 13.8 38 200   M    M   2 3      50 200
16  71  40  56  -2   9   0 0.00  0.0    0  6.9 15 200   M    M   0        22 220
17  85  53  69  10   0   4 0.00  0.0    0  4.7 14  80   M    M   1        19 110
18  85  50  68   9   0   3 0.00  0.0    0  8.7 22 180   M    M   0        30 180
19  76  66  71  12   0   6 0.64  0.0    0 11.8 22 170   M    M   7 1      31 170
20  71  55  63   4   2   0    T  0.0    0 11.6 22 190   M    M   7        32 190
21  70  46  58  -2   7   0 0.00  0.0    0  3.3 10 210   M    M   4        16 250
22  75  51  63   3   2   0    T  0.0    0  6.3 17 300   M    M   3        23 310
================================================================================
SM 1585 1062       136  34  3.43     0.0 134.5          M       82
================================================================================
AV 72.1 48.3                               6.1 FASTST   M    M   4    MAX(MPH)
                                 MISC ---->  # 38 200               # 50  200
================================================================================
NOTES:
# LAST OF SEVERAL OCCURRENCES

COLUMN 17 PEAK WIND IN M.P.H.

PRELIMINARY LOCAL CLIMATOLOGICAL DATA (WS FORM: F-6) , PAGE 2

                                          STATION:  RICHMOND/HANOVER
                                          MONTH:    APRIL
                                          YEAR:     2019
                                          LATITUDE:   37 42 N
                                          LONGITUDE:  77 26 W

[TEMPERATURE DATA]      [PRECIPITATION DATA]       SYMBOLS USED IN COLUMN 16

AVERAGE MONTHLY: 60.2   TOTAL FOR MONTH:   3.43    1 = FOG OR MIST
DPTR FM NORMAL:   3.3   DPTR FM NORMAL:    0.95    2 = FOG REDUCING VISIBILITY
HIGHEST:    85 ON 18,17 GRTST 24HR  0.73 ON 13-13      TO 1/4 MILE OR LESS
LOWEST:     28 ON  2                               3 = THUNDER
                        SNOW, ICE PELLETS, HAIL    4 = ICE PELLETS
                        TOTAL MONTH:   0.0 INCH    5 = HAIL
                        GRTST 24HR     0.0         6 = FREEZING RAIN OR DRIZZLE
                        GRTST DEPTH:   0           7 = DUSTSTORM OR SANDSTORM:
                                                       VSBY 1/2 MILE OR LESS
                                                   8 = SMOKE OR HAZE
[NO. OF DAYS WITH]      [WEATHER - DAYS WITH]      9 = BLOWING SNOW
                                                   X = TORNADO
MAX 32 OR BELOW:   0    0.01 INCH OR MORE:   9
MAX 90 OR ABOVE:   0    0.10 INCH OR MORE:   7
MIN 32 OR BELOW:   3    0.50 INCH OR MORE:   4
MIN  0 OR BELOW:   0    1.00 INCH OR MORE:   0

[HDD (BASE 65) ]
TOTAL THIS MO.   136    CLEAR  (SCALE 0-3)  10
DPTR FM NORMAL   -68    PTCLDY (SCALE 4-7)   8
TOTAL FM JUL 1  3647    CLOUDY (SCALE 8-10)  4
DPTR FM NORMAL   -32

[CDD (BASE 65) ]
TOTAL THIS MO.    34
DPTR FM NORMAL     8    [PRESSURE DATA]
TOTAL FM JAN 1    37    HIGHEST SLP M ON M
DPTR FM NORMAL    11    LOWEST  SLP 29.42 ON 15

[REMARKS]
