000
CXHW52 PHFO 221250
CF6OGG
PRELIMINARY LOCAL CLIMATOLOGICAL DATA (WS FORM: F-6)

                                          STATION:   KAHULUI HI
                                          MONTH:     AUGUST
                                          YEAR:      2019
                                          LATITUDE:   20 53 N
                                          LONGITUDE: 156 26 W

  TEMPERATURE IN F:       :PCPN:    SNOW:  WIND      :SUNSHINE: SKY     :PK WND
================================================================================
1   2   3   4   5  6A  6B    7    8   9   10  11  12  13   14  15   16   17  18
                                     12Z  AVG MX 2MIN
DY MAX MIN AVG DEP HDD CDD  WTR  SNW DPTH SPD SPD DIR MIN PSBL S-S WX    SPD DR
================================================================================

 1   M   M   M   M   M   M    M    M    M   M   M   M   M    M   M         M  M
 2  85  75  80   0   0  15 0.16  0.0    M 11.7 25  60   M    M   M 18     33  50
 3   M   M   M   M   M   M    M    M    M   M   M   M   M    M   M         M  M
 4   M   M   M   M   M   M    M    M    M   M   M   M   M    M   M         M  M
 5   M   M   M   M   M   M    M    M    M   M   M   M   M    M   M         M  M
 6  92  72  82   2   0  17    T  0.0    M  6.3 20 210   M    M   M        28  50
 7  93  71  82   2   0  17 0.00  0.0    M  6.5 20  40   M    M   M        24  40
 8  90  67  79  -1   0  14 0.00  0.0    M 10.6 26  20   M    M   M        31  20
 9  95  71  83   3   0  18 0.00  0.0    M  8.9 22  40   M    M   M        28  40
10  95  71  83   3   0  18 0.00  0.0    M  7.4 23  30   M    M   M        28  30
11  96  73  85   5   0  20 0.00  0.0    M  9.2 23  40   M    M   M        27  30
12  93  70  82   2   0  17 0.00  0.0    M 10.7 26  30   M    M   M        32  40
13  91  74  83   3   0  18    T  0.0    M 11.5 22  60   M    M   M 8      31  60
14  92  69  81   1   0  16    T  0.0    M 11.4 26  30   M    M   M        34  30
15  93  60  77  -3   0  12    M  0.0    M 13.5 26  50   M    M   M        32  50
16  90  74  82   2   0  17 0.04  0.0    M 13.3 25  70   M    M   M 1      35  70
17  91  75  83   3   0  18 0.05  0.0    M 15.7 29  50   M    M   M 1      36  50
18  89  66  78  -2   0  13 0.00  0.0    M 13.0 26  40   M    M   M        32  40
19  89  75  82   2   0  17 0.00  0.0    M 13.4 23  40   M    M   M        27  30
20  93  76  85   5   0  20 0.01  0.0    M 15.0 28  40   M    M   M 1      34  40
21  90  77  84   4   0  19 0.00  0.0    M 17.3 29  30   M    M   M        34  30
================================================================================
SM 1557 1216         0 286  0.26     0.0 195.4          M        M
================================================================================
AV 91.6 71.5                              11.5 FASTST   M    M   0    MAX(MPH)
                                 MISC ---->  # 29  50               # 36   50
================================================================================
NOTES:
# LAST OF SEVERAL OCCURRENCES

COLUMN 17 PEAK WIND IN M.P.H.

PRELIMINARY LOCAL CLIMATOLOGICAL DATA (WS FORM: F-6) , PAGE 2

                                          STATION:  KAHULUI HI
                                          MONTH:    AUGUST
                                          YEAR:     2019
                                          LATITUDE:   20 53 N
                                          LONGITUDE: 156 26 W

[TEMPERATURE DATA]      [PRECIPITATION DATA]       SYMBOLS USED IN COLUMN 16

AVERAGE MONTHLY: 81.6   TOTAL FOR MONTH:   0.26    1 = FOG OR MIST
DPTR FM NORMAL:   1.6   DPTR FM NORMAL:   -0.10    2 = FOG REDUCING VISIBILITY
HIGHEST:    96 ON 11    GRTST 24HR  0.16 ON  2- 2      TO 1/4 MILE OR LESS
LOWEST:     60 ON 15                               3 = THUNDER
                        SNOW, ICE PELLETS, HAIL    4 = ICE PELLETS
                        TOTAL MONTH:   0.0 INCH    5 = HAIL
                        GRTST 24HR     0.0         6 = FREEZING RAIN OR DRIZZLE
                        GRTST DEPTH:  M  ON   M    7 = DUSTSTORM OR SANDSTORM:
                                                       VSBY 1/2 MILE OR LESS
                                                   8 = SMOKE OR HAZE
[NO. OF DAYS WITH]      [WEATHER - DAYS WITH]      9 = BLOWING SNOW
                                                   X = TORNADO
MAX 32 OR BELOW:   0    0.01 INCH OR MORE:   4
MAX 90 OR ABOVE:  14    0.10 INCH OR MORE:   1
MIN 32 OR BELOW:   0    0.50 INCH OR MORE:   0
MIN  0 OR BELOW:   0    1.00 INCH OR MORE:   0

[HDD (BASE 65) ]
TOTAL THIS MO.     0    CLEAR  (SCALE 0-3)   0
DPTR FM NORMAL     0    PTCLDY (SCALE 4-7)   0
TOTAL FM JUL 1     0    CLOUDY (SCALE 8-10)  0
DPTR FM NORMAL     0

[CDD (BASE 65) ]
TOTAL THIS MO.   286
DPTR FM NORMAL   -29    [PRESSURE DATA]
TOTAL FM JAN 1  2861    HIGHEST SLP M ON M
DPTR FM NORMAL   460    LOWEST  SLP 29.92 ON M

[REMARKS]
