000
CXUS55 KEAX 230736
CF6OJC
PRELIMINARY LOCAL CLIMATOLOGICAL DATA (WS FORM: F-6)

                                          STATION:   Johnson County Executive KS
                                          MONTH:     FEBRUARY
                                          YEAR:      2019
                                          LATITUDE:   38 50 N
                                          LONGITUDE:  94 44 W

  TEMPERATURE IN F:       :PCPN:    SNOW:  WIND      :SUNSHINE: SKY     :PK WND
================================================================================
1   2   3   4   5  6A  6B    7    8   9   10  11  12  13   14  15   16   17  18
                                     12Z  AVG MX 2MIN
DY MAX MIN AVG DEP HDD CDD  WTR  SNW DPTH SPD SPD DIR MIN PSBL S-S WX    SPD DR
================================================================================

 1  51  20  36   4  29   0 0.00    M    M  5.2 14 170   M    M   0 1      19 170
 2  56  39  48  16  17   0 0.00    M    M 10.0 20 180   M    M   8 12     28 170
 3  64  51  58  26   7   0 0.00    M    M 15.9 25 180   M    M   7 1      38 200
 4  60  21  41   9  24   0 0.00    M    M 12.2 25 330   M    M   6 1      34 330
 5  25  20  23  -9  42   0    T    M    M  7.9 15  10   M    M   8 16     20  60
 6  25  21  23  -9  42   0    T    M    M  9.1 18  10   M    M  10 136    23 330
 7  24  10  17 -16  48   0    M    M    M 15.4 25 310   M    M   8 1368   39 320
 8  21   5  13 -20  52   0 0.00    M    M  6.9 17 310   M    M   0        26 320
 9  28  11  20 -13  45   0 0.00    M    M  9.4 17 150   M    M   5        23 120
10  34  27  31  -2  34   0    T    M    M  6.9 17 170   M    M  10 1268   23 170
11  33  31  32  -2  33   0 0.34    M    M  8.9 14 330   M    M  10 1      21 100
12  38  24  31  -3  34   0 0.00    M    M 11.5 23 300   M    M   5 1      32 320
13  52  22  37   3  28   0 0.00    M    M  8.5 18 180   M    M   0        26 170
14  56  19  38   4  27   0 0.00    M    M 13.4 24 350   M    M   2 8      36 340
15  19  13  16 -19  49   0    M    M    M 10.7 20 360   M    M   8 128    25  30
16  26  13  20 -15  45   0    T    M    M  8.1 16  90   M    M   7 1      22 100
17  27  17  22 -13  43   0 0.00    M    M 10.4 18 310   M    M   9 18     27 310
18  27  11  19 -17  46   0 0.00    M    M  7.1 13 340   M    M   3 18     17 360
19  29  19  24 -12  41   0    M    M    M 10.7 20  70   M    M   6 1      29  70
20  36  25  31  -5  34   0    T    M    M  9.6 20 250   M    M   6 1      29 240
21  39  18  29  -8  36   0 0.00    M    M  6.7 14 110   M    M   0 18     21  80
22  37  27  32  -5  33   0 0.27    M    M 10.4 17  90   M    M   8 18     23  80
================================================================================
SM  807  464       789   0  0.61    M    214.9          M      126
================================================================================
AV 36.7 21.1                               9.8 FASTST   M    M   6    MAX(MPH)
                                 MISC ---->  # 25 180               # 39  320
================================================================================
NOTES:
# LAST OF SEVERAL OCCURRENCES

COLUMN 17 PEAK WIND IN M.P.H.

PRELIMINARY LOCAL CLIMATOLOGICAL DATA (WS FORM: F-6) , PAGE 2

                                          STATION:  Johnson County Executive KS
                                          MONTH:    FEBRUARY
                                          YEAR:     2019
                                          LATITUDE:   38 50 N
                                          LONGITUDE:  94 44 W

[TEMPERATURE DATA]      [PRECIPITATION DATA]       SYMBOLS USED IN COLUMN 16

AVERAGE MONTHLY: 28.9   TOTAL FOR MONTH:   0.61    1 = FOG OR MIST
DPTR FM NORMAL:  -5.1   DPTR FM NORMAL:   -0.60    2 = FOG REDUCING VISIBILITY
HIGHEST:    64 ON  3    GRTST 24HR  0.34 ON 11-11      TO 1/4 MILE OR LESS
LOWEST:      5 ON  8                               3 = THUNDER
                        SNOW, ICE PELLETS, HAIL    4 = ICE PELLETS
                        TOTAL MONTH:    M          5 = HAIL
                        GRTST 24HR    M  ON   M    6 = FREEZING RAIN OR DRIZZLE
                        GRTST DEPTH:  M  ON   M    7 = DUSTSTORM OR SANDSTORM:
                                                       VSBY 1/2 MILE OR LESS
                                                   8 = SMOKE OR HAZE
[NO. OF DAYS WITH]      [WEATHER - DAYS WITH]      9 = BLOWING SNOW
                                                   X = TORNADO
MAX 32 OR BELOW:  10    0.01 INCH OR MORE:   2
MAX 90 OR ABOVE:   0    0.10 INCH OR MORE:   2
MIN 32 OR BELOW:  20    0.50 INCH OR MORE:   0
MIN  0 OR BELOW:   0    1.00 INCH OR MORE:   0

[HDD (BASE 65) ]
TOTAL THIS MO.   789    CLEAR  (SCALE 0-3)   6
DPTR FM NORMAL   105    PTCLDY (SCALE 4-7)   8
TOTAL FM JUL 1  4060    CLOUDY (SCALE 8-10)  8
DPTR FM NORMAL   328

[CDD (BASE 65) ]
TOTAL THIS MO.     0
DPTR FM NORMAL     0    [PRESSURE DATA]
TOTAL FM JAN 1     0    HIGHEST SLP  0.00 ON M
DPTR FM NORMAL     0    LOWEST  SLP  0.00 ON M

[REMARKS]
