000
CXUS55 KEAX 180736
CF6OJC
PRELIMINARY LOCAL CLIMATOLOGICAL DATA (WS FORM: F-6)

                                          STATION:   Johnson County Executive KS
                                          MONTH:     APRIL
                                          YEAR:      2019
                                          LATITUDE:   38 50 N
                                          LONGITUDE:  94 44 W

  TEMPERATURE IN F:       :PCPN:    SNOW:  WIND      :SUNSHINE: SKY     :PK WND
================================================================================
1   2   3   4   5  6A  6B    7    8   9   10  11  12  13   14  15   16   17  18
                                     12Z  AVG MX 2MIN
DY MAX MIN AVG DEP HDD CDD  WTR  SNW DPTH SPD SPD DIR MIN PSBL S-S WX    SPD DR
================================================================================

 1  55  30  43  -7  22   0 0.00    M    M  7.9 16 170   M    M   0        24 210
 2  56  37  47  -4  18   0 0.00    M    M  6.5 14 330   M    M   4        20 350
 3  66  46  56   5   9   0 0.03    M    M  9.3 21 170   M    M   6        32 160
 4  57  49  53   1  12   0 0.29    M    M  6.1 12  90   M    M  10 1      16 180
 5  63  43  53   1  12   0 0.00    M    M  5.0 10 120   M    M   6 12     17 140
 6  73  48  61   9   4   0 0.37    M    M  9.9 20 170   M    M   2 13     30 160
 7  73  57  65  13   0   0 0.20    M    M  8.4 20 320   M    M   5 1      29 310
 8  77  47  62   9   3   0 0.00    M    M  3.3 12 270   M    M   0        17 270
 9  75  55  65  12   0   0 0.00    M    M  9.4 17 100   M    M   0        25 110
10  84  55  70  17   0   5 0.00    M    M 15.7 30 200   M    M   0        43 210
11  75  36  56   2   9   0 0.00    M    M 18.0 28 250   M    M   7        43 240
12  55  31  43 -11  22   0 0.00    M    M 12.3 23 270   M    M   1        35 260
13  56  34  45  -9  20   0 0.00    M    M 10.6 25  30   M    M   1        35  20
14  57  38  48  -7  17   0 0.00    M    M 10.4 22  20   M    M   2        30 340
15  76  41  59   4   6   0 0.00    M    M 12.0 26 180   M    M   1        39 200
16  79  57  68  13   0   3 0.00    M    M 12.7 21 180   M    M   0        30 170
17  76  53  65   9   0   0 1.74    M    M 11.0 26 360   M    M   8 13     32 330
================================================================================
SM 1153  757       154   8  2.63    M    168.5          M       53
================================================================================
AV 67.8 44.5                               9.9 FASTST   M    M   3    MAX(MPH)
                                 MISC ---->  # 30 200               # 43  210
================================================================================
NOTES:
# LAST OF SEVERAL OCCURRENCES

COLUMN 17 PEAK WIND IN M.P.H.

PRELIMINARY LOCAL CLIMATOLOGICAL DATA (WS FORM: F-6) , PAGE 2

                                          STATION:  Johnson County Executive KS
                                          MONTH:    APRIL
                                          YEAR:     2019
                                          LATITUDE:   38 50 N
                                          LONGITUDE:  94 44 W

[TEMPERATURE DATA]      [PRECIPITATION DATA]       SYMBOLS USED IN COLUMN 16

AVERAGE MONTHLY: 56.2   TOTAL FOR MONTH:   2.63    1 = FOG OR MIST
DPTR FM NORMAL:   3.1   DPTR FM NORMAL:    0.72    2 = FOG REDUCING VISIBILITY
HIGHEST:    84 ON 10    GRTST 24HR  1.74 ON 17-17      TO 1/4 MILE OR LESS
LOWEST:     30 ON  1                               3 = THUNDER
                        SNOW, ICE PELLETS, HAIL    4 = ICE PELLETS
                        TOTAL MONTH:    M          5 = HAIL
                        GRTST 24HR    M  ON   M    6 = FREEZING RAIN OR DRIZZLE
                        GRTST DEPTH:  M  ON   M    7 = DUSTSTORM OR SANDSTORM:
                                                       VSBY 1/2 MILE OR LESS
                                                   8 = SMOKE OR HAZE
[NO. OF DAYS WITH]      [WEATHER - DAYS WITH]      9 = BLOWING SNOW
                                                   X = TORNADO
MAX 32 OR BELOW:   0    0.01 INCH OR MORE:   5
MAX 90 OR ABOVE:   0    0.10 INCH OR MORE:   4
MIN 32 OR BELOW:   2    0.50 INCH OR MORE:   1
MIN  0 OR BELOW:   0    1.00 INCH OR MORE:   1

[HDD (BASE 65) ]
TOTAL THIS MO.   154    CLEAR  (SCALE 0-3)  10
DPTR FM NORMAL   -57    PTCLDY (SCALE 4-7)   6
TOTAL FM JUL 1  5190    CLOUDY (SCALE 8-10)  1
DPTR FM NORMAL   462

[CDD (BASE 65) ]
TOTAL THIS MO.     8
DPTR FM NORMAL    -1    [PRESSURE DATA]
TOTAL FM JAN 1     8    HIGHEST SLP  0.00 ON M
DPTR FM NORMAL    -2    LOWEST  SLP  0.00 ON M

[REMARKS]
