000
CXUS56 KSGX 231445
CF6OKB
PRELIMINARY LOCAL CLIMATOLOGICAL DATA (WS FORM: F-6)

                                          STATION:   OCEANSIDE AIRPORT CA
                                          MONTH:     APRIL
                                          YEAR:      2019
                                          LATITUDE:   33 13 N
                                          LONGITUDE: 117 21 W

  TEMPERATURE IN F:       :PCPN:    SNOW:  WIND      :SUNSHINE: SKY     :PK WND
================================================================================
1   2   3   4   5  6A  6B    7    8   9   10  11  12  13   14  15   16   17  18
                                     12Z  AVG MX 2MIN
DY MAX MIN AVG DEP HDD CDD  WTR  SNW DPTH SPD SPD DIR MIN PSBL S-S WX    SPD DR
================================================================================

 1  79  50  65   8   0   0 0.00  0.0    0  3.5 15 250   M    M   0        17 250
 2  67  50  59   2   6   0 0.00  0.0    0  6.2 15 240   M    M   6 1      20 230
 3  66  52  59   2   6   0 0.05  0.0    0  5.6 14 250   M    M   6 1      19 250
 4  66  50  58   1   7   0    T  0.0    0  3.9 15 250   M    M   5        20 250
 5  67  49  58   1   7   0    T    M    0  4.8 18 280   M    M   6 1      26 290
 6  69  51  60   2   5   0 0.02  0.0    0  5.2 17 270   M    M   3 1      22 250
 7  73  48  61   3   4   0 0.00  0.0    0  4.3 14 280   M    M   1        21 110
 8  78  50  64   6   1   0 0.00  0.0    0  4.3 14 270   M    M   0 1      18 270
 9  70  47  59   1   6   0 0.00  0.0    0  4.1 16 270   M    M   6 18     22 260
10  72  39  56  -2   9   0 0.00  0.0    0  7.3 24 290   M    M   0 1      31 290
11  70  41  56  -2   9   0 0.00  0.0    0  4.9 13 230   M    M   1        17 250
12  69  47  58   0   7   0 0.00  0.0    0  5.6 16 250   M    M   5 18     21 250
13  72  42  57  -1   8   0 0.00  0.0    0  4.7 16 250   M    M   0        21 300
14  71  44  58   0   7   0 0.00  0.0    0  4.0 17 260   M    M   0 1      21 260
15  66  49  58   0   7   0 0.00  0.0    0  5.5 16 250   M    M   7 18     19 260
16  66  56  61   2   4   0    T  0.0    0  7.2 17 250   M    M   7 8      22 260
17  71  47  59   0   6   0 0.00  0.0    0  4.7 22 260   M    M   1        27 250
18  73  46  60   1   5   0 0.00  0.0    0  5.4 16 250   M    M   1 1      20 250
19  67  56  62   3   3   0 0.00  0.0    0  4.6 16 230   M    M   8 18     20 230
20  68  56  62   3   3   0 0.00  0.0    0  6.6 15 250   M    M   8        21 250
21  66  46  56  -3   9   0 0.00  0.0    0  5.5 14 260   M    M   4        20 250
22  68  44  56  -3   9   0 0.00  0.0    0  4.3 17 250   M    M   1 1      32 210
================================================================================
SM 1534 1060       128   0  0.07     0.0 112.2          M       76
================================================================================
AV 69.7 48.2                               5.1 FASTST   M    M   3    MAX(MPH)
                                 MISC ---->  # 24 290               # 32  210
================================================================================
NOTES:
# LAST OF SEVERAL OCCURRENCES

COLUMN 17 PEAK WIND IN M.P.H.

PRELIMINARY LOCAL CLIMATOLOGICAL DATA (WS FORM: F-6) , PAGE 2

                                          STATION:  OCEANSIDE AIRPORT CA
                                          MONTH:    APRIL
                                          YEAR:     2019
                                          LATITUDE:   33 13 N
                                          LONGITUDE: 117 21 W

[TEMPERATURE DATA]      [PRECIPITATION DATA]       SYMBOLS USED IN COLUMN 16

AVERAGE MONTHLY: 59.0   TOTAL FOR MONTH:   0.07    1 = FOG OR MIST
DPTR FM NORMAL:   0.9   DPTR FM NORMAL:   -0.69    2 = FOG REDUCING VISIBILITY
HIGHEST:    79 ON  1    GRTST 24HR  0.05 ON  3- 3      TO 1/4 MILE OR LESS
LOWEST:     39 ON 10                               3 = THUNDER
                        SNOW, ICE PELLETS, HAIL    4 = ICE PELLETS
                        TOTAL MONTH:   0.0 INCH    5 = HAIL
                        GRTST 24HR     0.0         6 = FREEZING RAIN OR DRIZZLE
                        GRTST DEPTH:   0           7 = DUSTSTORM OR SANDSTORM:
                                                       VSBY 1/2 MILE OR LESS
                                                   8 = SMOKE OR HAZE
[NO. OF DAYS WITH]      [WEATHER - DAYS WITH]      9 = BLOWING SNOW
                                                   X = TORNADO
MAX 32 OR BELOW:   0    0.01 INCH OR MORE:   2
MAX 90 OR ABOVE:   0    0.10 INCH OR MORE:   0
MIN 32 OR BELOW:   0    0.50 INCH OR MORE:   0
MIN  0 OR BELOW:   0    1.00 INCH OR MORE:   0

[HDD (BASE 65) ]
TOTAL THIS MO.   128    CLEAR  (SCALE 0-3)  10
DPTR FM NORMAL   -25    PTCLDY (SCALE 4-7)  10
TOTAL FM JUL 1  1715    CLOUDY (SCALE 8-10)  2
DPTR FM NORMAL  -136

[CDD (BASE 65) ]
TOTAL THIS MO.     0
DPTR FM NORMAL     0    [PRESSURE DATA]
TOTAL FM JAN 1     0    HIGHEST SLP M ON M
DPTR FM NORMAL    -1    LOWEST  SLP 29.67 ON 12

[REMARKS]
