000
CXUS56 KSGX 191545
CF6OKB
PRELIMINARY LOCAL CLIMATOLOGICAL DATA (WS FORM: F-6)

                                          STATION:   OCEANSIDE AIRPORT CA
                                          MONTH:     FEBRUARY
                                          YEAR:      2019
                                          LATITUDE:   33 13 N
                                          LONGITUDE: 117 21 W

  TEMPERATURE IN F:       :PCPN:    SNOW:  WIND      :SUNSHINE: SKY     :PK WND
================================================================================
1   2   3   4   5  6A  6B    7    8   9   10  11  12  13   14  15   16   17  18
                                     12Z  AVG MX 2MIN
DY MAX MIN AVG DEP HDD CDD  WTR  SNW DPTH SPD SPD DIR MIN PSBL S-S WX    SPD DR
================================================================================

 1  62  44  53  -1  12   0 0.01    M    0  2.9 10 210   M    M   3 1      14 260
 2  64  52  58   4   7   0 1.38  0.0    0  6.8 26 240   M    M   8 1      35 250
 3  62  48  55   1  10   0 0.31    M    0  4.1 17 220   M    M  10 1      22 220
 4  61  52  57   3   8   0 0.37  0.0    0  7.8 21 200   M    M  10 18     26 200
 5  58  49  54   0  11   0 0.24    M    0  6.6 21 280   M    M   7 1      27 280
 6  56  33  45  -9  20   0 0.00  0.0    0  5.6 17 290   M    M   1        23 290
 7  60  34  47  -7  18   0 0.00  0.0    0  3.5 14 280   M    M   0        19 300
 8  61  35  48  -6  17   0 0.00  0.0    0  4.3 14 240   M    M   0        18 250
 9  59  40  50  -4  15   0 0.13    M    0  1.7 12 270   M    M   4 1      15 340
10  59  37  48  -6  17   0 0.11    M    0  4.5 16 240   M    M   6 1      21 260
11  59  34  47  -7  18   0 0.00  0.0    0  4.8 14 270   M    M   0        19 190
12  70  36  53  -1  12   0 0.00  0.0    0  2.6 12 250   M    M   0        17 200
13  65  44  55   1  10   0 0.52    M    0  4.5 15 170   M    M   7 18     21 190
14  62  49  56   2   9   0 2.14    M    0 10.1 28 250   M    M   9 1      38 170
15  61  46  54   0  11   0 0.01    M    0  4.7 20 240   M    M   6 12     23 250
16  58  45  52  -2  13   0 0.02    M    0  7.3 18 300   M    M   3 1      27 290
17  58  44  51  -3  14   0 0.02    M    0 12.2 22 270   M    M   6 1      31 260
18  56  36  46  -8  19   0 0.07    M    0  5.0 17  40   M    M   1        24  40
================================================================================
SM 1091  758       241   0  5.33     0.0  99.0          M       81
================================================================================
AV 60.6 42.1                               5.5 FASTST   M    M   5    MAX(MPH)
                                 MISC ---->  # 28 250               # 38  170
================================================================================
NOTES:
# LAST OF SEVERAL OCCURRENCES

COLUMN 17 PEAK WIND IN M.P.H.

PRELIMINARY LOCAL CLIMATOLOGICAL DATA (WS FORM: F-6) , PAGE 2

                                          STATION:  OCEANSIDE AIRPORT CA
                                          MONTH:    FEBRUARY
                                          YEAR:     2019
                                          LATITUDE:   33 13 N
                                          LONGITUDE: 117 21 W

[TEMPERATURE DATA]      [PRECIPITATION DATA]       SYMBOLS USED IN COLUMN 16

AVERAGE MONTHLY: 51.4   TOTAL FOR MONTH:   5.33    1 = FOG OR MIST
DPTR FM NORMAL:  -2.6   DPTR FM NORMAL:    3.55    2 = FOG REDUCING VISIBILITY
HIGHEST:    70 ON 12    GRTST 24HR  2.14 ON 14-14      TO 1/4 MILE OR LESS
LOWEST:     33 ON  6                               3 = THUNDER
                        SNOW, ICE PELLETS, HAIL    4 = ICE PELLETS
                        TOTAL MONTH:   0.0 INCH    5 = HAIL
                        GRTST 24HR     0.0         6 = FREEZING RAIN OR DRIZZLE
                        GRTST DEPTH:   0           7 = DUSTSTORM OR SANDSTORM:
                                                       VSBY 1/2 MILE OR LESS
                                                   8 = SMOKE OR HAZE
[NO. OF DAYS WITH]      [WEATHER - DAYS WITH]      9 = BLOWING SNOW
                                                   X = TORNADO
MAX 32 OR BELOW:   0    0.01 INCH OR MORE:  13
MAX 90 OR ABOVE:   0    0.10 INCH OR MORE:   8
MIN 32 OR BELOW:   0    0.50 INCH OR MORE:   3
MIN  0 OR BELOW:   0    1.00 INCH OR MORE:   2

[HDD (BASE 65) ]
TOTAL THIS MO.   241    CLEAR  (SCALE 0-3)   7
DPTR FM NORMAL    43    PTCLDY (SCALE 4-7)   7
TOTAL FM JUL 1  1142    CLOUDY (SCALE 8-10)  4
DPTR FM NORMAL  -161

[CDD (BASE 65) ]
TOTAL THIS MO.     0
DPTR FM NORMAL     0    [PRESSURE DATA]
TOTAL FM JAN 1     0    HIGHEST SLP M ON M
DPTR FM NORMAL     0    LOWEST  SLP 29.71 ON 14

[REMARKS]
