000
CXUS54 KOUN 180700
CF6OKC
PRELIMINARY LOCAL CLIMATOLOGICAL DATA (WS FORM: F-6)

                                          STATION:   OKLAHOMA CITY
                                          MONTH:     AUGUST
                                          YEAR:      2019
                                          LATITUDE:   35 24 N
                                          LONGITUDE:  97 36 W

  TEMPERATURE IN F:       :PCPN:    SNOW:  WIND      :SUNSHINE: SKY     :PK WND
================================================================================
1   2   3   4   5  6A  6B    7    8   9   10  11  12  13   14  15   16   17  18
                                     12Z  AVG MX 2MIN
DY MAX MIN AVG DEP HDD CDD  WTR  SNW DPTH SPD SPD DIR MIN PSBL S-S WX    SPD DR
================================================================================

 1  96  74  85   1   0  20 0.00  0.0    0 11.4 20 160   M    M   7        25 160
 2  92  74  83  -1   0  18 0.05  0.0    0 13.3 22 160   M    M   9 3      27 160
 3  84  70  77  -7   0  12    T  0.0    0 10.4 23 140   M    M   7        27 140
 4  92  69  81  -3   0  16 0.00  0.0    0  5.7 14  70   M    M   4        20  60
 5  96  69  83  -1   0  18 0.00  0.0    0  5.2 14 120   M    M   5        20 120
 6 100  75  88   4   0  23 0.00  0.0    0  6.9 14 140   M    M   6        21 140
 7 102  74  88   4   0  23 0.00  0.0    0 10.4 18 180   M    M   6        26 150
 8  91  76  84   1   0  19 0.16  0.0    0 10.0 21  50   M    M   8 13     24  50
 9  88  73  81  -2   0  16 0.49  0.0    0  9.9 22 360   M    M   8 13     26 360
10 102  75  89   6   0  24 0.00  0.0    0  8.6 15 180   M    M   5        20 190
11 102  73  88   5   0  23 0.00  0.0    0 11.5 21 150   M    M   3        26 150
12 103  73  88   5   0  23 0.00  0.0    0 11.0 24 320   M    M   2        28 330
13  85  74  80  -3   0  15 0.36  0.0    0  7.6 17 270   M    M   8 1      22 270
14  92  68  80  -3   0  15 0.00  0.0    0  7.4 25 340   M    M   3        30 360
15  96  69  83   0   0  18 0.00  0.0    0  8.3 18 180   M    M   4        23 160
16  99  75  87   4   0  22 0.00  0.0    0 14.9 24 180   M    M   2        32 180
17  99  72  86   3   0  21 0.03  0.0    0 16.2 49 220   M    M   5 3      60 220
================================================================================
SM 1619 1233         0 326  1.09     0.0 168.7          M       92
================================================================================
AV 95.2 72.5                               9.9 FASTST   M    M   5    MAX(MPH)
                                 MISC ---->  # 49 220               # 60  220
================================================================================
NOTES:
# LAST OF SEVERAL OCCURRENCES

COLUMN 17 PEAK WIND IN M.P.H.

PRELIMINARY LOCAL CLIMATOLOGICAL DATA (WS FORM: F-6) , PAGE 2

                                          STATION:  OKLAHOMA CITY
                                          MONTH:    AUGUST
                                          YEAR:     2019
                                          LATITUDE:   35 24 N
                                          LONGITUDE:  97 36 W

[TEMPERATURE DATA]      [PRECIPITATION DATA]       SYMBOLS USED IN COLUMN 16

AVERAGE MONTHLY: 83.9   TOTAL FOR MONTH:   1.09    1 = FOG OR MIST
DPTR FM NORMAL:   0.5   DPTR FM NORMAL:   -0.72    2 = FOG REDUCING VISIBILITY
HIGHEST:   103 ON 12    GRTST 24HR  0.49 ON  9- 9      TO 1/4 MILE OR LESS
LOWEST:     68 ON 14                               3 = THUNDER
                        SNOW, ICE PELLETS, HAIL    4 = ICE PELLETS
                        TOTAL MONTH:   0.0 INCH    5 = HAIL
                        GRTST 24HR     0.0         6 = FREEZING RAIN OR DRIZZLE
                        GRTST DEPTH:   0           7 = DUSTSTORM OR SANDSTORM:
                                                       VSBY 1/2 MILE OR LESS
                                                   8 = SMOKE OR HAZE
[NO. OF DAYS WITH]      [WEATHER - DAYS WITH]      9 = BLOWING SNOW
                                                   X = TORNADO
MAX 32 OR BELOW:   0    0.01 INCH OR MORE:   5
MAX 90 OR ABOVE:  14    0.10 INCH OR MORE:   3
MIN 32 OR BELOW:   0    0.50 INCH OR MORE:   0
MIN  0 OR BELOW:   0    1.00 INCH OR MORE:   0

[HDD (BASE 65) ]
TOTAL THIS MO.     0    CLEAR  (SCALE 0-3)   2
DPTR FM NORMAL     0    PTCLDY (SCALE 4-7)  12
TOTAL FM JUL 1     0    CLOUDY (SCALE 8-10)  3
DPTR FM NORMAL     0

[CDD (BASE 65) ]
TOTAL THIS MO.   326
DPTR FM NORMAL    14    [PRESSURE DATA]
TOTAL FM JAN 1  1298    HIGHEST SLP M ON M
DPTR FM NORMAL  -213    LOWEST  SLP 29.67 ON 17

[REMARKS]
