000
CXUS55 KGGW 220800
CF6OLF
PRELIMINARY LOCAL CLIMATOLOGICAL DATA (WS FORM: F-6)

                                          STATION:   WOLF POINT MT
                                          MONTH:     APRIL
                                          YEAR:      2019
                                          LATITUDE:   48  5 N
                                          LONGITUDE: 105 35 W

  TEMPERATURE IN F:       :PCPN:    SNOW:  WIND      :SUNSHINE: SKY     :PK WND
================================================================================
1   2   3   4   5  6A  6B    7    8   9   10  11  12  13   14  15   16   17  18
                                     12Z  AVG MX 2MIN
DY MAX MIN AVG DEP HDD CDD  WTR  SNW DPTH SPD SPD DIR MIN PSBL S-S WX    SPD DR
================================================================================

 1  49  29  39   1  26   0    T    M    0  8.0 24 330   M    M   9        28 320
 2  53  28  41   3  24   0 0.00  0.0    0 10.3 24 290   M    M   2        30 300
 3  57  24  41   2  24   0 0.01    M    0 10.2 18 170   M    M   4        33 190
 4  68  33  51  12  14   0 0.00  0.0    0  7.8 24 290   M    M   3        33 290
 5  54  33  44   4  21   0    T    M    0 12.0 22  60   M    M   7 1      26  60
 6  68  40  54  14  11   0 0.01    M    0  9.0 20 240   M    M   5 18     24 250
 7  68  35  52  11  13   0 0.01    M    0 10.1 24 270   M    M   1        31 270
 8  65  35  50   9  15   0 0.00  0.0    0  8.9 20 300   M    M   1        24 310
 9  56  35  46   4  19   0 0.00  0.0    0 14.0 28  70   M    M   2        33  80
10  41  26  34  -8  31   0 0.00  0.0    0 13.7 20  60   M    M   3        25  80
11  45  24  35  -7  30   0 0.00  0.0    0 10.9 20  70   M    M   3        32  80
12  51  24  38  -5  27   0 0.00  0.0    0  9.1 21  40   M    M   0        27  40
13  60  19  40  -3  25   0 0.00  0.0    0  7.4 20 170   M    M   2        31 170
14  64  36  50   7  15   0 0.01    M    0 10.5 33 290   M    M   4        39 300
15  62  32  47   3  18   0 0.00  0.0    0  9.3 24 260   M    M   3        29 270
16  64  25  45   1  20   0    T    M    0  6.4 18 150   M    M   5        28 120
17  65  33  49   4  16   0 0.04    M    0  9.9 32 310   M    M   6 1      39 300
18  66  31  49   4  16   0 0.00  0.0    0 10.8 25 340   M    M   1        32 310
19  84  37  61  16   4   0    T    M    0 10.3 28 290   M    M   2        36 290
20  63  48  56  10   9   0 0.05    M    0  6.1 20 360   M    M   8        24  10
21  66  43  55   9  10   0 0.00  0.0    0 10.4 25  20   M    M   3        32  20
================================================================================
SM 1269  670       388   0  0.13     0.0 205.1          M       74
================================================================================
AV 60.4 31.9                               9.8 FASTST   M    M   4    MAX(MPH)
                                 MISC ---->  # 33 290               # 39  300
================================================================================
NOTES:
# LAST OF SEVERAL OCCURRENCES

COLUMN 17 PEAK WIND IN M.P.H.

PRELIMINARY LOCAL CLIMATOLOGICAL DATA (WS FORM: F-6) , PAGE 2

                                          STATION:  WOLF POINT MT
                                          MONTH:    APRIL
                                          YEAR:     2019
                                          LATITUDE:   48  5 N
                                          LONGITUDE: 105 35 W

[TEMPERATURE DATA]      [PRECIPITATION DATA]       SYMBOLS USED IN COLUMN 16

AVERAGE MONTHLY: 46.2   TOTAL FOR MONTH:   0.13    1 = FOG OR MIST
DPTR FM NORMAL:   4.0   DPTR FM NORMAL:   -0.40    2 = FOG REDUCING VISIBILITY
HIGHEST:    84 ON 19    GRTST 24HR  0.05 ON 20-20      TO 1/4 MILE OR LESS
LOWEST:     19 ON 13                               3 = THUNDER
                        SNOW, ICE PELLETS, HAIL    4 = ICE PELLETS
                        TOTAL MONTH:   0.0 INCH    5 = HAIL
                        GRTST 24HR     0.0         6 = FREEZING RAIN OR DRIZZLE
                        GRTST DEPTH:   0           7 = DUSTSTORM OR SANDSTORM:
                                                       VSBY 1/2 MILE OR LESS
                                                   8 = SMOKE OR HAZE
[NO. OF DAYS WITH]      [WEATHER - DAYS WITH]      9 = BLOWING SNOW
                                                   X = TORNADO
MAX 32 OR BELOW:   0    0.01 INCH OR MORE:   6
MAX 90 OR ABOVE:   0    0.10 INCH OR MORE:   0
MIN 32 OR BELOW:  10    0.50 INCH OR MORE:   0
MIN  0 OR BELOW:   0    1.00 INCH OR MORE:   0

[HDD (BASE 65) ]
TOTAL THIS MO.   388    CLEAR  (SCALE 0-3)  11
DPTR FM NORMAL   -91    PTCLDY (SCALE 4-7)   8
TOTAL FM JUL 1  8509    CLOUDY (SCALE 8-10)  2
DPTR FM NORMAL   340

[CDD (BASE 65) ]
TOTAL THIS MO.     0
DPTR FM NORMAL     0    [PRESSURE DATA]
TOTAL FM JAN 1     0    HIGHEST SLP M ON M
DPTR FM NORMAL     0    LOWEST  SLP 29.46 ON 14

[REMARKS]
