000
CXUS55 KTWC 180855
CF6OLS
PRELIMINARY LOCAL CLIMATOLOGICAL DATA (WS FORM: F-6)

                                          STATION:   NOGALES AZ AIRPORT
                                          MONTH:     FEBRUARY
                                          YEAR:      2019
                                          LATITUDE:   31 25 N
                                          LONGITUDE: 110 51 W

  TEMPERATURE IN F:       :PCPN:    SNOW:  WIND      :SUNSHINE: SKY     :PK WND
================================================================================
1   2   3   4   5  6A  6B    7    8   9   10  11  12  13   14  15   16   17  18
                                     12Z  AVG MX 2MIN
DY MAX MIN AVG DEP HDD CDD  WTR  SNW DPTH SPD SPD DIR MIN PSBL S-S WX    SPD DR
================================================================================

 1  69  44  57   6   8   0 0.00  0.0    M  3.9 17 210   M    M   M        23 220
 2  65  42  54   3  11   0 0.00  0.0    M  6.6 15 190   M    M   M        20 180
 3  61  49  55   4  10   0 0.03    M    M  7.9 21 200   M    M   M        26 190
 4  65  48  57   6   8   0 0.05    M    M 11.8 29 210   M    M   M 1      36 220
 5  59  46  53   2  12   0    T    M    M 11.3 22 190   M    M   M 1      29 190
 6  48  28  38 -13  27   0 0.06    M    M 10.9 23 220   M    M   M 1      28 260
 7  59  20  40 -11  25   0 0.00  0.0    M  3.3 12 270   M    M   M        15 280
 8  71  22  47  -4  18   0 0.00  0.0    M  3.5 14 220   M    M   M        17 210
 9  63  32  48  -3  17   0 0.00  0.0    M  7.0 23 180   M    M   M        29 190
10  60  41  51   0  14   0 0.02    M    M  8.1 23 170   M    M   M        29 140
11  57  28  43  -8  22   0 0.00  0.0    M  5.0 13 280   M    M   M        17 330
12  70  22  46  -5  19   0 0.00  0.0    M  3.6 12 180   M    M   M        15 180
13  71  33  52   1  13   0 0.00  0.0    M  4.9 16 200   M    M   M        21 210
14  71  49  60   9   5   0 0.16    M    M  8.0 24 220   M    M   M 1      31 210
15  67  45  56   4   9   0    T    M    M  7.5 20 220   M    M   M        27 220
16  59  35  47  -5  18   0 0.00  0.0    M  5.2 17 280   M    M   M        24 290
17  55  28  42 -10  23   0 0.00  0.0    M  8.9 21 250   M    M   M        29 270
================================================================================
SM 1070  612       259   0  0.32     0.0 117.4          M        M
================================================================================
AV 62.9 36.0                               6.9 FASTST   M    M   0    MAX(MPH)
                                 MISC ---->  # 29 210               # 36  220
================================================================================
NOTES:
# LAST OF SEVERAL OCCURRENCES

COLUMN 17 PEAK WIND IN M.P.H.

PRELIMINARY LOCAL CLIMATOLOGICAL DATA (WS FORM: F-6) , PAGE 2

                                          STATION:  NOGALES AZ AIRPORT
                                          MONTH:    FEBRUARY
                                          YEAR:     2019
                                          LATITUDE:   31 25 N
                                          LONGITUDE: 110 51 W

[TEMPERATURE DATA]      [PRECIPITATION DATA]       SYMBOLS USED IN COLUMN 16

AVERAGE MONTHLY: 49.5   TOTAL FOR MONTH:   0.32    1 = FOG OR MIST
DPTR FM NORMAL:  -1.7   DPTR FM NORMAL:   -0.22    2 = FOG REDUCING VISIBILITY
HIGHEST:    71 ON 14,13 GRTST 24HR  0.16 ON 14-14      TO 1/4 MILE OR LESS
LOWEST:     20 ON  7                               3 = THUNDER
                        SNOW, ICE PELLETS, HAIL    4 = ICE PELLETS
                        TOTAL MONTH:   0.0 INCH    5 = HAIL
                        GRTST 24HR     0.0         6 = FREEZING RAIN OR DRIZZLE
                        GRTST DEPTH:  M  ON   M    7 = DUSTSTORM OR SANDSTORM:
                                                       VSBY 1/2 MILE OR LESS
                                                   8 = SMOKE OR HAZE
[NO. OF DAYS WITH]      [WEATHER - DAYS WITH]      9 = BLOWING SNOW
                                                   X = TORNADO
MAX 32 OR BELOW:   0    0.01 INCH OR MORE:   5
MAX 90 OR ABOVE:   0    0.10 INCH OR MORE:   1
MIN 32 OR BELOW:   7    0.50 INCH OR MORE:   0
MIN  0 OR BELOW:   0    1.00 INCH OR MORE:   0

[HDD (BASE 65) ]
TOTAL THIS MO.   259    CLEAR  (SCALE 0-3)   0
DPTR FM NORMAL    23    PTCLDY (SCALE 4-7)   0
TOTAL FM JUL 1  1578    CLOUDY (SCALE 8-10)  0
DPTR FM NORMAL    26

[CDD (BASE 65) ]
TOTAL THIS MO.     0
DPTR FM NORMAL     0    [PRESSURE DATA]
TOTAL FM JAN 1     0    HIGHEST SLP M ON M
DPTR FM NORMAL     0    LOWEST  SLP 29.79 ON  5

[REMARKS]
