000
CXUS55 KTWC 250855
CF6OLS
PRELIMINARY LOCAL CLIMATOLOGICAL DATA (WS FORM: F-6)

                                          STATION:   NOGALES AZ AIRPORT
                                          MONTH:     AUGUST
                                          YEAR:      2019
                                          LATITUDE:   31 25 N
                                          LONGITUDE: 110 51 W

  TEMPERATURE IN F:       :PCPN:    SNOW:  WIND      :SUNSHINE: SKY     :PK WND
================================================================================
1   2   3   4   5  6A  6B    7    8   9   10  11  12  13   14  15   16   17  18
                                     12Z  AVG MX 2MIN
DY MAX MIN AVG DEP HDD CDD  WTR  SNW DPTH SPD SPD DIR MIN PSBL S-S WX    SPD DR
================================================================================

 1  95  66  81   3   0  16 0.00  0.0    0  3.5 13  40   M    M   M 3      17 310
 2  97  68  83   5   0  18 0.00  0.0    M  4.9 14  50   M    M   M 3      19 350
 3  98  69  84   6   0  19 1.20  0.0    0  4.5 31 220   M    M   M 3      42 230
 4  97  68  83   5   0  18 0.00  0.0    0  2.9 10  80   M    M   M 3      15 340
 5 100  69  85   7   0  20 0.27  0.0    M  3.7 32  60   M    M   M 3      41  60
 6  91  69  80   3   0  15 0.04  0.0    M  3.8 14 170   M    M   M 3      18 170
 7  94  68  81   4   0  16 0.00  0.0    M  3.4 12 310   M    M   M        16 300
 8  93  68  81   4   0  16    T  0.0    M  3.6 15 150   M    M   M 3      19 160
 9  89  71  80   3   0  15 0.01  0.0    M  3.4 10 150   M    M   M        14 160
10  75  67  71  -6   0   6 0.42  0.0    M  4.2 13 160   M    M   M 13     15 150
11  90  67  79   2   0  14 0.02  0.0    M  3.1 10 150   M    M   M 1      13 130
12  93  66  80   3   0  15 0.00  0.0    0  3.5  9 310   M    M   M        13 310
13  97  66  82   5   0  17 0.00  0.0    0  3.6 12 300   M    M   M        18 300
14 100  64  82   5   0  17    T  0.0    0  2.8 13  70   M    M   M        16  80
15 100  69  85   8   0  20    T  0.0    0  5.2 15 290   M    M   M        21 270
16  97  68  83   6   0  18 0.10  0.0    0  6.0 24 220   M    M   M 3      30 230
17  96  64  80   3   0  15 0.00  0.0    0  4.8 13 180   M    M   M        22 180
18  97  66  82   5   0  17    T  0.0    0  3.8 21 190   M    M   M 3      26 190
19  99  66  83   6   0  18 0.00  0.0    M  4.2 14 300   M    M   M        19 300
20 104  63  84   7   0  19 0.00  0.0    M  3.9 14 320   M    M   M        19 280
21 103  70  87  10   0  22 0.04  0.0    M  6.1 26  80   M    M   M 3      36  80
22  98  66  82   5   0  17 0.25  0.0    M  6.1 37  70   M    M   M 138    48  60
23  92  63  78   1   0  13 1.00  0.0    M  6.3 26 130   M    M   M 13     37  90
24  87  64  76  -1   0  11    T  0.0    M  4.9 17 150   M    M   M 3      23 160
================================================================================
SM 2282 1605         0 392  3.35     0.0 102.2          M        M
================================================================================
AV 95.1 66.9                               4.3 FASTST   M    M   0    MAX(MPH)
                                 MISC ---->  # 37  70               # 48   60
================================================================================
NOTES:
# LAST OF SEVERAL OCCURRENCES

COLUMN 17 PEAK WIND IN M.P.H.

PRELIMINARY LOCAL CLIMATOLOGICAL DATA (WS FORM: F-6) , PAGE 2

                                          STATION:  NOGALES AZ AIRPORT
                                          MONTH:    AUGUST
                                          YEAR:     2019
                                          LATITUDE:   31 25 N
                                          LONGITUDE: 110 51 W

[TEMPERATURE DATA]      [PRECIPITATION DATA]       SYMBOLS USED IN COLUMN 16

AVERAGE MONTHLY: 81.0   TOTAL FOR MONTH:   3.35    1 = FOG OR MIST
DPTR FM NORMAL:   3.8   DPTR FM NORMAL:   -0.31    2 = FOG REDUCING VISIBILITY
HIGHEST:   104 ON 20    GRTST 24HR  1.20 ON  3- 3      TO 1/4 MILE OR LESS
LOWEST:     63 ON 23,20                            3 = THUNDER
                        SNOW, ICE PELLETS, HAIL    4 = ICE PELLETS
                        TOTAL MONTH:   0.0 INCH    5 = HAIL
                        GRTST 24HR     0.0         6 = FREEZING RAIN OR DRIZZLE
                        GRTST DEPTH:   0           7 = DUSTSTORM OR SANDSTORM:
                                                       VSBY 1/2 MILE OR LESS
                                                   8 = SMOKE OR HAZE
[NO. OF DAYS WITH]      [WEATHER - DAYS WITH]      9 = BLOWING SNOW
                                                   X = TORNADO
MAX 32 OR BELOW:   0    0.01 INCH OR MORE:  10
MAX 90 OR ABOVE:  21    0.10 INCH OR MORE:   6
MIN 32 OR BELOW:   0    0.50 INCH OR MORE:   2
MIN  0 OR BELOW:   0    1.00 INCH OR MORE:   2

[HDD (BASE 65) ]
TOTAL THIS MO.     0    CLEAR  (SCALE 0-3)   0
DPTR FM NORMAL     0    PTCLDY (SCALE 4-7)   0
TOTAL FM JUL 1     0    CLOUDY (SCALE 8-10)  0
DPTR FM NORMAL     0

[CDD (BASE 65) ]
TOTAL THIS MO.   392
DPTR FM NORMAL   100    [PRESSURE DATA]
TOTAL FM JAN 1  1421    HIGHEST SLP M ON M
DPTR FM NORMAL    52    LOWEST  SLP 29.61 ON 22

[REMARKS]
