000
CXUS53 KARX 170930
CF6OLZ
PRELIMINARY LOCAL CLIMATOLOGICAL DATA (WS FORM: F-6)

                                          STATION:   OELWEIN IA
                                          MONTH:     FEBRUARY
                                          YEAR:      2019
                                          LATITUDE:   42 40 N
                                          LONGITUDE:  91 58 W

  TEMPERATURE IN F:       :PCPN:    SNOW:  WIND      :SUNSHINE: SKY     :PK WND
================================================================================
1   2   3   4   5  6A  6B    7    8   9   10  11  12  13   14  15   16   17  18
                                     12Z  AVG MX 2MIN
DY MAX MIN AVG DEP HDD CDD  WTR  SNW DPTH SPD SPD DIR MIN PSBL S-S WX    SPD DR
================================================================================

 1  14  -8   3   M  62   0 0.00  0.0    0  9.7 16 160   M    M   4         M  M
 2  39  14  27   M  38   0 0.00  0.0    M 13.3 18 210   M    M   8 12      M  M
 3  43  39  41   M  24   0 0.00  0.0    M  9.8 15 140   M    M  10 12      M  M
 4  43   9  26   M  39   0    M    M    M 17.5 25 310   M    M   9 12     32 310
 5  25   7  16   M  49   0    M    M    M 10.0 17  70   M    M   7 1      24  70
 6  27  23  25   M  40   0    M    M    M  7.8 16 320   M    M  10 16     39  99
 7  28   0  14   M  51   0    M    M    M 17.7 31 280   M    M  10 1      45 290
 8   3  -6  -1   M  66   0    M    M    M 17.3 31 290   M    M   5 19     37 290
 9  19  -4   8   M  57   0 0.00  0.0    M 10.8 18 140   M    M   5        22 140
10  25  19  22   M  43   0    M    M    M 10.6 16 130   M    M   9 12      M  M
11  27  19  23   M  42   0    M    M    M 12.4 20 100   M    M  10 1      23  80
12  25   7  16   M  49   0    M    M    M 19.5 30 290   M    M   9 1      40 290
13  23   0  12   M  53   0    M    M    M 12.2 23 290   M    M   6 1      30 290
14  36   3  20   M  45   0 0.00  0.0    0 14.1 28 320   M    M   8 1      37 310
15   9  -6   2   M  63   0 0.00  0.0    M 13.2 20 310   M    M   3 1      25 310
16  21  -2  10   M  55   0    T    T    M  8.4 15 100   M    M   5 1      18  80
================================================================================
SM  407  114       776   0    T     T    204.3          M      118
================================================================================
AV 25.4  7.1                              12.8 FASTST   M    M   7    MAX(MPH)
                                 MISC ---->  # 31 280               # 45  290
================================================================================
NOTES:
# LAST OF SEVERAL OCCURRENCES

COLUMN 17 PEAK WIND IN M.P.H.

PRELIMINARY LOCAL CLIMATOLOGICAL DATA (WS FORM: F-6) , PAGE 2

                                          STATION:  OELWEIN IA
                                          MONTH:    FEBRUARY
                                          YEAR:     2019
                                          LATITUDE:   42 40 N
                                          LONGITUDE:  91 58 W

[TEMPERATURE DATA]      [PRECIPITATION DATA]       SYMBOLS USED IN COLUMN 16

AVERAGE MONTHLY: 16.3   TOTAL FOR MONTH:      T    1 = FOG OR MIST
DPTR FM NORMAL:     M   DPTR FM NORMAL:       M    2 = FOG REDUCING VISIBILITY
HIGHEST:    43 ON  4, 3 GRTST 24HR    T  ON 16-16      TO 1/4 MILE OR LESS
LOWEST:     -8 ON  1                               3 = THUNDER
                        SNOW, ICE PELLETS, HAIL    4 = ICE PELLETS
                        TOTAL MONTH:    T          5 = HAIL
                        GRTST 24HR    T  ON 16-16  6 = FREEZING RAIN OR DRIZZLE
                        GRTST DEPTH:   0           7 = DUSTSTORM OR SANDSTORM:
                                                       VSBY 1/2 MILE OR LESS
                                                   8 = SMOKE OR HAZE
[NO. OF DAYS WITH]      [WEATHER - DAYS WITH]      9 = BLOWING SNOW
                                                   X = TORNADO
MAX 32 OR BELOW:  12    0.01 INCH OR MORE:   0
MAX 90 OR ABOVE:   0    0.10 INCH OR MORE:   0
MIN 32 OR BELOW:  15    0.50 INCH OR MORE:   0
MIN  0 OR BELOW:   7    1.00 INCH OR MORE:   0

[HDD (BASE 65) ]
TOTAL THIS MO.   776    CLEAR  (SCALE 0-3)   1
DPTR FM NORMAL     M    PTCLDY (SCALE 4-7)   7
TOTAL FM JUL 1  1939    CLOUDY (SCALE 8-10)  8
DPTR FM NORMAL     M

[CDD (BASE 65) ]
TOTAL THIS MO.     0
DPTR FM NORMAL     M    [PRESSURE DATA]
TOTAL FM JAN 1     0    HIGHEST SLP M ON M
DPTR FM NORMAL     M    LOWEST  SLP M ON M

[REMARKS]
