000
CXUS53 KOAX 201000
CF6OMA
PRELIMINARY LOCAL CLIMATOLOGICAL DATA (WS FORM: F-6)

                                          STATION:   OMAHA NE
                                          MONTH:     AUGUST
                                          YEAR:      2019
                                          LATITUDE:   41 17 N
                                          LONGITUDE:  95 54 W

  TEMPERATURE IN F:       :PCPN:    SNOW:  WIND      :SUNSHINE: SKY     :PK WND
================================================================================
1   2   3   4   5  6A  6B    7    8   9   10  11  12  13   14  15   16   17  18
                                     12Z  AVG MX 2MIN
DY MAX MIN AVG DEP HDD CDD  WTR  SNW DPTH SPD SPD DIR MIN PSBL S-S WX    SPD DR
================================================================================

 1  86  67  77   1   0  12 0.00  0.0    0 11.4 17 160   M    M   7        22 110
 2  81  69  75  -1   0  10 0.00  0.0    0  8.4 16 140   M    M   7        22 150
 3  85  69  77   1   0  12 0.00  0.0    0  6.9 15 100   M    M   6        19 100
 4  87  70  79   3   0  14 0.00  0.0    0  6.9 15 160   M    M   7        20 180
 5  90  72  81   5   0  16    T  0.0    0  9.3 20 190   M    M   8        26 200
 6  88  66  77   1   0  12 0.00  0.0    0  6.9 13 340   M    M   3        21 340
 7  90  71  81   5   0  16 0.02  0.0    0  8.1 38 210   M    M   7 38     51 200
 8  88  71  80   4   0  15 0.00  0.0    0  5.9 16  10   M    M   7        20  10
 9  86  69  78   2   0  13 0.00  0.0    0  8.2 16 140   M    M   6        20 130
10  89  75  82   6   0  17    T  0.0    0 10.9 29 180   M    M   9        37 180
11  86  71  79   3   0  14 3.19  0.0    0  6.7 20  10   M    M   8 13     24 360
12  86  72  79   4   0  14 0.30  0.0    0  6.4 20 180   M    M   8 13     24 180
13  89  71  80   5   0  15 0.00  0.0    0  7.5 17 350   M    M   5        26 350
14  78  61  70  -5   0   5 0.00  0.0    0  8.7 17 330   M    M   6        25 260
15  76  63  70  -5   0   5 0.26  0.0    0  5.4 22 130   M    M   7 13     28 130
16  83  64  74  -1   0   9 0.00  0.0    0  4.1  9  90   M    M   6 1      13  10
17  86  71  79   4   0  14 0.00  0.0    0 12.8 26 170   M    M   7        34 180
18  78  69  74  -1   0   9 0.32  0.0    0  6.5 33  20   M    M   8 13     47  20
19  88  66  77   3   0  12 0.00  0.0    0  8.6 18 160   M    M   5        25 150
================================================================================
SM 1620 1307         0 234  4.09     0.0 149.6          M      127
================================================================================
AV 85.3 68.8                               7.9 FASTST   M    M   7    MAX(MPH)
                                 MISC ---->  # 38 210               # 51  200
================================================================================
NOTES:
# LAST OF SEVERAL OCCURRENCES

COLUMN 17 PEAK WIND IN M.P.H.

PRELIMINARY LOCAL CLIMATOLOGICAL DATA (WS FORM: F-6) , PAGE 2

                                          STATION:  OMAHA NE
                                          MONTH:    AUGUST
                                          YEAR:     2019
                                          LATITUDE:   41 17 N
                                          LONGITUDE:  95 54 W

[TEMPERATURE DATA]      [PRECIPITATION DATA]       SYMBOLS USED IN COLUMN 16

AVERAGE MONTHLY: 77.0   TOTAL FOR MONTH:   4.09    1 = FOG OR MIST
DPTR FM NORMAL:   1.5   DPTR FM NORMAL:    1.67    2 = FOG REDUCING VISIBILITY
HIGHEST:    90 ON  7, 5 GRTST 24HR  3.19 ON 11-11      TO 1/4 MILE OR LESS
LOWEST:     61 ON 14                               3 = THUNDER
                        SNOW, ICE PELLETS, HAIL    4 = ICE PELLETS
                        TOTAL MONTH:   0.0 INCH    5 = HAIL
                        GRTST 24HR     0.0         6 = FREEZING RAIN OR DRIZZLE
                        GRTST DEPTH:   0           7 = DUSTSTORM OR SANDSTORM:
                                                       VSBY 1/2 MILE OR LESS
                                                   8 = SMOKE OR HAZE
[NO. OF DAYS WITH]      [WEATHER - DAYS WITH]      9 = BLOWING SNOW
                                                   X = TORNADO
MAX 32 OR BELOW:   0    0.01 INCH OR MORE:   5
MAX 90 OR ABOVE:   2    0.10 INCH OR MORE:   4
MIN 32 OR BELOW:   0    0.50 INCH OR MORE:   1
MIN  0 OR BELOW:   0    1.00 INCH OR MORE:   1

[HDD (BASE 65) ]
TOTAL THIS MO.     0    CLEAR  (SCALE 0-3)   1
DPTR FM NORMAL     0    PTCLDY (SCALE 4-7)  15
TOTAL FM JUL 1     0    CLOUDY (SCALE 8-10)  3
DPTR FM NORMAL    -1

[CDD (BASE 65) ]
TOTAL THIS MO.   234
DPTR FM NORMAL    33    [PRESSURE DATA]
TOTAL FM JAN 1  1038    HIGHEST SLP M ON M
DPTR FM NORMAL   160    LOWEST  SLP 29.59 ON 18

[REMARKS]
