000
CXUS53 KOAX 211000
CF6OMA
PRELIMINARY LOCAL CLIMATOLOGICAL DATA (WS FORM: F-6)

                                          STATION:   OMAHA NE
                                          MONTH:     FEBRUARY
                                          YEAR:      2019
                                          LATITUDE:   41 17 N
                                          LONGITUDE:  95 54 W

  TEMPERATURE IN F:       :PCPN:    SNOW:  WIND      :SUNSHINE: SKY     :PK WND
================================================================================
1   2   3   4   5  6A  6B    7    8   9   10  11  12  13   14  15   16   17  18
                                     12Z  AVG MX 2MIN
DY MAX MIN AVG DEP HDD CDD  WTR  SNW DPTH SPD SPD DIR MIN PSBL S-S WX    SPD DR
================================================================================

 1  37  10  24  -1  41   0 0.00  0.0    3 12.1 22 170   M    M   3        26 170
 2  42  28  35  10  30   0    T  0.0    2 10.2 14 170   M    M   9 12     19 170
 3  53  33  43  18  22   0 0.00  0.0    T 10.1 21 340   M    M  10 12     27 350
 4  33  10  22  -3  43   0    T  0.2    T 20.4 32 340   M    M   8 169    43 340
 5  16   8  12 -13  53   0    T  0.1    T  9.3 17  20   M    M   9 48     21  20
 6  16  11  14 -12  51   0 0.03  0.7    T 14.0 22 340   M    M  10 18     30 340
 7  11   2   7 -19  58   0 0.02  1.0    1 21.0 30 300   M    M   7 89     41 300
 8  16  -3   7 -19  58   0 0.00  0.0    1  8.5 23 310   M    M   2        28 300
 9  28   7  18  -8  47   0 0.00  0.0    1 16.1 26 140   M    M   8        34 150
10  31  25  28   2  37   0 0.27  2.5    1  8.4 21 130   M    M  10 12     27 140
11  27  24  26  -1  39   0 0.19  2.1    2  8.7 15  70   M    M  10 12568  22  60
12  27   8  18  -9  47   0    T    T    5 15.9 31 320   M    M   4 18     38 320
13  34   6  20  -7  45   0 0.00  0.0    3  8.7 17 150   M    M   9        20 150
14  34   5  20  -8  45   0    T    T    3 14.9 33 330   M    M   8 189    43 320
15  12   5   9 -19  56   0 0.02  0.3    3 10.7 18 350   M    M   9        22 350
16  20   1  11 -17  54   0 0.35  4.9    7  5.4 13  70   M    M   6 12     16  60
17  26  17  22  -7  43   0 0.08  1.7    9 11.5 20 320   M    M  10 18     23 330
18  18   2  10 -19  55   0    T    T    9  8.6 15  20   M    M   6 18     20 320
19  23  -4  10 -19  55   0 0.21  3.1    7  6.4 17 100   M    M   8 128    25  50
20  30  18  24  -6  41   0 0.18  1.1    9  7.3 21 220   M    M   6 1568   27 230
================================================================================
SM  534  213       920   0  1.35    17.7 228.2          M      152
================================================================================
AV 26.7 10.7                              11.4 FASTST   M    M   8    MAX(MPH)
                                 MISC ---->  # 33 330               # 43  340
================================================================================
NOTES:
# LAST OF SEVERAL OCCURRENCES

COLUMN 17 PEAK WIND IN M.P.H.

PRELIMINARY LOCAL CLIMATOLOGICAL DATA (WS FORM: F-6) , PAGE 2

                                          STATION:  OMAHA NE
                                          MONTH:    FEBRUARY
                                          YEAR:     2019
                                          LATITUDE:   41 17 N
                                          LONGITUDE:  95 54 W

[TEMPERATURE DATA]      [PRECIPITATION DATA]       SYMBOLS USED IN COLUMN 16

AVERAGE MONTHLY: 18.7   TOTAL FOR MONTH:   1.35    1 = FOG OR MIST
DPTR FM NORMAL:  -8.2   DPTR FM NORMAL:    0.79    2 = FOG REDUCING VISIBILITY
HIGHEST:    53 ON  3    GRTST 24HR  0.35 ON 16-16      TO 1/4 MILE OR LESS
LOWEST:     -4 ON 19                               3 = THUNDER
                        SNOW, ICE PELLETS, HAIL    4 = ICE PELLETS
                        TOTAL MONTH:  17.7 INCHES  5 = HAIL
                        GRTST 24HR   4.9 ON 16-16  6 = FREEZING RAIN OR DRIZZLE
                        GRTST DEPTH:   9 ON 20,18  7 = DUSTSTORM OR SANDSTORM:
                                                       VSBY 1/2 MILE OR LESS
                                                   8 = SMOKE OR HAZE
[NO. OF DAYS WITH]      [WEATHER - DAYS WITH]      9 = BLOWING SNOW
                                                   X = TORNADO
MAX 32 OR BELOW:  14    0.01 INCH OR MORE:   9
MAX 90 OR ABOVE:   0    0.10 INCH OR MORE:   5
MIN 32 OR BELOW:  19    0.50 INCH OR MORE:   0
MIN  0 OR BELOW:   2    1.00 INCH OR MORE:   0

[HDD (BASE 65) ]
TOTAL THIS MO.   920    CLEAR  (SCALE 0-3)   2
DPTR FM NORMAL   157    PTCLDY (SCALE 4-7)   9
TOTAL FM JUL 1  4662    CLOUDY (SCALE 8-10)  9
DPTR FM NORMAL   134

[CDD (BASE 65) ]
TOTAL THIS MO.     0
DPTR FM NORMAL     0    [PRESSURE DATA]
TOTAL FM JAN 1     0    HIGHEST SLP M ON M
DPTR FM NORMAL     0    LOWEST  SLP 29.47 ON 14

[REMARKS]
