000
CXAK56 PAFG 190940
CF6OME
PRELIMINARY LOCAL CLIMATOLOGICAL DATA (WS FORM: F-6)

                                          STATION:   NOME AK
                                          MONTH:     AUGUST
                                          YEAR:      2019
                                          LATITUDE:   64 30 N
                                          LONGITUDE: 165 26 W

  TEMPERATURE IN F:       :PCPN:    SNOW:  WIND      :SUNSHINE: SKY     :PK WND
================================================================================
1   2   3   4   5  6A  6B    7    8   9   10  11  12  13   14  15   16   17  18
                                     12Z  AVG MX 2MIN
DY MAX MIN AVG DEP HDD CDD  WTR  SNW DPTH SPD SPD DIR MIN PSBL S-S WX    SPD DR
================================================================================

 1  52  35  44  -8  21   0 0.31  0.0    0  7.0 17 120   M    M   4 1      22 110
 2  53  48  51   0  14   0 2.16  0.0    0 21.9 35 200   M    M  10 1      41 200
 3  52  45  49  -2  16   0    T  0.0    0 24.5 40 220   M    M   8 1      47 210
 4  57  38  48  -3  17   0 0.00  0.0    0  5.6 12 160   M    M   1        15 130
 5  59  47  53   2  12   0 0.03  0.0    0  6.9 13 250   M    M   8 1      15 250
 6  60  42  51   0  14   0 0.00  0.0    0  4.8 13 260   M    M   2 1       M  M
 7  54  42  48  -3  17   0 0.00  0.0    0 11.9 21 260   M    M   5        27 280
 8  55  50  53   2  12   0 0.00  0.0    0  8.9 14 270   M    M  10 1      17 250
 9  55  50  53   2  12   0 0.01  0.0    0  4.2 12 220   M    M  10 1      13 230
10  55  52  54   3  11   0 0.01  0.0    0  4.6 10 260   M    M  10 12     14 260
11  58  51  55   4  10   0 0.02  0.0    0  8.1 15  80   M    M   9        19  80
12  57  51  54   3  11   0 0.85  0.0    0 12.2 18 240   M    M   9 1      22 250
13  52  50  51   0  14   0 0.21  0.0    0 16.8 25 230   M    M  10 1      30 230
14  51  49  50   0  15   0 0.04  0.0    0 14.4 24 220   M    M  10 1      28 220
15  52  49  51   1  14   0 0.38  0.0    0  8.9 17 200   M    M  10 1      20 200
16  58  44  51   1  14   0 0.03  0.0    0 10.1 18 310   M    M   5        22 320
17  58  39  49  -1  16   0 0.00  0.0    0  5.3 16 270   M    M   2        19 260
18  56  44  50   0  15   0 0.10  0.0    0  3.4 10 240   M    M   4        11 250
================================================================================
SM  994  826       255   0  4.15     0.0 179.5          M      127
================================================================================
AV 55.2 45.9                              10.0 FASTST   M    M   7    MAX(MPH)
                                 MISC ---->  # 40 220               # 47  210
================================================================================
NOTES:
# LAST OF SEVERAL OCCURRENCES

COLUMN 17 PEAK WIND IN M.P.H.

PRELIMINARY LOCAL CLIMATOLOGICAL DATA (WS FORM: F-6) , PAGE 2

                                          STATION:  NOME AK
                                          MONTH:    AUGUST
                                          YEAR:     2019
                                          LATITUDE:   64 30 N
                                          LONGITUDE: 165 26 W

[TEMPERATURE DATA]      [PRECIPITATION DATA]       SYMBOLS USED IN COLUMN 16

AVERAGE MONTHLY: 50.6   TOTAL FOR MONTH:   4.15    1 = FOG OR MIST
DPTR FM NORMAL:  -0.2   DPTR FM NORMAL:    2.25    2 = FOG REDUCING VISIBILITY
HIGHEST:    60 ON  6    GRTST 24HR  2.16 ON  2- 2      TO 1/4 MILE OR LESS
LOWEST:     35 ON  1                               3 = THUNDER
                        SNOW, ICE PELLETS, HAIL    4 = ICE PELLETS
                        TOTAL MONTH:   0.0 INCH    5 = HAIL
                        GRTST 24HR     0.0         6 = FREEZING RAIN OR DRIZZLE
                        GRTST DEPTH:   0           7 = DUSTSTORM OR SANDSTORM:
                                                       VSBY 1/2 MILE OR LESS
                                                   8 = SMOKE OR HAZE
[NO. OF DAYS WITH]      [WEATHER - DAYS WITH]      9 = BLOWING SNOW
                                                   X = TORNADO
MAX 32 OR BELOW:   0    0.01 INCH OR MORE:  12
MAX 90 OR ABOVE:   0    0.10 INCH OR MORE:   6
MIN 32 OR BELOW:   0    0.50 INCH OR MORE:   2
MIN  0 OR BELOW:   0    1.00 INCH OR MORE:   1

[HDD (BASE 65) ]
TOTAL THIS MO.   255    CLEAR  (SCALE 0-3)   3
DPTR FM NORMAL    -3    PTCLDY (SCALE 4-7)   6
TOTAL FM JUL 1   594    CLOUDY (SCALE 8-10)  9
DPTR FM NORMAL   -62

[CDD (BASE 65) ]
TOTAL THIS MO.     0
DPTR FM NORMAL     0    [PRESSURE DATA]
TOTAL FM JAN 1    17    HIGHEST SLP M ON M
DPTR FM NORMAL    14    LOWEST  SLP 29.35 ON  1

[REMARKS]
