000
CXAK56 PAFG 240951
CF6OME
PRELIMINARY LOCAL CLIMATOLOGICAL DATA (WS FORM: F-6)

                                          STATION:   NOME AK
                                          MONTH:     APRIL
                                          YEAR:      2019
                                          LATITUDE:   64 30 N
                                          LONGITUDE: 165 26 W

  TEMPERATURE IN F:       :PCPN:    SNOW:  WIND      :SUNSHINE: SKY     :PK WND
================================================================================
1   2   3   4   5  6A  6B    7    8   9   10  11  12  13   14  15   16   17  18
                                     12Z  AVG MX 2MIN
DY MAX MIN AVG DEP HDD CDD  WTR  SNW DPTH SPD SPD DIR MIN PSBL S-S WX    SPD DR
================================================================================

 1  34  17  26  13  39   0 0.00  0.0   22  1.8 10 340   M    M   8 12     11 330
 2  37  17  27  13  38   0    T    T   39  4.8 16 320   M    M   3 12     20 320
 3  34  23  29  15  36   0 0.00  0.0   38 13.8 23  40   M    M   0        28  40
 4  30  20  25  11  40   0    T    T   37 17.7 39  30   M    M   0        47  40
 5  30  14  22   7  43   0 0.00  0.0   36 12.5 22  30   M    M   0        30  30
 6  27  13  20   5  45   0 0.00  0.0   35 13.1 26  40   M    M   0        33  30
 7  29  14  22   6  43   0 0.00  0.0   35  8.6 17 360   M    M   1        21  10
 8  36  22  29  13  36   0    T    T   34 10.6 17  20   M    M  10 1      20  20
 9  37  26  32  15  33   0 0.09  1.2   33  8.6 14 190   M    M   9 1      18 110
10  31  16  24   7  41   0 0.00  0.0   33  8.3 17  30   M    M   6        21  40
11  37  25  31  13  34   0 0.00  0.0   33 18.4 25  20   M    M   2        32  30
12  37  24  31  13  34   0 0.00  0.0   26  9.8 26 360   M    M   0        30 360
13  31  16  24   5  41   0 0.00  0.0   25  3.1 10 330   M    M   2        12 330
14  24  17  21   2  44   0 0.00  0.0   28  6.6 15  30   M    M   9 1      17  30
15  20   9  15  -5  50   0 0.00  0.0   25  9.9 23 360   M    M   5        28 360
16  17   8  13  -8  52   0 0.00  0.0   23 10.3 18 360   M    M   5        21 350
17  24   5  15  -6  50   0 0.01    M    M  3.9 17  30   M    M   7 18     22  40
18  23  10  17  -5  48   0    T    T   23  9.9 20 360   M    M   4 1      25 360
19  19   5  12 -10  53   0 0.00  0.0   23  8.0 15 350   M    M   1        17 350
20  15   2   9 -14  56   0 0.00  0.0   22  6.5 14 350   M    M   2        15 350
21  15  -2   7 -17  58   0 0.00  0.0   22  6.2 14 350   M    M   0        15 350
22  34  11  23  -1  42   0 0.05  0.5   21  7.9 21  40   M    M  10 1      27  40
23  33  21  27   2  38   0    T    T   21  5.1 13 110   M    M   8 1      15 180
================================================================================
SM  654  333       994   0  0.15     1.7 205.4          M       92
================================================================================
AV 28.4 14.5                               8.9 FASTST   M    M   4    MAX(MPH)
                                 MISC ---->  # 39  30               # 47   40
================================================================================
NOTES:
# LAST OF SEVERAL OCCURRENCES

COLUMN 17 PEAK WIND IN M.P.H.

PRELIMINARY LOCAL CLIMATOLOGICAL DATA (WS FORM: F-6) , PAGE 2

                                          STATION:  NOME AK
                                          MONTH:    APRIL
                                          YEAR:     2019
                                          LATITUDE:   64 30 N
                                          LONGITUDE: 165 26 W

[TEMPERATURE DATA]      [PRECIPITATION DATA]       SYMBOLS USED IN COLUMN 16

AVERAGE MONTHLY: 21.5   TOTAL FOR MONTH:   0.15    1 = FOG OR MIST
DPTR FM NORMAL:   2.9   DPTR FM NORMAL:   -0.41    2 = FOG REDUCING VISIBILITY
HIGHEST:    37 ON 12,11 GRTST 24HR  0.09 ON  9- 9      TO 1/4 MILE OR LESS
LOWEST:     -2 ON 21                               3 = THUNDER
                        SNOW, ICE PELLETS, HAIL    4 = ICE PELLETS
                        TOTAL MONTH:   1.7 INCHES  5 = HAIL
                        GRTST 24HR   1.2 ON  9- 9  6 = FREEZING RAIN OR DRIZZLE
                        GRTST DEPTH:  39 ON  2     7 = DUSTSTORM OR SANDSTORM:
                                                       VSBY 1/2 MILE OR LESS
                                                   8 = SMOKE OR HAZE
[NO. OF DAYS WITH]      [WEATHER - DAYS WITH]      9 = BLOWING SNOW
                                                   X = TORNADO
MAX 32 OR BELOW:  14    0.01 INCH OR MORE:   3
MAX 90 OR ABOVE:   0    0.10 INCH OR MORE:   0
MIN 32 OR BELOW:  23    0.50 INCH OR MORE:   0
MIN  0 OR BELOW:   1    1.00 INCH OR MORE:   0

[HDD (BASE 65) ]
TOTAL THIS MO.   994    CLEAR  (SCALE 0-3)  12
DPTR FM NORMAL   -76    PTCLDY (SCALE 4-7)   7
TOTAL FM JUL 1 10459    CLOUDY (SCALE 8-10)  4
DPTR FM NORMAL -1586

[CDD (BASE 65) ]
TOTAL THIS MO.     0
DPTR FM NORMAL     0    [PRESSURE DATA]
TOTAL FM JAN 1     0    HIGHEST SLP M ON M
DPTR FM NORMAL     0    LOWEST  SLP 29.79 ON M

[REMARKS]
