000
CXAK56 PAFG 190951
CF6OME
PRELIMINARY LOCAL CLIMATOLOGICAL DATA (WS FORM: F-6)

                                          STATION:   NOME AK
                                          MONTH:     FEBRUARY
                                          YEAR:      2019
                                          LATITUDE:   64 30 N
                                          LONGITUDE: 165 26 W

  TEMPERATURE IN F:       :PCPN:    SNOW:  WIND      :SUNSHINE: SKY     :PK WND
================================================================================
1   2   3   4   5  6A  6B    7    8   9   10  11  12  13   14  15   16   17  18
                                     12Z  AVG MX 2MIN
DY MAX MIN AVG DEP HDD CDD  WTR  SNW DPTH SPD SPD DIR MIN PSBL S-S WX    SPD DR
================================================================================

 1  17  12  15  10  50   0 0.00  0.0   32 15.9 25  90   M    M   4        31  90
 2  30  15  23  17  42   0 0.22  4.4   31 21.0 40  90   M    M   8 126    50  90
 3  29  22  26  20  39   0 0.05  1.0   36 14.1 29 240   M    M  10 12     35 240
 4  28  21  25  19  40   0    T    T   36 15.1 33 100   M    M   8 189    43 100
 5  30  24  27  21  38   0 0.13  1.8   37 21.4 35  90   M    M  10 129    43  90
 6  31  28  30  24  35   0 0.06  1.0   38 19.9 38 120   M    M  10 12     48 120
 7  34  27  31  25  34   0 0.15    M   38 14.1 29 160   M    M  10 18     37 170
 8  30  18  24  17  41   0    M    M    M 10.3 21 200   M    M   9 1      24 100
 9  32  18  25  18  40   0    M    M    M 20.3 29 130   M    M   8 16     37 140
10  31   5  18  11  47   0    M    M    M 14.7 32 270   M    M   8 1      39 280
11  31  17  24  17  41   0 0.15  2.3   41 25.9 41 110   M    M  10 128    51 110
12  24  -6   9   2  56   0    M    M    M 21.7 45 220   M    M   8 1289   55 230
13   5 -17  -6 -13  71   0    M    M    M  2.3 13  70   M    M   5 1      16  70
14  14  -1   7  -1  58   0    T  0.1   43 19.0 29  90   M    M   9 189    35  90
15  18  13  16   8  49   0 0.09  1.6   43 24.2 36  90   M    M  10 19     43 100
16  27  18  23  15  42   0    T    T   44 13.1 22  90   M    M   9 9      27  90
17  28  13  21  13  44   0 0.07  1.2   44 10.8 22  30   M    M   9 18     27  30
18  23  10  17   9  48   0 0.00  0.0   45 14.0 29 300   M    M   3 1      33 300
================================================================================
SM  462  237       815   0  0.92    13.4 297.8          M      148
================================================================================
AV 25.7 13.2                              16.5 FASTST   M    M   8    MAX(MPH)
                                 MISC ---->  # 45 220               # 55  230
================================================================================
NOTES:
# LAST OF SEVERAL OCCURRENCES

COLUMN 17 PEAK WIND IN M.P.H.

PRELIMINARY LOCAL CLIMATOLOGICAL DATA (WS FORM: F-6) , PAGE 2

                                          STATION:  NOME AK
                                          MONTH:    FEBRUARY
                                          YEAR:     2019
                                          LATITUDE:   64 30 N
                                          LONGITUDE: 165 26 W

[TEMPERATURE DATA]      [PRECIPITATION DATA]       SYMBOLS USED IN COLUMN 16

AVERAGE MONTHLY: 19.4   TOTAL FOR MONTH:   0.92    1 = FOG OR MIST
DPTR FM NORMAL:  12.6   DPTR FM NORMAL:    0.31    2 = FOG REDUCING VISIBILITY
HIGHEST:    34 ON  7    GRTST 24HR  0.22 ON  2- 2      TO 1/4 MILE OR LESS
LOWEST:    -17 ON 13                               3 = THUNDER
                        SNOW, ICE PELLETS, HAIL    4 = ICE PELLETS
                        TOTAL MONTH:  13.4 INCHES  5 = HAIL
                        GRTST 24HR   4.4 ON  2- 2  6 = FREEZING RAIN OR DRIZZLE
                        GRTST DEPTH:  45 ON 18     7 = DUSTSTORM OR SANDSTORM:
                                                       VSBY 1/2 MILE OR LESS
                                                   8 = SMOKE OR HAZE
[NO. OF DAYS WITH]      [WEATHER - DAYS WITH]      9 = BLOWING SNOW
                                                   X = TORNADO
MAX 32 OR BELOW:  17    0.01 INCH OR MORE:   8
MAX 90 OR ABOVE:   0    0.10 INCH OR MORE:   4
MIN 32 OR BELOW:  18    0.50 INCH OR MORE:   0
MIN  0 OR BELOW:   3    1.00 INCH OR MORE:   0

[HDD (BASE 65) ]
TOTAL THIS MO.   815    CLEAR  (SCALE 0-3)   1
DPTR FM NORMAL  -233    PTCLDY (SCALE 4-7)   5
TOTAL FM JUL 1  7791    CLOUDY (SCALE 8-10) 12
DPTR FM NORMAL  -925

[CDD (BASE 65) ]
TOTAL THIS MO.     0
DPTR FM NORMAL     0    [PRESSURE DATA]
TOTAL FM JAN 1     0    HIGHEST SLP M ON M
DPTR FM NORMAL     0    LOWEST  SLP 29.14 ON 12

[REMARKS]
