000
CXUS56 KOTX 160900
CF6OMK
PRELIMINARY LOCAL CLIMATOLOGICAL DATA (WS FORM: F-6)

                                          STATION:   OMAK WA AIRPORT
                                          MONTH:     FEBRUARY
                                          YEAR:      2019
                                          LATITUDE:   48 27 N
                                          LONGITUDE: 119 31 W

  TEMPERATURE IN F:       :PCPN:    SNOW:  WIND      :SUNSHINE: SKY     :PK WND
================================================================================
1   2   3   4   5  6A  6B    7    8   9   10  11  12  13   14  15   16   17  18
                                     12Z  AVG MX 2MIN
DY MAX MIN AVG DEP HDD CDD  WTR  SNW DPTH SPD SPD DIR MIN PSBL S-S WX    SPD DR
================================================================================

 1  34  31  33   4  32   0 0.00    M    M  8.0 18 210   M    M  10        22 210
 2  35  31  33   3  32   0 0.00    M    M  7.8 18 200   M    M  10        23 210
 3  31  13  22  -8  43   0 0.00    M    M 21.9 38  10   M    M   8        46  10
 4  16   9  13 -17  52   0    T    M    M 29.8 40 360   M    M   5        51 360
 5  21   8  15 -15  50   0 0.00    M    M 19.5 29 350   M    M   0        40  10
 6  26  11  19 -11  46   0 0.00    M    M 14.2 29  10   M    M   0        36 360
 7  24   5  15 -15  50   0 0.00    M    M  4.8 12 200   M    M   4        15  10
 8  26  19  23  -7  42   0 0.01    M    M  9.9 22 360   M    M  10 1      28  10
 9  24  15  20 -11  45   0 0.01    M    M 23.7 31  10   M    M   9 1      40  10
10  19  10  15 -16  50   0 0.02    M    M 13.3 28 350   M    M   4 1      36 360
11  21  10  16 -15  49   0 0.09    M    M 11.1 18 350   M    M   6 1      22 350
12  22  16  19 -12  46   0 0.01    M    M 11.4 18 360   M    M  10 18     23 360
13  28  19  24  -7  41   0 0.00    M    M 16.9 24 360   M    M   5        30  10
14  23  10  17 -14  48   0 0.07    M    M 14.9 31 360   M    M   6 18     38 360
15  32  22  27  -5  38   0    T    M    M  2.5 14  10   M    M  10 1      16  10
================================================================================
SM  382  229       664   0  0.21    M    209.7          M       97
================================================================================
AV 25.5 15.3                              14.0 FASTST   M    M   6    MAX(MPH)
                                 MISC ---->  # 40 360               # 51  360
================================================================================
NOTES:
# LAST OF SEVERAL OCCURRENCES

COLUMN 17 PEAK WIND IN M.P.H.

PRELIMINARY LOCAL CLIMATOLOGICAL DATA (WS FORM: F-6) , PAGE 2

                                          STATION:  OMAK WA AIRPORT
                                          MONTH:    FEBRUARY
                                          YEAR:     2019
                                          LATITUDE:   48 27 N
                                          LONGITUDE: 119 31 W

[TEMPERATURE DATA]      [PRECIPITATION DATA]       SYMBOLS USED IN COLUMN 16

AVERAGE MONTHLY: 20.4   TOTAL FOR MONTH:   0.21    1 = FOG OR MIST
DPTR FM NORMAL: -10.1   DPTR FM NORMAL:   -0.54    2 = FOG REDUCING VISIBILITY
HIGHEST:    35 ON  2    GRTST 24HR  0.09 ON 11-11      TO 1/4 MILE OR LESS
LOWEST:      5 ON  7                               3 = THUNDER
                        SNOW, ICE PELLETS, HAIL    4 = ICE PELLETS
                        TOTAL MONTH:    M          5 = HAIL
                        GRTST 24HR    M  ON   M    6 = FREEZING RAIN OR DRIZZLE
                        GRTST DEPTH:  M  ON   M    7 = DUSTSTORM OR SANDSTORM:
                                                       VSBY 1/2 MILE OR LESS
                                                   8 = SMOKE OR HAZE
[NO. OF DAYS WITH]      [WEATHER - DAYS WITH]      9 = BLOWING SNOW
                                                   X = TORNADO
MAX 32 OR BELOW:  13    0.01 INCH OR MORE:   6
MAX 90 OR ABOVE:   0    0.10 INCH OR MORE:   0
MIN 32 OR BELOW:  15    0.50 INCH OR MORE:   0
MIN  0 OR BELOW:   0    1.00 INCH OR MORE:   0

[HDD (BASE 65) ]
TOTAL THIS MO.   664    CLEAR  (SCALE 0-3)   2
DPTR FM NORMAL   146    PTCLDY (SCALE 4-7)   7
TOTAL FM JUL 1  4176    CLOUDY (SCALE 8-10)  6
DPTR FM NORMAL  -275

[CDD (BASE 65) ]
TOTAL THIS MO.     0
DPTR FM NORMAL     0    [PRESSURE DATA]
TOTAL FM JAN 1     0    HIGHEST SLP M ON M
DPTR FM NORMAL     0    LOWEST  SLP 29.22 ON 14

[REMARKS]
