000
CXUS56 KBOI 251002
CF6ONO
PRELIMINARY LOCAL CLIMATOLOGICAL DATA (WS FORM: F-6)

                                          STATION:   ONTARIO OR
                                          MONTH:     APRIL
                                          YEAR:      2019
                                          LATITUDE:   44  1 N
                                          LONGITUDE: 117  1 W

  TEMPERATURE IN F:       :PCPN:    SNOW:  WIND      :SUNSHINE: SKY     :PK WND
================================================================================
1   2   3   4   5  6A  6B    7    8   9   10  11  12  13   14  15   16   17  18
                                     12Z  AVG MX 2MIN
DY MAX MIN AVG DEP HDD CDD  WTR  SNW DPTH SPD SPD DIR MIN PSBL S-S WX    SPD DR
================================================================================

 1  63  41  52   5  13   0 0.00    M    M  3.2 12 120   M    M   7        16 120
 2  58  47  53   5  12   0 0.16    M    M  3.3 13 190   M    M  10 1      15 200
 3  65  47  56   8   9   0 0.06    M    M  3.5 14 110   M    M   6 18     20 100
 4  68  43  56   8   9   0    T    M    M  2.4 10 250   M    M   4        12 250
 5  65  46  56   8   9   0 0.06    M    M  6.0 28 220   M    M   7        35 210
 6  63  36  50   2  15   0 0.05    M    M  6.7 17 210   M    M   6 1      23 210
 7  70  52  61  13   4   0 0.04    M    M  5.7 22 190   M    M   9        26 180
 8  61  53  57   8   8   0 0.46    M    M  2.7 15 310   M    M   9 1      17 310
 9  59  46  53   4  12   0 0.13    M    M 13.6 29 300   M    M   7        36 300
10  59  42  51   2  14   0 0.00    M    M 16.3 33 300   M    M   5        40 320
11  57  43  50   1  15   0 0.01    M    M  8.0 21 320   M    M   8        26 320
12  61  44  53   4  12   0    T    M    M  7.6 23 250   M    M   8        26 250
13  67  37  52   2  13   0 0.04    M    M  5.3 15 310   M    M   5        20 310
14  55  44  50   0  15   0 0.07    M    M  5.9 15 340   M    M   9        18 340
15  57  43  50   0  15   0 0.08    M    M  2.8 12  90   M    M   9 1      15 150
16  63  39  51   1  14   0 0.00    M    M  6.9 15 300   M    M   2        21 300
17  69  39  54   4  11   0 0.00    M    M  4.8 17 280   M    M   3 8      22 340
18  75  39  57   6   8   0 0.00    M    M  3.2  8 120   M    M   0        13 100
19  83  44  64  13   1   0    T    M    M  5.6 25 200   M    M   1 3      33 210
20  65  54  60   9   5   0 0.21    M    M 14.8 24 310   M    M   8        31 320
21  71  52  62  10   3   0    T    M    M 20.1 26 330   M    M   6        35 320
22  75  48  62  10   3   0 0.00    M    M  6.7 18 320   M    M   0        25 310
23  78  50  64  12   1   0 0.14    M    M  3.2 24 310   M    M   3        29 310
24  74  52  63  11   2   0 0.00    M    M  8.7 18 350   M    M   2        24 360
================================================================================
SM 1581 1081       223   0  1.51    M    167.0          M      134
================================================================================
AV 65.9 45.0                               7.0 FASTST   M    M   6    MAX(MPH)
                                 MISC ---->  # 33 300               # 40  320
================================================================================
NOTES:
# LAST OF SEVERAL OCCURRENCES

COLUMN 17 PEAK WIND IN M.P.H.

PRELIMINARY LOCAL CLIMATOLOGICAL DATA (WS FORM: F-6) , PAGE 2

                                          STATION:  ONTARIO OR
                                          MONTH:    APRIL
                                          YEAR:     2019
                                          LATITUDE:   44  1 N
                                          LONGITUDE: 117  1 W

[TEMPERATURE DATA]      [PRECIPITATION DATA]       SYMBOLS USED IN COLUMN 16

AVERAGE MONTHLY: 55.5   TOTAL FOR MONTH:   1.51    1 = FOG OR MIST
DPTR FM NORMAL:   5.8   DPTR FM NORMAL:    0.88    2 = FOG REDUCING VISIBILITY
HIGHEST:    83 ON 19    GRTST 24HR  0.46 ON  8- 8      TO 1/4 MILE OR LESS
LOWEST:     36 ON  6                               3 = THUNDER
                        SNOW, ICE PELLETS, HAIL    4 = ICE PELLETS
                        TOTAL MONTH:    M          5 = HAIL
                        GRTST 24HR    M  ON   M    6 = FREEZING RAIN OR DRIZZLE
                        GRTST DEPTH:  M  ON   M    7 = DUSTSTORM OR SANDSTORM:
                                                       VSBY 1/2 MILE OR LESS
                                                   8 = SMOKE OR HAZE
[NO. OF DAYS WITH]      [WEATHER - DAYS WITH]      9 = BLOWING SNOW
                                                   X = TORNADO
MAX 32 OR BELOW:   0    0.01 INCH OR MORE:  13
MAX 90 OR ABOVE:   0    0.10 INCH OR MORE:   5
MIN 32 OR BELOW:   0    0.50 INCH OR MORE:   0
MIN  0 OR BELOW:   0    1.00 INCH OR MORE:   0

[HDD (BASE 65) ]
TOTAL THIS MO.   223    CLEAR  (SCALE 0-3)   6
DPTR FM NORMAL  -148    PTCLDY (SCALE 4-7)  13
TOTAL FM JUL 1  4775    CLOUDY (SCALE 8-10)  5
DPTR FM NORMAL  -896

[CDD (BASE 65) ]
TOTAL THIS MO.     0
DPTR FM NORMAL     0    [PRESSURE DATA]
TOTAL FM JAN 1     0    HIGHEST SLP M ON M
DPTR FM NORMAL     0    LOWEST  SLP 29.62 ON M

[REMARKS]
