000
CXUS56 KBOI 211002
CF6ONO
PRELIMINARY LOCAL CLIMATOLOGICAL DATA (WS FORM: F-6)

                                          STATION:   ONTARIO OR
                                          MONTH:     FEBRUARY
                                          YEAR:      2019
                                          LATITUDE:   44  1 N
                                          LONGITUDE: 117  1 W

  TEMPERATURE IN F:       :PCPN:    SNOW:  WIND      :SUNSHINE: SKY     :PK WND
================================================================================
1   2   3   4   5  6A  6B    7    8   9   10  11  12  13   14  15   16   17  18
                                     12Z  AVG MX 2MIN
DY MAX MIN AVG DEP HDD CDD  WTR  SNW DPTH SPD SPD DIR MIN PSBL S-S WX    SPD DR
================================================================================

 1  43  23  33   3  32   0 0.02    M    M  4.0 12 250   M    M   5 18     14 250
 2  47  35  41  11  24   0 0.55    M    M  3.7 10 270   M    M  10 18     13 270
 3  53  40  47  17  18   0 0.48    M    M  7.0 21 180   M    M   8 1      27 180
 4  51  35  43  13  22   0 0.08    M    M  6.6 26 210   M    M   6 3      35 220
 5  41  31  36   6  29   0 0.00    M    M  7.1 16 240   M    M   5 8      20 240
 6  36  23  30  -1  35   0 0.00    M    M 20.1 30 320   M    M   6        37 320
 7  33  16  25  -6  40   0 0.00    M    M  5.8 18 320   M    M   0        22 330
 8  34  22  28  -3  37   0 0.03    M    M  5.8 14 130   M    M   5 1      18 120
 9  40  30  35   4  30   0 0.03    M    M 15.9 25 140   M    M  10 1      34 150
10  37  25  31  -1  34   0 0.02    M    M  7.0 18 230   M    M   7 1      23 230
11  43  29  36   4  29   0 0.00    M    M 11.7 17 160   M    M   9 8      23 150
12  41  30  36   4  29   0    T    M    M  8.2 20 150   M    M   4        25 140
13  41  37  39   7  26   0 0.23    M    M 10.6 23 150   M    M   9 1      29 150
14  46  38  42   9  23   0 0.72    M    M  4.4 13  50   M    M   9 12     16  50
15  47  32  40   7  25   0 0.01    M    M  7.8 26 240   M    M   5        39 240
16  46  32  39   5  26   0 0.03    M    M  4.7 13 300   M    M   7 1      17 170
17  45  33  39   5  26   0    T    M    M  8.6 22 310   M    M   7 1      27 310
18  40  26  33  -1  32   0 0.00    M    M 14.8 26 310   M    M   5        31 310
19  38  26  32  -3  33   0    T    M    M  3.0 10 300   M    M   9        12 300
20  40  29  35   0  30   0 0.01    M    M  1.8  8  20   M    M   6 1      10  10
================================================================================
SM  842  592       580   0  2.21    M    158.6          M      132
================================================================================
AV 42.1 29.6                               7.9 FASTST   M    M   7    MAX(MPH)
                                 MISC ---->  # 30 320               # 39  240
================================================================================
NOTES:
# LAST OF SEVERAL OCCURRENCES

COLUMN 17 PEAK WIND IN M.P.H.

PRELIMINARY LOCAL CLIMATOLOGICAL DATA (WS FORM: F-6) , PAGE 2

                                          STATION:  ONTARIO OR
                                          MONTH:    FEBRUARY
                                          YEAR:     2019
                                          LATITUDE:   44  1 N
                                          LONGITUDE: 117  1 W

[TEMPERATURE DATA]      [PRECIPITATION DATA]       SYMBOLS USED IN COLUMN 16

AVERAGE MONTHLY: 35.9   TOTAL FOR MONTH:   2.21    1 = FOG OR MIST
DPTR FM NORMAL:   3.8   DPTR FM NORMAL:    1.66    2 = FOG REDUCING VISIBILITY
HIGHEST:    53 ON  3    GRTST 24HR  0.72 ON 14-14      TO 1/4 MILE OR LESS
LOWEST:     16 ON  7                               3 = THUNDER
                        SNOW, ICE PELLETS, HAIL    4 = ICE PELLETS
                        TOTAL MONTH:    M          5 = HAIL
                        GRTST 24HR    M  ON   M    6 = FREEZING RAIN OR DRIZZLE
                        GRTST DEPTH:  M  ON   M    7 = DUSTSTORM OR SANDSTORM:
                                                       VSBY 1/2 MILE OR LESS
                                                   8 = SMOKE OR HAZE
[NO. OF DAYS WITH]      [WEATHER - DAYS WITH]      9 = BLOWING SNOW
                                                   X = TORNADO
MAX 32 OR BELOW:   0    0.01 INCH OR MORE:  12
MAX 90 OR ABOVE:   0    0.10 INCH OR MORE:   4
MIN 32 OR BELOW:  14    0.50 INCH OR MORE:   2
MIN  0 OR BELOW:   0    1.00 INCH OR MORE:   0

[HDD (BASE 65) ]
TOTAL THIS MO.   580    CLEAR  (SCALE 0-3)   1
DPTR FM NORMAL   -79    PTCLDY (SCALE 4-7)  12
TOTAL FM JUL 1  3693    CLOUDY (SCALE 8-10)  7
DPTR FM NORMAL  -709

[CDD (BASE 65) ]
TOTAL THIS MO.     0
DPTR FM NORMAL     0    [PRESSURE DATA]
TOTAL FM JAN 1     0    HIGHEST SLP M ON M
DPTR FM NORMAL     0    LOWEST  SLP 29.26 ON 14

[REMARKS]
