000
CXUS52 KMFL 191000
CF6OPF
PRELIMINARY LOCAL CLIMATOLOGICAL DATA (WS FORM: F-6)

                                          STATION:   OPA-LOCKA ARPT
                                          MONTH:     FEBRUARY
                                          YEAR:      2019
                                          LATITUDE:   25 53 N
                                          LONGITUDE:  80 17 W

  TEMPERATURE IN F:       :PCPN:    SNOW:  WIND      :SUNSHINE: SKY     :PK WND
================================================================================
1   2   3   4   5  6A  6B    7    8   9   10  11  12  13   14  15   16   17  18
                                     12Z  AVG MX 2MIN
DY MAX MIN AVG DEP HDD CDD  WTR  SNW DPTH SPD SPD DIR MIN PSBL S-S WX    SPD DR
================================================================================

 1  80  65  73   5   0   8 0.00  0.0    0  7.6 17 120   M    M   5        20 110
 2  81  68  75   7   0  10 0.35  0.0    0  6.4 21  40   M    M   3 1      25  40
 3  84  65  75   7   0  10 0.00  0.0    0  4.6 13 300   M    M   3 1      20 280
 4  77  66  72   4   0   7 0.00  0.0    0  5.8 14 310   M    M   3 1      17 330
 5  81  63  72   4   0   7 0.00  0.0    0  5.0 14  80   M    M   1        19  80
 6  79  62  71   3   0   6    T  0.0    0  5.2 15  80   M    M   1        22  90
 7  80  62  71   3   0   6 0.00  0.0    0  6.4 17 100   M    M   3        22  80
 8  82  64  73   4   0   8 0.00  0.0    0  5.9 17 110   M    M   2        21 110
 9  80  64  72   3   0   7 0.01  0.0    0 10.7 22  50   M    M   5        36  60
10  82  71  77   8   0  12 0.03  0.0    0 13.6 22  90   M    M   5        27  90
11  81  71  76   7   0  11 0.22  0.0    0  9.8 21 130   M    M   6 1      30 140
12  84  73  79  10   0  14 0.00  0.0    0 11.8 21 160   M    M   4        25 180
13  75  60  68  -1   0   3 0.87  0.0    0 10.6 29 290   M    M   6 1      33 290
14  80  57  69   0   0   4 0.00  0.0    0 10.4 20  50   M    M   3        24  50
15  81  63  72   3   0   7 0.00  0.0    0  5.6 13 350   M    M   2        14 350
16  82  59  71   2   0   6 0.00  0.0    0  5.0 17 180   M    M   2        21 160
17  85  65  75   5   0  10 0.00  0.0    0  7.7 20 160   M    M   2        25 150
18  87  75  81  11   0  16 0.00  0.0    0  9.5 17 170   M    M   3        21 160
================================================================================
SM 1461 1173         0 152  1.48     0.0 141.6          M       59
================================================================================
AV 81.2 65.2                               7.9 FASTST   M    M   3    MAX(MPH)
                                 MISC ---->  # 29 290               # 36   60
================================================================================
NOTES:
# LAST OF SEVERAL OCCURRENCES

COLUMN 17 PEAK WIND IN M.P.H.

PRELIMINARY LOCAL CLIMATOLOGICAL DATA (WS FORM: F-6) , PAGE 2

                                          STATION:  OPA-LOCKA ARPT
                                          MONTH:    FEBRUARY
                                          YEAR:     2019
                                          LATITUDE:   25 53 N
                                          LONGITUDE:  80 17 W

[TEMPERATURE DATA]      [PRECIPITATION DATA]       SYMBOLS USED IN COLUMN 16

AVERAGE MONTHLY: 73.2   TOTAL FOR MONTH:   1.48    1 = FOG OR MIST
DPTR FM NORMAL:   4.4   DPTR FM NORMAL:   -0.15    2 = FOG REDUCING VISIBILITY
HIGHEST:    87 ON 18    GRTST 24HR  0.87 ON 13-13      TO 1/4 MILE OR LESS
LOWEST:     57 ON 14                               3 = THUNDER
                        SNOW, ICE PELLETS, HAIL    4 = ICE PELLETS
                        TOTAL MONTH:   0.0 INCH    5 = HAIL
                        GRTST 24HR     0.0         6 = FREEZING RAIN OR DRIZZLE
                        GRTST DEPTH:   0           7 = DUSTSTORM OR SANDSTORM:
                                                       VSBY 1/2 MILE OR LESS
                                                   8 = SMOKE OR HAZE
[NO. OF DAYS WITH]      [WEATHER - DAYS WITH]      9 = BLOWING SNOW
                                                   X = TORNADO
MAX 32 OR BELOW:   0    0.01 INCH OR MORE:   5
MAX 90 OR ABOVE:   0    0.10 INCH OR MORE:   3
MIN 32 OR BELOW:   0    0.50 INCH OR MORE:   1
MIN  0 OR BELOW:   0    1.00 INCH OR MORE:   0

[HDD (BASE 65) ]
TOTAL THIS MO.     0    CLEAR  (SCALE 0-3)  11
DPTR FM NORMAL   -18    PTCLDY (SCALE 4-7)   7
TOTAL FM JUL 1    56    CLOUDY (SCALE 8-10)  0
DPTR FM NORMAL   -60

[CDD (BASE 65) ]
TOTAL THIS MO.   152
DPTR FM NORMAL    66    [PRESSURE DATA]
TOTAL FM JAN 1   287    HIGHEST SLP M ON M
DPTR FM NORMAL    76    LOWEST  SLP 29.87 ON 16

[REMARKS]
