000
CXUS52 KMFL 201000
CF6OPF
PRELIMINARY LOCAL CLIMATOLOGICAL DATA (WS FORM: F-6)

                                          STATION:   OPA-LOCKA ARPT
                                          MONTH:     APRIL
                                          YEAR:      2019
                                          LATITUDE:   25 53 N
                                          LONGITUDE:  80 17 W

  TEMPERATURE IN F:       :PCPN:    SNOW:  WIND      :SUNSHINE: SKY     :PK WND
================================================================================
1   2   3   4   5  6A  6B    7    8   9   10  11  12  13   14  15   16   17  18
                                     12Z  AVG MX 2MIN
DY MAX MIN AVG DEP HDD CDD  WTR  SNW DPTH SPD SPD DIR MIN PSBL S-S WX    SPD DR
================================================================================

 1  85  65  75   1   0  10 0.00  0.0    0  7.1 18 150   M    M   2        26 180
 2  89  66  78   4   0  13 0.00  0.0    0  8.7 21 270   M    M   2        27 270
 3  82  72  77   3   0  12 0.00  0.0    0 12.9 23  80   M    M   8        26  80
 4  78  70  74   0   0   9 2.31  0.0    0 10.4 17  80   M    M  10 1      21 100
 5  84  71  78   4   0  13 0.00  0.0    0  8.1 18 140   M    M   4        31 160
 6  86  70  78   4   0  13 0.00  0.0    0  7.8 16 100   M    M   1        20 100
 7  87  74  81   7   0  16 0.00  0.0    0 11.5 17 110   M    M   3        22 130
 8  86  76  81   7   0  16 0.00  0.0    0 12.1 18 120   M    M   3        24 130
 9  81  71  76   2   0  11 0.17  0.0    0  9.3 18 180   M    M   6 13     22 200
10  86  71  79   5   0  14 0.01  0.0    0 10.9 21 250   M    M   4        27 230
11  87  68  78   4   0  13 0.00  0.0    0  6.9 16 120   M    M   0        21 120
12  88  70  79   5   0  14 0.00  0.0    0  9.3 20 140   M    M   2        24 140
13  87  75  81   6   0  16 0.00  0.0    0 11.8 20 130   M    M   1        24 140
14  90  78  84   9   0  19 0.00  0.0    0 13.9 24 160   M    M   4        29 150
15  88  71  80   5   0  15 0.45  0.0    0  9.4 24 280   M    M   4 1      30 280
16  84  69  77   2   0  12 0.00  0.0    0  8.6 20  80   M    M   0        28  60
17  83  68  76   1   0  11 0.00  0.0    0  7.5 17  90   M    M   3        23  70
18  88  72  80   5   0  15 0.01  0.0    0 12.2 23 140   M    M   4        28 130
19  89  72  81   6   0  16 0.79  0.0    0 16.2 28 170   M    M   6 13     34 190
================================================================================
SM 1628 1349         0 258  3.74     0.0 194.6          M       67
================================================================================
AV 85.7 71.0                              10.2 FASTST   M    M   4    MAX(MPH)
                                 MISC ---->  # 28 170               # 34  190
================================================================================
NOTES:
# LAST OF SEVERAL OCCURRENCES

COLUMN 17 PEAK WIND IN M.P.H.

PRELIMINARY LOCAL CLIMATOLOGICAL DATA (WS FORM: F-6) , PAGE 2

                                          STATION:  OPA-LOCKA ARPT
                                          MONTH:    APRIL
                                          YEAR:     2019
                                          LATITUDE:   25 53 N
                                          LONGITUDE:  80 17 W

[TEMPERATURE DATA]      [PRECIPITATION DATA]       SYMBOLS USED IN COLUMN 16

AVERAGE MONTHLY: 78.3   TOTAL FOR MONTH:   3.74    1 = FOG OR MIST
DPTR FM NORMAL:   4.0   DPTR FM NORMAL:    1.98    2 = FOG REDUCING VISIBILITY
HIGHEST:    90 ON 14    GRTST 24HR  2.31 ON  4- 4      TO 1/4 MILE OR LESS
LOWEST:     65 ON  1                               3 = THUNDER
                        SNOW, ICE PELLETS, HAIL    4 = ICE PELLETS
                        TOTAL MONTH:   0.0 INCH    5 = HAIL
                        GRTST 24HR     0.0         6 = FREEZING RAIN OR DRIZZLE
                        GRTST DEPTH:   0           7 = DUSTSTORM OR SANDSTORM:
                                                       VSBY 1/2 MILE OR LESS
                                                   8 = SMOKE OR HAZE
[NO. OF DAYS WITH]      [WEATHER - DAYS WITH]      9 = BLOWING SNOW
                                                   X = TORNADO
MAX 32 OR BELOW:   0    0.01 INCH OR MORE:   6
MAX 90 OR ABOVE:   1    0.10 INCH OR MORE:   4
MIN 32 OR BELOW:   0    0.50 INCH OR MORE:   2
MIN  0 OR BELOW:   0    1.00 INCH OR MORE:   1

[HDD (BASE 65) ]
TOTAL THIS MO.     0    CLEAR  (SCALE 0-3)  10
DPTR FM NORMAL     0    PTCLDY (SCALE 4-7)   7
TOTAL FM JUL 1    58    CLOUDY (SCALE 8-10)  2
DPTR FM NORMAL   -81

[CDD (BASE 65) ]
TOTAL THIS MO.   258
DPTR FM NORMAL    79    [PRESSURE DATA]
TOTAL FM JAN 1   955    HIGHEST SLP M ON M
DPTR FM NORMAL   277    LOWEST  SLP 29.75 ON 10

[REMARKS]
