000
CXUS54 KMRX 181307
CF6OQT
PRELIMINARY LOCAL CLIMATOLOGICAL DATA (WS FORM: F-6)

                                          STATION:   OAK_RIDGE_(ASOS)
                                          MONTH:     FEBRUARY
                                          YEAR:      2019
                                          LATITUDE:   36  1 N
                                          LONGITUDE:  84 14 W

  TEMPERATURE IN F:       :PCPN:    SNOW:  WIND      :SUNSHINE: SKY     :PK WND
================================================================================
1   2   3   4   5  6A  6B    7    8   9   10  11  12  13   14  15   16   17  18
                                     12Z  AVG MX 2MIN
DY MAX MIN AVG DEP HDD CDD  WTR  SNW DPTH SPD SPD DIR MIN PSBL S-S WX    SPD DR
================================================================================

 1  45  28  37  -2  28   0    T    M    M  1.4  6 200   M    M  10         8 190
 2  63  38  51  12  14   0 0.00    M    M  0.5  6 180   M    M   6         9 180
 3  65  35  50  11  15   0 0.00    M    M  1.0  9 170   M    M   1        13 280
 4  59  37  48   9  17   0 0.01    M    M  0.6  7 260   M    M   7 12     11 250
 5  71  53  62  22   3   0 0.00    M    M  1.3  9 210   M    M   6        13 230
 6  68  55  62  22   3   0 1.07    M    M  2.6 13 210   M    M  10 1      28 300
 7  76  60  68  28   0   3 0.32    M    M  8.1 23 200   M    M   8 1      35 190
 8  60  31  46   6  19   0 0.27    M    M  5.2 15 260   M    M   M 1      26 260
 9  47  27  37  -3  28   0 0.00    M    M  4.7 12  70   M    M   M        17  80
10  41  34  38  -2  27   0 0.34    M    M  1.5  7 280   M    M   9 1      10 210
11  48  39  44   3  21   0 0.41    M    M  0.4  5 170   M    M  10 1       6 210
12  57  41  49   8  16   0 1.79    M    M  5.0 17 270   M    M   8 1      33 280
13  52  33  43   2  22   0 0.00    M    M  4.8 13 260   M    M   0        20 280
14  61  29  45   3  20   0 0.00    M    M  3.8 16 210   M    M   1        27 200
15  62  41  52  10  13   0 0.18    M    M  4.5 14  70   M    M  10 1      25 220
16  50  40  45   3  20   0 0.36    M    M  4.2 10  70   M    M  10 1      16  40
17  51  41  46   4  19   0 1.80    M    M  1.6  8 220   M    M  10 1      13 270
================================================================================
SM  976  662       285   3  6.55    M     51.2          M      106
================================================================================
AV 57.4 38.9                               3.0 FASTST   M    M   7    MAX(MPH)
                                 MISC ---->  # 23 200               # 35  190
================================================================================
NOTES:
# LAST OF SEVERAL OCCURRENCES

COLUMN 17 PEAK WIND IN M.P.H.

PRELIMINARY LOCAL CLIMATOLOGICAL DATA (WS FORM: F-6) , PAGE 2

                                          STATION:  OAK_RIDGE_(ASOS)
                                          MONTH:    FEBRUARY
                                          YEAR:     2019
                                          LATITUDE:   36  1 N
                                          LONGITUDE:  84 14 W

[TEMPERATURE DATA]      [PRECIPITATION DATA]       SYMBOLS USED IN COLUMN 16

AVERAGE MONTHLY: 48.2   TOTAL FOR MONTH:   6.55    1 = FOG OR MIST
DPTR FM NORMAL:   7.8   DPTR FM NORMAL:    3.66    2 = FOG REDUCING VISIBILITY
HIGHEST:    76 ON  7    GRTST 24HR  1.80 ON 17-17      TO 1/4 MILE OR LESS
LOWEST:     27 ON  9                               3 = THUNDER
                        SNOW, ICE PELLETS, HAIL    4 = ICE PELLETS
                        TOTAL MONTH:    M          5 = HAIL
                        GRTST 24HR    M  ON   M    6 = FREEZING RAIN OR DRIZZLE
                        GRTST DEPTH:  M  ON   M    7 = DUSTSTORM OR SANDSTORM:
                                                       VSBY 1/2 MILE OR LESS
                                                   8 = SMOKE OR HAZE
[NO. OF DAYS WITH]      [WEATHER - DAYS WITH]      9 = BLOWING SNOW
                                                   X = TORNADO
MAX 32 OR BELOW:   0    0.01 INCH OR MORE:  10
MAX 90 OR ABOVE:   0    0.10 INCH OR MORE:   9
MIN 32 OR BELOW:   4    0.50 INCH OR MORE:   3
MIN  0 OR BELOW:   0    1.00 INCH OR MORE:   3

[HDD (BASE 65) ]
TOTAL THIS MO.   285    CLEAR  (SCALE 0-3)   3
DPTR FM NORMAL  -134    PTCLDY (SCALE 4-7)   4
TOTAL FM JUL 1  2427    CLOUDY (SCALE 8-10)  8
DPTR FM NORMAL  -304

[CDD (BASE 65) ]
TOTAL THIS MO.     3
DPTR FM NORMAL     3    [PRESSURE DATA]
TOTAL FM JAN 1     3    HIGHEST SLP M ON M
DPTR FM NORMAL     3    LOWEST  SLP 29.74 ON 16

[REMARKS]
