000
CXUS51 KAKQ 190553
CF6ORF
PRELIMINARY LOCAL CLIMATOLOGICAL DATA (WS FORM: F-6)

                                          STATION:   NORFOLK VA
                                          MONTH:     APRIL
                                          YEAR:      2019
                                          LATITUDE:   36 54 N
                                          LONGITUDE:  76 12 W

  TEMPERATURE IN F:       :PCPN:    SNOW:  WIND      :SUNSHINE: SKY     :PK WND
================================================================================
1   2   3   4   5  6A  6B    7    8   9   10  11  12  13   14  15   16   17  18
                                     12Z  AVG MX 2MIN
DY MAX MIN AVG DEP HDD CDD  WTR  SNW DPTH SPD SPD DIR MIN PSBL S-S WX    SPD DR
================================================================================

 1  48  35  42 -12  23   0 0.00  0.0    0 10.1 24 350   M    M   0        34 360
 2  50  38  44 -10  21   0 0.53  0.0    0 13.6 25  30   M    M   6 1      34 360
 3  69  43  56   1   9   0 0.00  0.0    0  9.9 18 230   M    M   3        26 220
 4  64  46  55   0  10   0 0.00  0.0    0  7.2 16  60   M    M   0        21 100
 5  61  52  57   2   8   0 0.13  0.0    0  5.8 18  90   M    M   7 1      24  90
 6  57  49  53  -3  12   0 0.04  0.0    0  6.4 15 360   M    M   8 12     18  20
 7  71  45  58   2   7   0 0.00  0.0    0  6.1 16 130   M    M   2 18     21 120
 8  85  60  73  17   0   8 0.45  0.0    0 13.3 30 260   M    M   3 1      44 310
 9  76  64  70  14   0   5 0.15  0.0    0  7.5 15 220   M    M   6 1      20 220
10  70  54  62   5   3   0 0.00  0.0    0  7.0 15  60   M    M   0        20 140
11  67  51  59   2   6   0 0.00  0.0    0  8.0 16 160   M    M   0        22 150
12  79  61  70  13   0   5 0.00  0.0    0 14.7 26 200   M    M   1        35 200
13  71  63  67   9   0   2 0.44  0.0    0  7.4 21 180   M    M   8 1      29 180
14  82  68  75  17   0  10 0.02  0.0    0 14.8 30 190   M    M   8 1      41 210
15  77  52  65   7   0   0 0.40  0.0    0 13.7 32 230   M    M   3 13     42 200
16  70  48  59   1   6   0 0.00  0.0    0  8.5 16 220   M    M   0        20 230
17  77  55  66   7   0   1 0.00  0.0    0  9.4 16 230   M    M   0        22 230
18  83  58  71  12   0   6 0.00  0.0    0 12.9 25 190   M    M   0        35 200
================================================================================
SM 1257  942       105  37  2.16     0.0 176.3          M       55
================================================================================
AV 69.8 52.3                               9.8 FASTST   M    M   3    MAX(MPH)
                                 MISC ---->  # 32 230               # 44  310
================================================================================
NOTES:
# LAST OF SEVERAL OCCURRENCES

COLUMN 17 PEAK WIND IN M.P.H.

PRELIMINARY LOCAL CLIMATOLOGICAL DATA (WS FORM: F-6) , PAGE 2

                                          STATION:  NORFOLK VA
                                          MONTH:    APRIL
                                          YEAR:     2019
                                          LATITUDE:   36 54 N
                                          LONGITUDE:  76 12 W

[TEMPERATURE DATA]      [PRECIPITATION DATA]       SYMBOLS USED IN COLUMN 16

AVERAGE MONTHLY: 61.1   TOTAL FOR MONTH:   2.16    1 = FOG OR MIST
DPTR FM NORMAL:   4.5   DPTR FM NORMAL:    0.10    2 = FOG REDUCING VISIBILITY
HIGHEST:    85 ON  8    GRTST 24HR  0.53 ON  2- 2      TO 1/4 MILE OR LESS
LOWEST:     35 ON  1                               3 = THUNDER
                        SNOW, ICE PELLETS, HAIL    4 = ICE PELLETS
                        TOTAL MONTH:   0.0 INCH    5 = HAIL
                        GRTST 24HR     0.0         6 = FREEZING RAIN OR DRIZZLE
                        GRTST DEPTH:   0           7 = DUSTSTORM OR SANDSTORM:
                                                       VSBY 1/2 MILE OR LESS
                                                   8 = SMOKE OR HAZE
[NO. OF DAYS WITH]      [WEATHER - DAYS WITH]      9 = BLOWING SNOW
                                                   X = TORNADO
MAX 32 OR BELOW:   0    0.01 INCH OR MORE:   8
MAX 90 OR ABOVE:   0    0.10 INCH OR MORE:   6
MIN 32 OR BELOW:   0    0.50 INCH OR MORE:   1
MIN  0 OR BELOW:   0    1.00 INCH OR MORE:   0

[HDD (BASE 65) ]
TOTAL THIS MO.   105    CLEAR  (SCALE 0-3)  11
DPTR FM NORMAL   -63    PTCLDY (SCALE 4-7)   6
TOTAL FM JUL 1  2781    CLOUDY (SCALE 8-10)  1
DPTR FM NORMAL  -448

[CDD (BASE 65) ]
TOTAL THIS MO.    37
DPTR FM NORMAL    19    [PRESSURE DATA]
TOTAL FM JAN 1    44    HIGHEST SLP M ON M
DPTR FM NORMAL    19    LOWEST  SLP 29.42 ON 15

[REMARKS]
