000
CXUS51 KAKQ 190833
CF6ORF
PRELIMINARY LOCAL CLIMATOLOGICAL DATA (WS FORM: F-6)

                                          STATION:   NORFOLK VA
                                          MONTH:     AUGUST
                                          YEAR:      2019
                                          LATITUDE:   36 54 N
                                          LONGITUDE:  76 12 W

  TEMPERATURE IN F:       :PCPN:    SNOW:  WIND      :SUNSHINE: SKY     :PK WND
================================================================================
1   2   3   4   5  6A  6B    7    8   9   10  11  12  13   14  15   16   17  18
                                     12Z  AVG MX 2MIN
DY MAX MIN AVG DEP HDD CDD  WTR  SNW DPTH SPD SPD DIR MIN PSBL S-S WX    SPD DR
================================================================================

 1  87  72  80   1   0  15    T  0.0    0  5.7 10  80   M    M   0        15 110
 2  82  74  78  -1   0  13    T  0.0    0  5.0 14  30   M    M   5 3      17 360
 3  84  74  79   0   0  14 0.00  0.0    0  4.6 12  30   M    M   1        14  30
 4  91  69  80   1   0  15 2.18  0.0    0  5.6 28 320   M    M   3 1      41 320
 5  82  73  78  -1   0  13 0.05  0.0    0  2.7  9 210   M    M   6        16  90
 6  86  72  79   0   0  14 0.00  0.0    0  5.5 12 160   M    M   2        19 130
 7  92  69  81   2   0  16 2.93  0.0    0  9.9 22 260   M    M   2 18     32 270
 8  91  71  81   2   0  16 0.00  0.0    0  5.3 10 260   M    M   1         M  M
 9  92  73  83   4   0  18    T  0.0    0  6.4 17 220   M    M   1        23 220
10  85  72  79   1   0  14 0.00  0.0    0  6.6 15 350   M    M   0        23 360
11  86  70  78   0   0  13 0.00  0.0    0  4.0 10 120   M    M   2        17 110
12  89  70  80   2   0  15 0.00  0.0    0  6.0 14 170   M    M   1        19 180
13  91  74  83   5   0  18 0.01  0.0    0 11.5 22 220   M    M   3 3      27 180
14  92  74  83   5   0  18 0.53  0.0    0  6.3 22 210   M    M   2 1      26 220
15  83  76  80   2   0  15 0.04  0.0    0  6.0 16  60   M    M   6 1      22  90
16  87  75  81   3   0  16    T  0.0    0  6.5 15 200   M    M   2        18  80
17  88  75  82   4   0  17 0.00  0.0    0  6.3 13 210   M    M   2        19 150
18  87  74  81   3   0  16 0.00  0.0    0  5.1 13  30   M    M   1        14  30
================================================================================
SM 1575 1307         0 276  5.74     0.0 109.0          M       40
================================================================================
AV 87.5 72.6                               6.1 FASTST   M    M   2    MAX(MPH)
                                 MISC ---->  # 28 320               # 41  320
================================================================================
NOTES:
# LAST OF SEVERAL OCCURRENCES

COLUMN 17 PEAK WIND IN M.P.H.

PRELIMINARY LOCAL CLIMATOLOGICAL DATA (WS FORM: F-6) , PAGE 2

                                          STATION:  NORFOLK VA
                                          MONTH:    AUGUST
                                          YEAR:     2019
                                          LATITUDE:   36 54 N
                                          LONGITUDE:  76 12 W

[TEMPERATURE DATA]      [PRECIPITATION DATA]       SYMBOLS USED IN COLUMN 16

AVERAGE MONTHLY: 80.1   TOTAL FOR MONTH:   5.74    1 = FOG OR MIST
DPTR FM NORMAL:   1.6   DPTR FM NORMAL:    2.40    2 = FOG REDUCING VISIBILITY
HIGHEST:    92 ON 14, 9 GRTST 24HR  2.93 ON  7- 7      TO 1/4 MILE OR LESS
LOWEST:     69 ON  7, 4                            3 = THUNDER
                        SNOW, ICE PELLETS, HAIL    4 = ICE PELLETS
                        TOTAL MONTH:   0.0 INCH    5 = HAIL
                        GRTST 24HR     0.0         6 = FREEZING RAIN OR DRIZZLE
                        GRTST DEPTH:   0           7 = DUSTSTORM OR SANDSTORM:
                                                       VSBY 1/2 MILE OR LESS
                                                   8 = SMOKE OR HAZE
[NO. OF DAYS WITH]      [WEATHER - DAYS WITH]      9 = BLOWING SNOW
                                                   X = TORNADO
MAX 32 OR BELOW:   0    0.01 INCH OR MORE:   6
MAX 90 OR ABOVE:   6    0.10 INCH OR MORE:   3
MIN 32 OR BELOW:   0    0.50 INCH OR MORE:   3
MIN  0 OR BELOW:   0    1.00 INCH OR MORE:   2

[HDD (BASE 65) ]
TOTAL THIS MO.     0    CLEAR  (SCALE 0-3)  14
DPTR FM NORMAL     0    PTCLDY (SCALE 4-7)   4
TOTAL FM JUL 1     0    CLOUDY (SCALE 8-10)  0
DPTR FM NORMAL     0

[CDD (BASE 65) ]
TOTAL THIS MO.   276
DPTR FM NORMAL    32    [PRESSURE DATA]
TOTAL FM JAN 1  1568    HIGHEST SLP M ON M
DPTR FM NORMAL   389    LOWEST  SLP 29.75 ON  7

[REMARKS]
