000
CXUS53 KGRB 180916
CF6OSH
PRELIMINARY LOCAL CLIMATOLOGICAL DATA (WS FORM: F-6)

                                          STATION:   OSHKOSH WI
                                          MONTH:     APRIL
                                          YEAR:      2019
                                          LATITUDE:   44  0 N
                                          LONGITUDE:  88 34 W

  TEMPERATURE IN F:       :PCPN:    SNOW:  WIND      :SUNSHINE: SKY     :PK WND
================================================================================
1   2   3   4   5  6A  6B    7    8   9   10  11  12  13   14  15   16   17  18
                                     12Z  AVG MX 2MIN
DY MAX MIN AVG DEP HDD CDD  WTR  SNW DPTH SPD SPD DIR MIN PSBL S-S WX    SPD DR
================================================================================

 1  46  20  33  -7  32   0    T    T    0  8.8 18 200   M    M   8 1      27 190
 2  47  33  40   0  25   0    M    M    0  7.3 20 280   M    M   8 12     35 250
 3  54  31  43   3  22   0 0.00  0.0    0  8.7 21 290   M    M   2        34 290
 4  43  30  37  -4  28   0    M    M    M  8.1 17  70   M    M   5        23  90
 5  50  34  42   1  23   0    M    M    M  4.4 10 150   M    M   9 18     14 150
 6  55  35  45   3  20   0 0.01  0.0    0  7.0 14 150   M    M   8 128    19 150
 7  68  41  55  13  10   0 0.21  0.0    0  5.2 14 130   M    M   5 128    19 160
 8  72  45  59  16   6   0    T  0.0    0 11.7 25 200   M    M   2 13     39 200
 9  59  34  47   4  18   0 0.00  0.0    0 13.1 25  10   M    M   2        37 330
10  38  31  35  -9  30   0    M    M    M 15.0 24  60   M    M  10 12     36  70
11  36  31  34 -10  31   0 0.46    M    M 20.4 32  70   M    M  10 136    44  60
12  40  35  38  -6  27   0 0.00  0.0    0 12.9 25 210   M    M   9 1      40 220
13  39  33  36  -9  29   0 0.00  0.0    M  8.1 17 290   M    M  10        25 230
14  38  30  34 -11  31   0 0.00  0.0    M 13.0 26  30   M    M   6        34  20
15  55  27  41  -5  24   0    T  0.0    0  8.1 16 180   M    M   2        22 210
16  57  39  48   2  17   0 0.22  0.0    0  5.4 12  40   M    M   5 18     16  40
17  49  39  44  -3  21   0 0.48  0.0    0  7.5 17 110   M    M   9 1238   27 100
================================================================================
SM  846  568       394   0  1.38    T    164.7          M      110
================================================================================
AV 49.8 33.4                               9.7 FASTST   M    M   6    MAX(MPH)
                                 MISC ---->  # 32  70               # 44   60
================================================================================
NOTES:
# LAST OF SEVERAL OCCURRENCES

COLUMN 17 PEAK WIND IN M.P.H.

PRELIMINARY LOCAL CLIMATOLOGICAL DATA (WS FORM: F-6) , PAGE 2

                                          STATION:  OSHKOSH WI
                                          MONTH:    APRIL
                                          YEAR:     2019
                                          LATITUDE:   44  0 N
                                          LONGITUDE:  88 34 W

[TEMPERATURE DATA]      [PRECIPITATION DATA]       SYMBOLS USED IN COLUMN 16

AVERAGE MONTHLY: 41.6   TOTAL FOR MONTH:   1.38    1 = FOG OR MIST
DPTR FM NORMAL:  -1.5   DPTR FM NORMAL:    0.01    2 = FOG REDUCING VISIBILITY
HIGHEST:    72 ON  8    GRTST 24HR  0.48 ON 17-17      TO 1/4 MILE OR LESS
LOWEST:     20 ON  1                               3 = THUNDER
                        SNOW, ICE PELLETS, HAIL    4 = ICE PELLETS
                        TOTAL MONTH:    T          5 = HAIL
                        GRTST 24HR    T  ON  1- 1  6 = FREEZING RAIN OR DRIZZLE
                        GRTST DEPTH:   0           7 = DUSTSTORM OR SANDSTORM:
                                                       VSBY 1/2 MILE OR LESS
                                                   8 = SMOKE OR HAZE
[NO. OF DAYS WITH]      [WEATHER - DAYS WITH]      9 = BLOWING SNOW
                                                   X = TORNADO
MAX 32 OR BELOW:   0    0.01 INCH OR MORE:   5
MAX 90 OR ABOVE:   0    0.10 INCH OR MORE:   4
MIN 32 OR BELOW:   7    0.50 INCH OR MORE:   0
MIN  0 OR BELOW:   0    1.00 INCH OR MORE:   0

[HDD (BASE 65) ]
TOTAL THIS MO.   394    CLEAR  (SCALE 0-3)   4
DPTR FM NORMAL    23    PTCLDY (SCALE 4-7)   5
TOTAL FM JUL 1  7271    CLOUDY (SCALE 8-10)  8
DPTR FM NORMAL   357

[CDD (BASE 65) ]
TOTAL THIS MO.     0
DPTR FM NORMAL     0    [PRESSURE DATA]
TOTAL FM JAN 1     0    HIGHEST SLP M ON M
DPTR FM NORMAL     0    LOWEST  SLP 29.47 ON 17

[REMARKS]
