000
CXUS53 KGRB 220934
CF6OSH
PRELIMINARY LOCAL CLIMATOLOGICAL DATA (WS FORM: F-6)

                                          STATION:   OSHKOSH WI
                                          MONTH:     FEBRUARY
                                          YEAR:      2019
                                          LATITUDE:   44  0 N
                                          LONGITUDE:  88 34 W

  TEMPERATURE IN F:       :PCPN:    SNOW:  WIND      :SUNSHINE: SKY     :PK WND
================================================================================
1   2   3   4   5  6A  6B    7    8   9   10  11  12  13   14  15   16   17  18
                                     12Z  AVG MX 2MIN
DY MAX MIN AVG DEP HDD CDD  WTR  SNW DPTH SPD SPD DIR MIN PSBL S-S WX    SPD DR
================================================================================

 1  14  -9   3 -17  62   0    T    T    6  6.4 15 190   M    M   8 8      19 180
 2  37  12  25   5  40   0 0.02  0.0    6  8.2 16 190   M    M   8 128    23 210
 3  40  35  38  18  27   0 0.01  0.0    4  9.5 17 180   M    M  10 12     23 190
 4  43  24  34  14  31   0 0.17  0.0    M  9.2 20 290   M    M  10 12     30 280
 5  24  18  21   1  44   0    M    M    M 10.8 17  50   M    M   7 16     27  50
 6  26  20  23   3  42   0    M    M    M 10.0 17  50   M    M  10 16     24  50
 7  29   8  19  -1  46   0    M    M    M 11.8 21 260   M    M  10 16     39 240
 8  10  -1   5 -16  60   0    M    M    M 11.8 20 280   M    M   4 8      37 290
 9  14  -6   4 -17  61   0 0.00  0.0    M  3.8  8 320   M    M   4        14 230
10  24  14  19  -2  46   0    M    M    M  7.7 14  30   M    M  10 12     20  90
11  28  18  23   2  42   0    M    M    M 12.4 18  90   M    M  10 1      26  80
12  29  15  22   0  43   0    M    M    M 12.0 17  50   M    M  10 12     29  60
13  29   9  19  -3  46   0    M    M    M 11.1 21 290   M    M   3 18     32 290
14  40  17  29   7  36   0    M    M    M 10.3 28 290   M    M   8 18     38 290
15  21   3  12 -10  53   0    M    M    M 11.1 28 290   M    M   2 8      38 290
16  22  -8   7 -15  58   0 0.00  0.0    M  5.7 16  40   M    M   5 18     21  30
17  24  17  21  -2  44   0    M    M    M 16.5 26  20   M    M  10 18     33  30
18  24   8  16  -7  49   0    T    M    M  6.0 22  20   M    M   3 18     29  20
19  24  -5  10 -13  55   0 0.00  0.0    M  2.1  8 180   M    M   0 1      10 210
20  34  16  25   1  40   0    M    M    M 10.4 23 100   M    M   9 18     33  90
21  31   8  20  -4  45   0 0.00  0.0    0  5.9 16 250   M    M   2 18     28 210
================================================================================
SM  567  213       970   0  0.20    T    192.7          M      143
================================================================================
AV 27.0 10.1                               9.2 FASTST   M    M   7    MAX(MPH)
                                 MISC ---->  # 28 290               # 39  240
================================================================================
NOTES:
# LAST OF SEVERAL OCCURRENCES

COLUMN 17 PEAK WIND IN M.P.H.

PRELIMINARY LOCAL CLIMATOLOGICAL DATA (WS FORM: F-6) , PAGE 2

                                          STATION:  OSHKOSH WI
                                          MONTH:    FEBRUARY
                                          YEAR:     2019
                                          LATITUDE:   44  0 N
                                          LONGITUDE:  88 34 W

[TEMPERATURE DATA]      [PRECIPITATION DATA]       SYMBOLS USED IN COLUMN 16

AVERAGE MONTHLY: 18.6   TOTAL FOR MONTH:   0.20    1 = FOG OR MIST
DPTR FM NORMAL:  -2.9   DPTR FM NORMAL:   -0.39    2 = FOG REDUCING VISIBILITY
HIGHEST:    43 ON  4    GRTST 24HR  0.17 ON  4- 4      TO 1/4 MILE OR LESS
LOWEST:     -9 ON  1                               3 = THUNDER
                        SNOW, ICE PELLETS, HAIL    4 = ICE PELLETS
                        TOTAL MONTH:    T          5 = HAIL
                        GRTST 24HR    T  ON  1- 1  6 = FREEZING RAIN OR DRIZZLE
                        GRTST DEPTH:   6 ON  2, 1  7 = DUSTSTORM OR SANDSTORM:
                                                       VSBY 1/2 MILE OR LESS
                                                   8 = SMOKE OR HAZE
[NO. OF DAYS WITH]      [WEATHER - DAYS WITH]      9 = BLOWING SNOW
                                                   X = TORNADO
MAX 32 OR BELOW:  16    0.01 INCH OR MORE:   3
MAX 90 OR ABOVE:   0    0.10 INCH OR MORE:   1
MIN 32 OR BELOW:  20    0.50 INCH OR MORE:   0
MIN  0 OR BELOW:   5    1.00 INCH OR MORE:   0

[HDD (BASE 65) ]
TOTAL THIS MO.   970    CLEAR  (SCALE 0-3)   4
DPTR FM NORMAL    57    PTCLDY (SCALE 4-7)   7
TOTAL FM JUL 1  5378    CLOUDY (SCALE 8-10) 10
DPTR FM NORMAL   125

[CDD (BASE 65) ]
TOTAL THIS MO.     0
DPTR FM NORMAL     0    [PRESSURE DATA]
TOTAL FM JAN 1     0    HIGHEST SLP M ON M
DPTR FM NORMAL     0    LOWEST  SLP 29.48 ON 14

[REMARKS]
