000
CXUS53 KGRB 160651
CF6OSH
PRELIMINARY LOCAL CLIMATOLOGICAL DATA (WS FORM: F-6)

                                          STATION:   OSHKOSH WI
                                          MONTH:     JULY
                                          YEAR:      2019
                                          LATITUDE:   44  0 N
                                          LONGITUDE:  88 34 W

  TEMPERATURE IN F:       :PCPN:    SNOW:  WIND      :SUNSHINE: SKY     :PK WND
================================================================================
1   2   3   4   5  6A  6B    7    8   9   10  11  12  13   14  15   16   17  18
                                     12Z  AVG MX 2MIN
DY MAX MIN AVG DEP HDD CDD  WTR  SNW DPTH SPD SPD DIR MIN PSBL S-S WX    SPD DR
================================================================================

 1  85  66  76   6   0  11 0.21  0.0    0  4.7 16 190   M    M   4 123    25 210
 2  82  69  76   6   0  11 0.68  0.0    0  5.2 14 360   M    M   5 13     20 340
 3  85  63  74   3   0   9 0.00  0.0    0  4.4 14  90   M    M   2 12     18 100
 4  87  66  77   6   0  12 0.36  0.0    0  6.2 24 290   M    M   3 13     35 300
 5  86  69  78   7   0  13 0.00  0.0    0  4.4 12  90   M    M   3        17  70
 6  78  67  73   2   0   8    T  0.0    0 12.3 24  30   M    M   6        35  30
 7  77  61  69  -2   0   4 0.00  0.0    0  6.4 13  40   M    M   0 8      19  50
 8  79  56  68  -3   0   3 0.00  0.0    0  3.8 12 130   M    M   0 18     14 130
 9  85  55  70  -1   0   5    T  0.0    0  8.4 16 140   M    M   3 18     23 150
10  89  69  79   8   0  14 0.00  0.0    0  8.5 17 290   M    M   2 18     29 310
11  81  60  71   0   0   6 0.00  0.0    0  8.9 18  10   M    M   1 8      24  10
12  85  55  70  -1   0   5 0.00  0.0    0  7.0 16 200   M    M   0        23 200
13  84  65  75   4   0  10 0.00  0.0    0  5.3 14 330   M    M   2        20 330
14  86  61  74   3   0   9 0.00  0.0    0  7.3 15 130   M    M   0        19 140
15  89  68  79   8   0  14    T  0.0    0  9.9 22 330   M    M   2 3      33 220
================================================================================
SM 1258  950         0 134  1.25     0.0 102.7          M       33
================================================================================
AV 83.9 63.3                               6.8 FASTST   M    M   2    MAX(MPH)
                                 MISC ---->  # 24 290               # 35  300
================================================================================
NOTES:
# LAST OF SEVERAL OCCURRENCES

COLUMN 17 PEAK WIND IN M.P.H.

PRELIMINARY LOCAL CLIMATOLOGICAL DATA (WS FORM: F-6) , PAGE 2

                                          STATION:  OSHKOSH WI
                                          MONTH:    JULY
                                          YEAR:     2019
                                          LATITUDE:   44  0 N
                                          LONGITUDE:  88 34 W

[TEMPERATURE DATA]      [PRECIPITATION DATA]       SYMBOLS USED IN COLUMN 16

AVERAGE MONTHLY: 73.6   TOTAL FOR MONTH:   1.25    1 = FOG OR MIST
DPTR FM NORMAL:   2.7   DPTR FM NORMAL:   -0.51    2 = FOG REDUCING VISIBILITY
HIGHEST:    89 ON 15,10 GRTST 24HR  0.68 ON  2- 2      TO 1/4 MILE OR LESS
LOWEST:     55 ON 12, 9                            3 = THUNDER
                        SNOW, ICE PELLETS, HAIL    4 = ICE PELLETS
                        TOTAL MONTH:   0.0 INCH    5 = HAIL
                        GRTST 24HR     0.0         6 = FREEZING RAIN OR DRIZZLE
                        GRTST DEPTH:   0           7 = DUSTSTORM OR SANDSTORM:
                                                       VSBY 1/2 MILE OR LESS
                                                   8 = SMOKE OR HAZE
[NO. OF DAYS WITH]      [WEATHER - DAYS WITH]      9 = BLOWING SNOW
                                                   X = TORNADO
MAX 32 OR BELOW:   0    0.01 INCH OR MORE:   3
MAX 90 OR ABOVE:   0    0.10 INCH OR MORE:   3
MIN 32 OR BELOW:   0    0.50 INCH OR MORE:   1
MIN  0 OR BELOW:   0    1.00 INCH OR MORE:   0

[HDD (BASE 65) ]
TOTAL THIS MO.     0    CLEAR  (SCALE 0-3)  10
DPTR FM NORMAL    -2    PTCLDY (SCALE 4-7)   5
TOTAL FM JUL 1     0    CLOUDY (SCALE 8-10)  0
DPTR FM NORMAL    -2

[CDD (BASE 65) ]
TOTAL THIS MO.   134
DPTR FM NORMAL    44    [PRESSURE DATA]
TOTAL FM JAN 1   221    HIGHEST SLP M ON M
DPTR FM NORMAL    -7    LOWEST  SLP 29.75 ON 10

[REMARKS]
