000
CXUS51 KILN 251423
CF6OSU
PRELIMINARY LOCAL CLIMATOLOGICAL DATA (WS FORM: F-6)

                                          STATION:   OHIO STATE UNIV.
                                          MONTH:     APRIL
                                          YEAR:      2019
                                          LATITUDE:   40  4 N
                                          LONGITUDE:  83  4 W

  TEMPERATURE IN F:       :PCPN:    SNOW:  WIND      :SUNSHINE: SKY     :PK WND
================================================================================
1   2   3   4   5  6A  6B    7    8   9   10  11  12  13   14  15   16   17  18
                                     12Z  AVG MX 2MIN
DY MAX MIN AVG DEP HDD CDD  WTR  SNW DPTH SPD SPD DIR MIN PSBL S-S WX    SPD DR
================================================================================

 1  44  22  33 -14  32   0 0.00    M    M  4.6 10 300   M    M   0        14 310
 2  55  29  42  -5  23   0 0.00    M    M  6.0 16 230   M    M   0        20 200
 3  60  36  48   0  17   0 0.00    M    M  8.8 20 290   M    M   2        25 320
 4  58  42  50   2  15   0    T    M    M  9.2 20  80   M    M   5        25  80
 5  60  45  53   5  12   0 0.01    M    M  4.6 12 160   M    M  10 1      15 170
 6  68  49  59  10   6   0 0.00    M    M  2.0  8 140   M    M   7 1      12  70
 7  71  49  60  11   5   0 0.05    M    M 10.1 18 220   M    M   5 1      25 220
 8  70  57  64  14   1   0 0.00    M    M  7.1 14 220   M    M   3        20 220
 9  68  49  59   9   6   0 0.00    M    M  9.4 22 290   M    M   0 1      29 310
10  59  40  50   0  15   0 0.00    M    M  8.8 17  50   M    M   4        23  50
11  81  40  61  10   4   0 0.00    M    M 10.6 23 210   M    M   0        32 220
12  73  53  63  12   2   0 0.27    M    M 14.4 30 220   M    M   2 1      39 240
13  67  40  54   3  11   0 0.00    M    M  5.9 16  10   M    M   2        20  10
14  79  41  60   8   5   0 0.36    M    M 15.6 38 270   M    M   9 1      48 280
15  53  35  44  -8  21   0    T    M    M 15.0 29 270   M    M   7        36 280
16  73  40  57   5   8   0 0.00    M    M  9.7 24 230   M    M   3        33 220
17  72  52  62   9   3   0    T    M    M  8.9 18 210   M    M   2 3      23 190
18  78  59  69  16   0   4    T    M    M 13.3 30 210   M    M   4        37 200
19  59  42  51  -2  14   0 0.88    M    M 14.8 26  10   M    M  10 1      36  10
20  52  41  47  -7  18   0 0.33    M    M  8.8 25  10   M    M   9 13     33  20
21  56  42  49  -5  16   0 0.00    M    M  5.4 12 260   M    M   8        18 230
22  71  39  55   1  10   0 0.00    M    M  3.9 12 160   M    M   0 12     15 190
23  73  49  61   6   4   0    T    M    M 12.2 23 300   M    M   4        29 310
24  60  39  50  -5  15   0    T    M    M  2.6 10 130   M    M   3        13 330
================================================================================
SM 1560 1030       263   4  1.90    M    211.7          M       99
================================================================================
AV 65.0 42.9                               8.8 FASTST   M    M   4    MAX(MPH)
                                 MISC ---->  # 38 270               # 48  280
================================================================================
NOTES:
# LAST OF SEVERAL OCCURRENCES

COLUMN 17 PEAK WIND IN M.P.H.

PRELIMINARY LOCAL CLIMATOLOGICAL DATA (WS FORM: F-6) , PAGE 2

                                          STATION:  OHIO STATE UNIV.
                                          MONTH:    APRIL
                                          YEAR:     2019
                                          LATITUDE:   40  4 N
                                          LONGITUDE:  83  4 W

[TEMPERATURE DATA]      [PRECIPITATION DATA]       SYMBOLS USED IN COLUMN 16

AVERAGE MONTHLY: 54.0   TOTAL FOR MONTH:   1.90    1 = FOG OR MIST
DPTR FM NORMAL:   2.9   DPTR FM NORMAL:   -0.79    2 = FOG REDUCING VISIBILITY
HIGHEST:    81 ON 11    GRTST 24HR  0.88 ON 19-19      TO 1/4 MILE OR LESS
LOWEST:     22 ON  1                               3 = THUNDER
                        SNOW, ICE PELLETS, HAIL    4 = ICE PELLETS
                        TOTAL MONTH:    M          5 = HAIL
                        GRTST 24HR    M  ON   M    6 = FREEZING RAIN OR DRIZZLE
                        GRTST DEPTH:  M  ON   M    7 = DUSTSTORM OR SANDSTORM:
                                                       VSBY 1/2 MILE OR LESS
                                                   8 = SMOKE OR HAZE
[NO. OF DAYS WITH]      [WEATHER - DAYS WITH]      9 = BLOWING SNOW
                                                   X = TORNADO
MAX 32 OR BELOW:   0    0.01 INCH OR MORE:   6
MAX 90 OR ABOVE:   0    0.10 INCH OR MORE:   4
MIN 32 OR BELOW:   2    0.50 INCH OR MORE:   1
MIN  0 OR BELOW:   0    1.00 INCH OR MORE:   0

[HDD (BASE 65) ]
TOTAL THIS MO.   263    CLEAR  (SCALE 0-3)  10
DPTR FM NORMAL   -71    PTCLDY (SCALE 4-7)   9
TOTAL FM JUL 1  5292    CLOUDY (SCALE 8-10)  5
DPTR FM NORMAL    53

[CDD (BASE 65) ]
TOTAL THIS MO.     4
DPTR FM NORMAL     4    [PRESSURE DATA]
TOTAL FM JAN 1     4    HIGHEST SLP M ON M
DPTR FM NORMAL     4    LOWEST  SLP 29.25 ON 14

[REMARKS]
