000
CXUS51 KILN 171036
CF6OSU
PRELIMINARY LOCAL CLIMATOLOGICAL DATA (WS FORM: F-6)

                                          STATION:   OHIO STATE UNIV.
                                          MONTH:     AUGUST
                                          YEAR:      2019
                                          LATITUDE:   40  4 N
                                          LONGITUDE:  83  4 W

  TEMPERATURE IN F:       :PCPN:    SNOW:  WIND      :SUNSHINE: SKY     :PK WND
================================================================================
1   2   3   4   5  6A  6B    7    8   9   10  11  12  13   14  15   16   17  18
                                     12Z  AVG MX 2MIN
DY MAX MIN AVG DEP HDD CDD  WTR  SNW DPTH SPD SPD DIR MIN PSBL S-S WX    SPD DR
================================================================================

 1  84  66  75   1   0  10 0.00    M    M  6.9 15  10   M    M   5        19  10
 2  86  63  75   1   0  10 0.00    M    M  7.2 14 320   M    M   3        17 340
 3  85  61  73  -1   0   8 0.00    M    M  5.0 13  30   M    M   1        17  20
 4  88  58  73  -1   0   8    T    M    M  3.7 13 340   M    M   2        16 320
 5  91  64  78   4   0  13 0.00    M    M  3.9 16 240   M    M   2 18     24 270
 6  89  66  78   4   0  13 0.26    M    M  6.9 33 240   M    M   2 3      40 210
 7  86  64  75   2   0  10 0.00    M    M  6.1 18 290   M    M   2 12     23 240
 8  89  63  76   3   0  11    T    M    M 10.0 20 270   M    M   3        35 240
 9  82  63  73   0   0   8 0.00    M    M  6.9 15 320   M    M   0        21 320
10  82  57  70  -3   0   5 0.00    M    M  4.7 15  20   M    M   0        20  10
11  85  56  71  -2   0   6 0.00    M    M  4.0 12 200   M    M   0        16 150
12  87  62  75   2   0  10    T    M    M  5.6 15 210   M    M   4        22 220
13  85  69  77   4   0  12 0.31    M    M  8.3 18 240   M    M   8 1      23 240
14  85  68  77   4   0  12 0.00    M    M  4.1 15 310   M    M   5 1      19 330
15  85  64  75   2   0  10 0.00    M    M  6.8 18 240   M    M   1        24 260
16  83  61  72  -1   0   7 0.00    M    M  5.5 14 240   M    M   0 12     16 220
================================================================================
SM 1372 1005         0 153  0.57    M     95.6          M       38
================================================================================
AV 85.8 62.8                               6.0 FASTST   M    M   2    MAX(MPH)
                                 MISC ---->  # 33 240               # 40  210
================================================================================
NOTES:
# LAST OF SEVERAL OCCURRENCES

COLUMN 17 PEAK WIND IN M.P.H.

PRELIMINARY LOCAL CLIMATOLOGICAL DATA (WS FORM: F-6) , PAGE 2

                                          STATION:  OHIO STATE UNIV.
                                          MONTH:    AUGUST
                                          YEAR:     2019
                                          LATITUDE:   40  4 N
                                          LONGITUDE:  83  4 W

[TEMPERATURE DATA]      [PRECIPITATION DATA]       SYMBOLS USED IN COLUMN 16

AVERAGE MONTHLY: 74.3   TOTAL FOR MONTH:   0.57    1 = FOG OR MIST
DPTR FM NORMAL:   0.9   DPTR FM NORMAL:   -1.12    2 = FOG REDUCING VISIBILITY
HIGHEST:    91 ON  5    GRTST 24HR  0.31 ON 13-13      TO 1/4 MILE OR LESS
LOWEST:     56 ON 11                               3 = THUNDER
                        SNOW, ICE PELLETS, HAIL    4 = ICE PELLETS
                        TOTAL MONTH:    M          5 = HAIL
                        GRTST 24HR    M  ON   M    6 = FREEZING RAIN OR DRIZZLE
                        GRTST DEPTH:  M  ON   M    7 = DUSTSTORM OR SANDSTORM:
                                                       VSBY 1/2 MILE OR LESS
                                                   8 = SMOKE OR HAZE
[NO. OF DAYS WITH]      [WEATHER - DAYS WITH]      9 = BLOWING SNOW
                                                   X = TORNADO
MAX 32 OR BELOW:   0    0.01 INCH OR MORE:   2
MAX 90 OR ABOVE:   1    0.10 INCH OR MORE:   2
MIN 32 OR BELOW:   0    0.50 INCH OR MORE:   0
MIN  0 OR BELOW:   0    1.00 INCH OR MORE:   0

[HDD (BASE 65) ]
TOTAL THIS MO.     0    CLEAR  (SCALE 0-3)  12
DPTR FM NORMAL     0    PTCLDY (SCALE 4-7)   4
TOTAL FM JUL 1     0    CLOUDY (SCALE 8-10)  0
DPTR FM NORMAL     0

[CDD (BASE 65) ]
TOTAL THIS MO.   153
DPTR FM NORMAL    19    [PRESSURE DATA]
TOTAL FM JAN 1   815    HIGHEST SLP M ON M
DPTR FM NORMAL   244    LOWEST  SLP 29.75 ON 13

[REMARKS]
