000
CXUS51 KILN 191342
CF6OSU
PRELIMINARY LOCAL CLIMATOLOGICAL DATA (WS FORM: F-6)

                                          STATION:   OHIO STATE UNIV.
                                          MONTH:     FEBRUARY
                                          YEAR:      2019
                                          LATITUDE:   40  4 N
                                          LONGITUDE:  83  4 W

  TEMPERATURE IN F:       :PCPN:    SNOW:  WIND      :SUNSHINE: SKY     :PK WND
================================================================================
1   2   3   4   5  6A  6B    7    8   9   10  11  12  13   14  15   16   17  18
                                     12Z  AVG MX 2MIN
DY MAX MIN AVG DEP HDD CDD  WTR  SNW DPTH SPD SPD DIR MIN PSBL S-S WX    SPD DR
================================================================================

 1  20  10  15 -14  50   0 0.12    M    M  3.5  8  50   M    M   8 1      10  50
 2  34  10  22  -7  43   0 0.00    M    M  4.6 10 180   M    M   6 128    14 160
 3  56  26  41  12  24   0 0.00    M    M  4.4 10 170   M    M   4 128    13 180
 4  59  36  48  19  17   0 0.07    M    M  8.8 17 210   M    M   4 1      22 180
 5  52  38  45  15  20   0 0.00    M    M  6.7 13 220   M    M  10 1      18 230
 6  56  41  49  19  16   0 1.10    M    M  4.6 12 140   M    M   9 12     15 140
 7  60  37  49  19  16   0 0.72    M    M 10.0 36 200   M    M  10 12     45 210
 8  37  16  27  -3  38   0    T    M    M 19.1 31 270   M    M   4 8      39 280
 9  27  12  20 -10  45   0    T    M    M  5.5 16 300   M    M   2        22 320
10  32  15  24  -6  41   0 0.14    M    M  5.6 12 170   M    M   5 126    15 170
11  37  32  35   5  30   0 0.19    M    M  4.3 10  80   M    M  10 12     13  70
12  53  30  42  11  23   0 0.65    M    M 13.7 33 260   M    M  10 1      45 240
13  34  25  30  -1  35   0    T    M    M 17.7 32 260   M    M   6 1      44 240
14  49  25  37   6  28   0 0.00    M    M  9.9 23 180   M    M   2        30 190
15  49  24  37   6  28   0    T    M    M 13.7 26 270   M    M   5 18     35 270
16  30  20  25  -6  40   0 0.00    M    M 10.1 16  30   M    M   7        20 360
17  32  21  27  -5  38   0 0.03    M    M  7.6 15  80   M    M   7 146    19  90
18  31  22  27  -5  38   0    T    M    M  9.0 16 320   M    M  10 18     21 290
================================================================================
SM  748  440       570   0  3.02    M    158.8          M      119
================================================================================
AV 41.6 24.4                               8.8 FASTST   M    M   7    MAX(MPH)
                                 MISC ---->  # 36 200               # 45  210
================================================================================
NOTES:
# LAST OF SEVERAL OCCURRENCES

COLUMN 17 PEAK WIND IN M.P.H.

PRELIMINARY LOCAL CLIMATOLOGICAL DATA (WS FORM: F-6) , PAGE 2

                                          STATION:  OHIO STATE UNIV.
                                          MONTH:    FEBRUARY
                                          YEAR:     2019
                                          LATITUDE:   40  4 N
                                          LONGITUDE:  83  4 W

[TEMPERATURE DATA]      [PRECIPITATION DATA]       SYMBOLS USED IN COLUMN 16

AVERAGE MONTHLY: 33.0   TOTAL FOR MONTH:   3.02    1 = FOG OR MIST
DPTR FM NORMAL:   2.7   DPTR FM NORMAL:    1.65    2 = FOG REDUCING VISIBILITY
HIGHEST:    60 ON  7    GRTST 24HR  1.10 ON  6- 6      TO 1/4 MILE OR LESS
LOWEST:     10 ON  2, 1                            3 = THUNDER
                        SNOW, ICE PELLETS, HAIL    4 = ICE PELLETS
                        TOTAL MONTH:    M          5 = HAIL
                        GRTST 24HR    M  ON   M    6 = FREEZING RAIN OR DRIZZLE
                        GRTST DEPTH:  M  ON   M    7 = DUSTSTORM OR SANDSTORM:
                                                       VSBY 1/2 MILE OR LESS
                                                   8 = SMOKE OR HAZE
[NO. OF DAYS WITH]      [WEATHER - DAYS WITH]      9 = BLOWING SNOW
                                                   X = TORNADO
MAX 32 OR BELOW:   6    0.01 INCH OR MORE:   8
MAX 90 OR ABOVE:   0    0.10 INCH OR MORE:   6
MIN 32 OR BELOW:  14    0.50 INCH OR MORE:   3
MIN  0 OR BELOW:   0    1.00 INCH OR MORE:   1

[HDD (BASE 65) ]
TOTAL THIS MO.   570    CLEAR  (SCALE 0-3)   2
DPTR FM NORMAL   -55    PTCLDY (SCALE 4-7)   9
TOTAL FM JUL 1  3866    CLOUDY (SCALE 8-10)  7
DPTR FM NORMAL    38

[CDD (BASE 65) ]
TOTAL THIS MO.     0
DPTR FM NORMAL     0    [PRESSURE DATA]
TOTAL FM JAN 1     0    HIGHEST SLP M ON M
DPTR FM NORMAL     0    LOWEST  SLP 29.53 ON 12

[REMARKS]
