000
CXUS56 KMFR 191000
CF6OTH
PRELIMINARY LOCAL CLIMATOLOGICAL DATA (WS FORM: F-6)

                                          STATION:   NORTH BEND OR
                                          MONTH:     APRIL
                                          YEAR:      2019
                                          LATITUDE:   43 25 N
                                          LONGITUDE: 124 15 W

  TEMPERATURE IN F:       :PCPN:    SNOW:  WIND      :SUNSHINE: SKY     :PK WND
================================================================================
1   2   3   4   5  6A  6B    7    8   9   10  11  12  13   14  15   16   17  18
                                     12Z  AVG MX 2MIN
DY MAX MIN AVG DEP HDD CDD  WTR  SNW DPTH SPD SPD DIR MIN PSBL S-S WX    SPD DR
================================================================================

 1  58  49  54   6  11   0 0.66    M    M  2.9 10 270   M    M  10 1       M  M
 2  60  52  56   8   9   0 0.13    M    M  7.0 15 250   M    M  10 1       M  M
 3   M   M   M   M   M   M 0.16    M    M  5.5 10 220   M    M  10 1       M  M
 4  60  50  55   7  10   0 0.19    M    M  5.9 16 200   0    0   0        32 200
 5  58  48  53   5  12   0 0.94    M    M 11.5 23 220   0    0   0        36 200
 6  57  47  52   4  13   0 0.70    M    M 14.6 25 190   0    0   0        41 210
 7  58  52  55   7  10   0 3.17    M    M 14.9 21 210   M    M  10 1      41 190
 8  56  49  53   5  12   0 1.21    M    M 10.1 16 200   M    M  10 1      25 200
 9  54  47  51   3  14   0 0.15    M    M 11.0 16 310   M    M   9 1       M  M
10  54  46  50   1  15   0 0.11    M    M  7.9 14 240   M    M  10 1       M  M
11  52  48  50   1  15   0 1.02    M    M  9.8 16 270   M    M  10 1       M  M
12  54  49  52   3  13   0 0.07    M    M  7.6 10 310   M    M  10 1       M  M
13  53  44  49   0  16   0 0.26    M    M  6.6 10 240   M    M   9 1       M  M
14  52  43  48  -1  17   0 0.01    M    M  5.9  9 130   M    M   8         M  M
15  51  39  45  -4  20   0 0.17    M    M  7.3  9 150   M    M   6 1       M  M
16  58  47  53   4  12   0 0.13    M    M 10.5 18 240   M    M   9 1      24 240
17  60  47  54   5  11   0    T    M    M  5.9  9 330   M    M   3 1       M  M
18  66  47  57   8   8   0    T    M    M  6.7 12 340   M    M   3 12      M  M
================================================================================
SM  961  804       218   0  9.08    M    151.6            0    127
================================================================================
AV 56.5 47.3                               8.4 FASTST    0   0   7    MAX(MPH)
                                 MISC ---->  # 25 190               # 41  210
================================================================================
NOTES:
# LAST OF SEVERAL OCCURRENCES

COLUMN 17 PEAK WIND IN M.P.H.

PRELIMINARY LOCAL CLIMATOLOGICAL DATA (WS FORM: F-6) , PAGE 2

                                          STATION:  NORTH BEND OR
                                          MONTH:    APRIL
                                          YEAR:     2019
                                          LATITUDE:   43 25 N
                                          LONGITUDE: 124 15 W

[TEMPERATURE DATA]      [PRECIPITATION DATA]       SYMBOLS USED IN COLUMN 16

AVERAGE MONTHLY: 51.9   TOTAL FOR MONTH:   9.08    1 = FOG OR MIST
DPTR FM NORMAL:   3.4   DPTR FM NORMAL:    5.65    2 = FOG REDUCING VISIBILITY
HIGHEST:    66 ON 18    GRTST 24HR  3.17 ON  7- 7      TO 1/4 MILE OR LESS
LOWEST:     39 ON 15                               3 = THUNDER
                        SNOW, ICE PELLETS, HAIL    4 = ICE PELLETS
                        TOTAL MONTH:    M          5 = HAIL
                        GRTST 24HR    M  ON   M    6 = FREEZING RAIN OR DRIZZLE
                        GRTST DEPTH:  M  ON   M    7 = DUSTSTORM OR SANDSTORM:
                                                       VSBY 1/2 MILE OR LESS
                                                   8 = SMOKE OR HAZE
[NO. OF DAYS WITH]      [WEATHER - DAYS WITH]      9 = BLOWING SNOW
                                                   X = TORNADO
MAX 32 OR BELOW:   0    0.01 INCH OR MORE:  16
MAX 90 OR ABOVE:   0    0.10 INCH OR MORE:  14
MIN 32 OR BELOW:   0    0.50 INCH OR MORE:   6
MIN  0 OR BELOW:   0    1.00 INCH OR MORE:   3

[HDD (BASE 65) ]
TOTAL THIS MO.   218    CLEAR  (SCALE 0-3)   5
DPTR FM NORMAL   -79    PTCLDY (SCALE 4-7)   2
TOTAL FM JUL 1  3563    CLOUDY (SCALE 8-10) 11
DPTR FM NORMAL  -446

[CDD (BASE 65) ]
TOTAL THIS MO.     0
DPTR FM NORMAL     0    [PRESSURE DATA]
TOTAL FM JAN 1     0    HIGHEST SLP  0.00 ON M
DPTR FM NORMAL     0    LOWEST  SLP 29.75 ON 15

[REMARKS]
