000
CXUS56 KMFR 221000
CF6OTH
PRELIMINARY LOCAL CLIMATOLOGICAL DATA (WS FORM: F-6)

                                          STATION:   NORTH BEND OR
                                          MONTH:     FEBRUARY
                                          YEAR:      2019
                                          LATITUDE:   43 25 N
                                          LONGITUDE: 124 15 W

  TEMPERATURE IN F:       :PCPN:    SNOW:  WIND      :SUNSHINE: SKY     :PK WND
================================================================================
1   2   3   4   5  6A  6B    7    8   9   10  11  12  13   14  15   16   17  18
                                     12Z  AVG MX 2MIN
DY MAX MIN AVG DEP HDD CDD  WTR  SNW DPTH SPD SPD DIR MIN PSBL S-S WX    SPD DR
================================================================================

 1  55  48  52   6  13   0 0.20    M    M  7.4 12 210   M    M  10 1      23 200
 2  54  46  50   4  15   0 0.29    M    M  5.9 16 340   M    M   8 1       M  M
 3  49  36  43  -3  22   0 1.22    M    M  8.2 16 280   M    M  10 1      22 300
 4  42  30  36 -10  29   0 0.35    M    M  5.6  9  20   M    M   5 12      M  M
 5   M   M   M   M   M   M 0.18    M    M  8.3 13 140   M    M   9 12      M  M
 6  49  32  41  -5  24   0    T    M    M  5.0  8 150   M    M   6 1       M  M
 7  49  32  41  -5  24   0 0.00    M    M  6.1  9 150   0    0   0         M  M
 8  48  37  43  -3  22   0 0.01    M    M  5.4  9 290   M    M   9         M  M
 9  45  33  39  -7  26   0    M    M    M 14.8 30 300   M    M  10 1      38 300
10  45  28  37  -9  28   0    M    M    M  7.2 12 160   M    M   7 1       M  M
11  49  44  47   1  18   0 1.10    M    M 14.5 18 180   0    0   0        35 200
12  48  43  46   0  19   0 1.34    M    M  8.8 17 220   M    M  10 1      28 220
13  48  42  45  -1  20   0 0.17    M    M  3.5  8 360   M    M  10 1       M  M
14  52  40  46   0  19   0 1.81    M    M  9.8 24 270   0    0   0        30 270
15  43  39  41  -5  24   0 1.32    M    M 13.2 23 140   0    0   0        32 180
16  49  37  43  -3  22   0 0.25    M    M 14.8 20 290   M    M   5        23 290
17  47  33  40  -6  25   0 0.13    M    M  5.5 10 350   M    M   5 1       M  M
18  48  30  39  -7  26   0    T    M    M  6.3 14 350   M    M   3 1       M  M
19  47  35  41  -6  24   0 0.16    M    M  7.5 16 310   M    M   8 1       M  M
20  48  34  41  -6  24   0 0.32    M    M  9.0 16 320   0    0   0        30 320
21  48  31  40  -7  25   0    T    M    M  7.4 15 360   M    M   3 1       M  M
================================================================================
SM  963  730       449   0  8.85    M    174.2            0    118
================================================================================
AV 48.2 36.5                               8.3 FASTST    0   0   6    MAX(MPH)
                                 MISC ---->  # 30 300               # 38  300
================================================================================
NOTES:
# LAST OF SEVERAL OCCURRENCES

COLUMN 17 PEAK WIND IN M.P.H.

PRELIMINARY LOCAL CLIMATOLOGICAL DATA (WS FORM: F-6) , PAGE 2

                                          STATION:  NORTH BEND OR
                                          MONTH:    FEBRUARY
                                          YEAR:     2019
                                          LATITUDE:   43 25 N
                                          LONGITUDE: 124 15 W

[TEMPERATURE DATA]      [PRECIPITATION DATA]       SYMBOLS USED IN COLUMN 16

AVERAGE MONTHLY: 42.3   TOTAL FOR MONTH:   8.85    1 = FOG OR MIST
DPTR FM NORMAL:  -3.8   DPTR FM NORMAL:    3.18    2 = FOG REDUCING VISIBILITY
HIGHEST:    55 ON  1    GRTST 24HR  1.81 ON 14-14      TO 1/4 MILE OR LESS
LOWEST:     28 ON 10                               3 = THUNDER
                        SNOW, ICE PELLETS, HAIL    4 = ICE PELLETS
                        TOTAL MONTH:    M          5 = HAIL
                        GRTST 24HR    M  ON   M    6 = FREEZING RAIN OR DRIZZLE
                        GRTST DEPTH:  M  ON   M    7 = DUSTSTORM OR SANDSTORM:
                                                       VSBY 1/2 MILE OR LESS
                                                   8 = SMOKE OR HAZE
[NO. OF DAYS WITH]      [WEATHER - DAYS WITH]      9 = BLOWING SNOW
                                                   X = TORNADO
MAX 32 OR BELOW:   0    0.01 INCH OR MORE:  15
MAX 90 OR ABOVE:   0    0.10 INCH OR MORE:  14
MIN 32 OR BELOW:   6    0.50 INCH OR MORE:   5
MIN  0 OR BELOW:   0    1.00 INCH OR MORE:   5

[HDD (BASE 65) ]
TOTAL THIS MO.   449    CLEAR  (SCALE 0-3)   7
DPTR FM NORMAL    54    PTCLDY (SCALE 4-7)   7
TOTAL FM JUL 1  2611    CLOUDY (SCALE 8-10)  7
DPTR FM NORMAL  -439

[CDD (BASE 65) ]
TOTAL THIS MO.     0
DPTR FM NORMAL     0    [PRESSURE DATA]
TOTAL FM JAN 1     0    HIGHEST SLP  0.00 ON  6
DPTR FM NORMAL     0    LOWEST  SLP 29.21 ON 14

[REMARKS]
