000
CXUS53 KDMX 180920
CF6OTM
PRELIMINARY LOCAL CLIMATOLOGICAL DATA (WS FORM: F-6)

                                          STATION:   OTTUMWA IA
                                          MONTH:     APRIL
                                          YEAR:      2019
                                          LATITUDE:   41  6 N
                                          LONGITUDE:  92 27 W

  TEMPERATURE IN F:       :PCPN:    SNOW:  WIND      :SUNSHINE: SKY     :PK WND
================================================================================
1   2   3   4   5  6A  6B    7    8   9   10  11  12  13   14  15   16   17  18
                                     12Z  AVG MX 2MIN
DY MAX MIN AVG DEP HDD CDD  WTR  SNW DPTH SPD SPD DIR MIN PSBL S-S WX    SPD DR
================================================================================

 1  57  31  44  -1  21   0 0.00  0.0    0 14.1 26 200   M    M   3        33 200
 2  52  35  44  -2  21   0 0.02  0.0    0  9.2 17 310   M    M   4 18     24 310
 3  55  30  43  -3  22   0 0.04  0.0    0  9.6 24  90   M    M   6        34  80
 4  55  44  50   3  15   0 0.00  0.0    0 13.0 21 100   M    M   9 18     28  90
 5  64  46  55   8  10   0 0.00  0.0    0  5.3 14 170   M    M   6 12     17 160
 6  75  44  60  13   5   0 0.00  0.0    0 11.9 20 150   M    M   2 128    27 140
 7  75  52  64  16   1   0 0.11  0.0    0 10.9 18 250   M    M   6 13     27 290
 8  79  42  61  13   4   0 0.00  0.0    0 10.0 23 240   M    M   2 12     30 230
 9  69  44  57   9   8   0    T  0.0    0  7.6 21  40   M    M   2 8      33  50
10  52  41  47  -2  18   0 0.00  0.0    0 21.8 35  90   M    M  10 8      47  70
11  68  41  55   6  10   0 0.08  0.0    0 21.3 39 100   M    M   3 13     53 100
12  47  31  39 -11  26   0 0.00  0.0    0 19.6 36 240   M    M   8        48 240
13  56  27  42  -8  23   0 0.00  0.0    0  9.9 20 330   M    M   0        28 350
14  52  33  43  -7  22   0 0.00  0.0    0 10.9 21 340   M    M   1        37 350
15  69  28  49  -2  16   0 0.01  0.0    0 12.7 24 160   M    M   4        34 150
16  77  50  64  13   1   0 0.00  0.0    0  7.5 15 170   M    M   1        21 170
17  77  50  64  12   1   0 0.06  0.0    0 14.7 28 210   M    M   8 3      41 200
================================================================================
SM 1079  669       224   0  0.32     0.0 210.0          M       75
================================================================================
AV 63.5 39.4                              12.4 FASTST   M    M   4    MAX(MPH)
                                 MISC ---->  # 39 100               # 53  100
================================================================================
NOTES:
# LAST OF SEVERAL OCCURRENCES

COLUMN 17 PEAK WIND IN M.P.H.

PRELIMINARY LOCAL CLIMATOLOGICAL DATA (WS FORM: F-6) , PAGE 2

                                          STATION:  OTTUMWA IA
                                          MONTH:    APRIL
                                          YEAR:     2019
                                          LATITUDE:   41  6 N
                                          LONGITUDE:  92 27 W

[TEMPERATURE DATA]      [PRECIPITATION DATA]       SYMBOLS USED IN COLUMN 16

AVERAGE MONTHLY: 51.4   TOTAL FOR MONTH:   0.32    1 = FOG OR MIST
DPTR FM NORMAL:   2.9   DPTR FM NORMAL:   -1.40    2 = FOG REDUCING VISIBILITY
HIGHEST:    79 ON  8    GRTST 24HR  0.11 ON  7- 7      TO 1/4 MILE OR LESS
LOWEST:     27 ON 13                               3 = THUNDER
                        SNOW, ICE PELLETS, HAIL    4 = ICE PELLETS
                        TOTAL MONTH:   0.0 INCH    5 = HAIL
                        GRTST 24HR     0.0         6 = FREEZING RAIN OR DRIZZLE
                        GRTST DEPTH:   0           7 = DUSTSTORM OR SANDSTORM:
                                                       VSBY 1/2 MILE OR LESS
                                                   8 = SMOKE OR HAZE
[NO. OF DAYS WITH]      [WEATHER - DAYS WITH]      9 = BLOWING SNOW
                                                   X = TORNADO
MAX 32 OR BELOW:   0    0.01 INCH OR MORE:   6
MAX 90 OR ABOVE:   0    0.10 INCH OR MORE:   1
MIN 32 OR BELOW:   5    0.50 INCH OR MORE:   0
MIN  0 OR BELOW:   0    1.00 INCH OR MORE:   0

[HDD (BASE 65) ]
TOTAL THIS MO.   224    CLEAR  (SCALE 0-3)   8
DPTR FM NORMAL   -61    PTCLDY (SCALE 4-7)   7
TOTAL FM JUL 1  6220    CLOUDY (SCALE 8-10)  2
DPTR FM NORMAL   239

[CDD (BASE 65) ]
TOTAL THIS MO.     0
DPTR FM NORMAL     0    [PRESSURE DATA]
TOTAL FM JAN 1     0    HIGHEST SLP M ON M
DPTR FM NORMAL    -1    LOWEST  SLP 29.28 ON 11

[REMARKS]
