000
CXUS53 KDMX 230920
CF6OTM
PRELIMINARY LOCAL CLIMATOLOGICAL DATA (WS FORM: F-6)

                                          STATION:   OTTUMWA IA
                                          MONTH:     FEBRUARY
                                          YEAR:      2019
                                          LATITUDE:   41  6 N
                                          LONGITUDE:  92 27 W

  TEMPERATURE IN F:       :PCPN:    SNOW:  WIND      :SUNSHINE: SKY     :PK WND
================================================================================
1   2   3   4   5  6A  6B    7    8   9   10  11  12  13   14  15   16   17  18
                                     12Z  AVG MX 2MIN
DY MAX MIN AVG DEP HDD CDD  WTR  SNW DPTH SPD SPD DIR MIN PSBL S-S WX    SPD DR
================================================================================

 1  25  -1  12 -11  53   0 0.00  0.0   11  8.9 18 180   M    M   0 1      22 190
 2  45  23  34  10  31   0 0.00  0.0   10 10.6 18 190   M    M   7 12     22 180
 3  49  39  44  20  21   0 0.00  0.0    3 13.0 18 170   M    M   8 12     25 210
 4  50  16  33   9  32   0    T  0.0    0 16.6 28 310   M    M   8 1      39 310
 5  25  13  19  -5  46   0 0.04    T    0  8.0 20 350   M    M   5 18     25 350
 6  31  23  27   3  38   0    T    T    T  7.7 15 320   M    M  10 16     20 310
 7  32   5  19  -5  46   0 0.31  0.4    T 17.1 30 290   M    M  10 168    42 310
 8  13   1   7 -18  58   0 0.00  0.0    T 11.0 25 290   M    M   0        37 290
 9  24   5  15 -10  50   0 0.00  0.0    T 10.7 23 130   M    M   4        27 130
10  29  24  27   2  38   0 0.06  1.1    T  6.9 17 120   M    M  10 128    21 120
11  32  26  29   3  36   0 0.62  0.9    1 10.9 21  80   M    M  10 16     27  80
12  31  12  22  -4  43   0 0.09  1.2    3 18.4 31 300   M    M   8 18     46 310
13  34   7  21  -5  44   0 0.00  0.0    2 10.4 20 280   M    M   0        28 290
14  47   9  28   2  37   0 0.00  0.0    1 16.3 32 320   M    M   2 8      41 320
15  12   4   8 -19  57   0 0.00  0.0    1 14.1 22 330   M    M   5        30 310
16  27   2  15 -12  50   0 0.11  1.2    1  8.6 21  90   M    M   2 1      31 100
17  28  23  26  -2  39   0 0.18  2.2    3 10.3 18 100   M    M  10 16     25  80
18  24   2  13 -15  52   0    T    T    4  8.8 13 340   M    M   2 1      16 320
19  27  -1  13 -15  52   0    T    T    4  8.4 22 100   M    M   5 18     27 100
20  35  20  28  -1  37   0 0.17  2.3    6 15.0 26  90   M    M   8 1      36 240
21  30   7  19 -10  46   0 0.00  0.0    5  5.1 10 250   M    M   0 18     13 240
22  35  15  25  -5  40   0    T  0.0    4 10.5 16 120   M    M   5 18     23  90
================================================================================
SM  685  274       946   0  1.58     9.3 247.3          M      119
================================================================================
AV 31.1 12.5                              11.2 FASTST   M    M   5    MAX(MPH)
                                 MISC ---->  # 32 320               # 46  310
================================================================================
NOTES:
# LAST OF SEVERAL OCCURRENCES

COLUMN 17 PEAK WIND IN M.P.H.

PRELIMINARY LOCAL CLIMATOLOGICAL DATA (WS FORM: F-6) , PAGE 2

                                          STATION:  OTTUMWA IA
                                          MONTH:    FEBRUARY
                                          YEAR:     2019
                                          LATITUDE:   41  6 N
                                          LONGITUDE:  92 27 W

[TEMPERATURE DATA]      [PRECIPITATION DATA]       SYMBOLS USED IN COLUMN 16

AVERAGE MONTHLY: 21.8   TOTAL FOR MONTH:   1.58    1 = FOG OR MIST
DPTR FM NORMAL:  -4.2   DPTR FM NORMAL:    0.68    2 = FOG REDUCING VISIBILITY
HIGHEST:    50 ON  4    GRTST 24HR  0.62 ON 11-11      TO 1/4 MILE OR LESS
LOWEST:     -1 ON 19, 1                            3 = THUNDER
                        SNOW, ICE PELLETS, HAIL    4 = ICE PELLETS
                        TOTAL MONTH:   9.3 INCHES  5 = HAIL
                        GRTST 24HR   2.3 ON 20-20  6 = FREEZING RAIN OR DRIZZLE
                        GRTST DEPTH:  11 ON  1     7 = DUSTSTORM OR SANDSTORM:
                                                       VSBY 1/2 MILE OR LESS
                                                   8 = SMOKE OR HAZE
[NO. OF DAYS WITH]      [WEATHER - DAYS WITH]      9 = BLOWING SNOW
                                                   X = TORNADO
MAX 32 OR BELOW:  15    0.01 INCH OR MORE:   8
MAX 90 OR ABOVE:   0    0.10 INCH OR MORE:   5
MIN 32 OR BELOW:  21    0.50 INCH OR MORE:   1
MIN  0 OR BELOW:   2    1.00 INCH OR MORE:   0

[HDD (BASE 65) ]
TOTAL THIS MO.   946    CLEAR  (SCALE 0-3)   7
DPTR FM NORMAL    89    PTCLDY (SCALE 4-7)  10
TOTAL FM JUL 1  4831    CLOUDY (SCALE 8-10)  5
DPTR FM NORMAL   152

[CDD (BASE 65) ]
TOTAL THIS MO.     0
DPTR FM NORMAL     0    [PRESSURE DATA]
TOTAL FM JAN 1     0    HIGHEST SLP M ON M
DPTR FM NORMAL     0    LOWEST  SLP 29.49 ON 14

[REMARKS]
