000
CXAK56 PAFG 240951
CF6OTZ
PRELIMINARY LOCAL CLIMATOLOGICAL DATA (WS FORM: F-6)

                                          STATION:   KOTZEBUE AK
                                          MONTH:     APRIL
                                          YEAR:      2019
                                          LATITUDE:   66 52 N
                                          LONGITUDE: 162 38 W

  TEMPERATURE IN F:       :PCPN:    SNOW:  WIND      :SUNSHINE: SKY     :PK WND
================================================================================
1   2   3   4   5  6A  6B    7    8   9   10  11  12  13   14  15   16   17  18
                                     12Z  AVG MX 2MIN
DY MAX MIN AVG DEP HDD CDD  WTR  SNW DPTH SPD SPD DIR MIN PSBL S-S WX    SPD DR
================================================================================

 1  32  20  26  22  39   0    T    T   24  4.3 10  50   M    M   6 128    12  50
 2  31  17  24  19  41   0 0.00  0.0   24  2.0  9  60   M    M   5 128    13  60
 3  30  19  25  20  40   0 0.00  0.0   24 15.8 23  90   M    M   2        28  90
 4  28  13  21  15  44   0 0.00  0.0   24  7.9 14  90   M    M   0        16 360
 5  28  10  19  13  46   0 0.00  0.0   24  4.5 10  70   M    M   0        11  60
 6  29  10  20  13  45   0 0.00  0.0   24  5.6 18  70   M    M   0        21  60
 7  28   9  19  12  46   0 0.00  0.0   24  8.3 20  70   M    M   8        23  70
 8  32  21  27  19  38   0    T    T   22  9.2 15  10   M    M  10        17  20
 9  34  26  30  21  35   0 0.02  0.2   22  9.0 15 140   M    M   9 18     16 140
10  35  28  32  23  33   0    T    T    M  4.0 12  10   M    M  10 18     14  30
11  43  30  37  27  28   0 0.00  0.0    M 10.4 18  90   M    M   4        22  90
12  35  23  29  18  36   0    T    T   20  7.8 16 270   M    M   7 8      19 270
13  31  24  28  17  37   0    T    T   20 13.1 20 280   M    M  10 18     24 290
14  24  16  20   8  45   0    T    T   20 11.8 21 320   M    M  10 18     25 320
15  19   9  14   1  51   0 0.00  0.0   20 13.6 23 310   M    M   6 8      27 320
16  29  13  21   8  44   0 0.00  0.0   20  8.3 16 340   M    M   5        20 340
17  30  19  25  11  40   0    T    T   20  6.0 14  40   M    M   9 18     18  40
18  25  10  18   3  47   0    M    M    M  5.9 15  10   M    M   0        17  10
19  23  10  17   1  48   0    T    T    M 10.4 17  90   M    M   9 18     19 100
20  20  14  17   1  48   0    T    T   20  9.0 16 290   M    M   9 8      18 260
21  27  11  19   2  46   0    T    T   20 10.5 20 330   M    M   7        23 340
22  40  26  33  15  32   0 0.00  0.0   19  9.2 18  60   M    M   5        21  60
23  36  21  29  10  36   0 0.00  0.0   19  5.9 16  90   M    M   5        19  90
================================================================================
SM  689  399       945   0  0.02     0.2 192.5          M      136
================================================================================
AV 30.0 17.4                               8.4 FASTST   M    M   6    MAX(MPH)
                                 MISC ---->  # 23  90               # 28   90
================================================================================
NOTES:
# LAST OF SEVERAL OCCURRENCES

COLUMN 17 PEAK WIND IN M.P.H.

PRELIMINARY LOCAL CLIMATOLOGICAL DATA (WS FORM: F-6) , PAGE 2

                                          STATION:  KOTZEBUE AK
                                          MONTH:    APRIL
                                          YEAR:     2019
                                          LATITUDE:   66 52 N
                                          LONGITUDE: 162 38 W

[TEMPERATURE DATA]      [PRECIPITATION DATA]       SYMBOLS USED IN COLUMN 16

AVERAGE MONTHLY: 23.7   TOTAL FOR MONTH:   0.02    1 = FOG OR MIST
DPTR FM NORMAL:  12.7   DPTR FM NORMAL:   -0.38    2 = FOG REDUCING VISIBILITY
HIGHEST:    43 ON 11    GRTST 24HR  0.02 ON  9- 9      TO 1/4 MILE OR LESS
LOWEST:      9 ON 15, 7                            3 = THUNDER
                        SNOW, ICE PELLETS, HAIL    4 = ICE PELLETS
                        TOTAL MONTH:   0.2 INCH    5 = HAIL
                        GRTST 24HR   0.2 ON  9- 9  6 = FREEZING RAIN OR DRIZZLE
                        GRTST DEPTH:  24 ON  7, 6  7 = DUSTSTORM OR SANDSTORM:
                                                       VSBY 1/2 MILE OR LESS
                                                   8 = SMOKE OR HAZE
[NO. OF DAYS WITH]      [WEATHER - DAYS WITH]      9 = BLOWING SNOW
                                                   X = TORNADO
MAX 32 OR BELOW:  17    0.01 INCH OR MORE:   1
MAX 90 OR ABOVE:   0    0.10 INCH OR MORE:   0
MIN 32 OR BELOW:  23    0.50 INCH OR MORE:   0
MIN  0 OR BELOW:   0    1.00 INCH OR MORE:   0

[HDD (BASE 65) ]
TOTAL THIS MO.   945    CLEAR  (SCALE 0-3)   5
DPTR FM NORMAL  -300    PTCLDY (SCALE 4-7)  10
TOTAL FM JUL 1 10777    CLOUDY (SCALE 8-10)  8
DPTR FM NORMAL -2695

[CDD (BASE 65) ]
TOTAL THIS MO.     0
DPTR FM NORMAL     0    [PRESSURE DATA]
TOTAL FM JAN 1     0    HIGHEST SLP M ON M
DPTR FM NORMAL     0    LOWEST  SLP 29.79 ON M

[REMARKS]
