000
CXAK56 PAFG 250941
CF6OTZ
PRELIMINARY LOCAL CLIMATOLOGICAL DATA (WS FORM: F-6)

                                          STATION:   KOTZEBUE AK
                                          MONTH:     AUGUST
                                          YEAR:      2019
                                          LATITUDE:   66 52 N
                                          LONGITUDE: 162 38 W

  TEMPERATURE IN F:       :PCPN:    SNOW:  WIND      :SUNSHINE: SKY     :PK WND
================================================================================
1   2   3   4   5  6A  6B    7    8   9   10  11  12  13   14  15   16   17  18
                                     12Z  AVG MX 2MIN
DY MAX MIN AVG DEP HDD CDD  WTR  SNW DPTH SPD SPD DIR MIN PSBL S-S WX    SPD DR
================================================================================

 1  58  51  55   1  10   0 0.08  0.0    0 15.7 30 290   M    M   9        35 290
 2  61  54  58   4   7   0 0.80  0.0    0 17.0 33 100   M    M  10 18     40 100
 3  61  52  57   3   8   0 0.10  0.0    0 24.3 38 210   M    M   9 8      46 200
 4  61  50  56   2   9   0 0.00  0.0    0 11.3 29 310   M    M   0        33 310
 5  67  52  60   6   5   0 0.00  0.0    0  8.9 15 100   M    M   0        17 100
 6  62  56  59   5   6   0 0.00  0.0    0  8.7 15 280   M    M   1        17 270
 7  65  58  62   9   3   0 0.00  0.0    0  4.6  9 270   M    M   3        10 270
 8  62  57  60   7   5   0 0.00  0.0    0 10.2 16 240   M    M   7        18 240
 9  62  57  60   7   5   0 0.00  0.0    0  6.5 14 280   M    M   8 8      15 270
10  61  54  58   5   7   0 0.00  0.0    0  7.2 12 260   M    M   7        13 260
11  67  55  61   8   4   0 0.00  0.0    0  4.1  9 120   M    M   4 18     11 110
12  64  58  61   8   4   0 0.51  0.0    0 14.6 24 250   M    M  10 8      28 260
13  61  56  59   7   6   0 0.17  0.0    0 21.1 31 230   M    M  10 18     37 230
14  60  57  59   7   6   0 0.01  0.0    0 12.7 29 230   M    M  10        35 220
15  60  56  58   6   7   0 0.14  0.0    0  7.2 16 280   M    M  10 18     20 280
16  64  50  57   5   8   0 0.04  0.0    0 15.2 31 310   M    M   6        36 310
17  60  47  54   2  11   0 0.00  0.0    0  7.1 15  20   M    M   0        17  20
18  60  50  55   3  10   0 0.00  0.0    0  4.9  9 310   M    M   0        11 310
19  65  52  59   8   6   0 0.00  0.0    0  6.6 15  90   M    M   0        18  80
20  64  50  57   6   8   0 0.00  0.0    0  9.1 17 310   M    M   0        21 290
21  61  52  57   6   8   0    T  0.0    0  8.4 15 300   M    M   4 8      17 300
22  62  48  55   4  10   0 0.00  0.0    0 11.5 25 340   M    M   1        29 340
23  63  50  57   6   8   0 0.00  0.0    0 14.8 25 330   M    M   3        28 330
24  54  49  52   2  13   0    T  0.0    0 10.5 20 290   M    M   5        23 290
================================================================================
SM 1485 1271       174   0  1.85     0.0 262.2          M      117
================================================================================
AV 61.9 53.0                              10.9 FASTST   M    M   5    MAX(MPH)
                                 MISC ---->  # 38 210               # 46  200
================================================================================
NOTES:
# LAST OF SEVERAL OCCURRENCES

COLUMN 17 PEAK WIND IN M.P.H.

PRELIMINARY LOCAL CLIMATOLOGICAL DATA (WS FORM: F-6) , PAGE 2

                                          STATION:  KOTZEBUE AK
                                          MONTH:    AUGUST
                                          YEAR:     2019
                                          LATITUDE:   66 52 N
                                          LONGITUDE: 162 38 W

[TEMPERATURE DATA]      [PRECIPITATION DATA]       SYMBOLS USED IN COLUMN 16

AVERAGE MONTHLY: 57.4   TOTAL FOR MONTH:   1.85    1 = FOG OR MIST
DPTR FM NORMAL:   5.0   DPTR FM NORMAL:    0.12    2 = FOG REDUCING VISIBILITY
HIGHEST:    67 ON 11, 5 GRTST 24HR  0.80 ON  2- 2      TO 1/4 MILE OR LESS
LOWEST:     47 ON 17                               3 = THUNDER
                        SNOW, ICE PELLETS, HAIL    4 = ICE PELLETS
                        TOTAL MONTH:   0.0 INCH    5 = HAIL
                        GRTST 24HR     0.0         6 = FREEZING RAIN OR DRIZZLE
                        GRTST DEPTH:   0           7 = DUSTSTORM OR SANDSTORM:
                                                       VSBY 1/2 MILE OR LESS
                                                   8 = SMOKE OR HAZE
[NO. OF DAYS WITH]      [WEATHER - DAYS WITH]      9 = BLOWING SNOW
                                                   X = TORNADO
MAX 32 OR BELOW:   0    0.01 INCH OR MORE:   8
MAX 90 OR ABOVE:   0    0.10 INCH OR MORE:   5
MIN 32 OR BELOW:   0    0.50 INCH OR MORE:   2
MIN  0 OR BELOW:   0    1.00 INCH OR MORE:   0

[HDD (BASE 65) ]
TOTAL THIS MO.   174    CLEAR  (SCALE 0-3)   9
DPTR FM NORMAL  -129    PTCLDY (SCALE 4-7)   7
TOTAL FM JUL 1   255    CLOUDY (SCALE 8-10)  8
DPTR FM NORMAL  -373

[CDD (BASE 65) ]
TOTAL THIS MO.     0
DPTR FM NORMAL     0    [PRESSURE DATA]
TOTAL FM JAN 1    76    HIGHEST SLP M ON M
DPTR FM NORMAL    72    LOWEST  SLP 29.35 ON  1

[REMARKS]
