000
CXUS55 KPAH 230630
CF6OWB
PRELIMINARY LOCAL CLIMATOLOGICAL DATA (WS FORM: F-6)

                                          STATION:   OWENSBORO KY
                                          MONTH:     APRIL
                                          YEAR:      2018
                                          LATITUDE:   37 45 N
                                          LONGITUDE:  87 10 W

  TEMPERATURE IN F:       :PCPN:    SNOW:  WIND      :SUNSHINE: SKY     :PK WND
================================================================================
1   2   3   4   5  6A  6B    7    8   9   10  11  12  13   14  15   16   17  18
                                     12Z  AVG MX 2MIN
DY MAX MIN AVG DEP HDD CDD  WTR  SNW DPTH SPD SPD DIR MIN PSBL S-S WX    SPD DR
================================================================================

 1  52  39  46  -8  19   0 1.05    M    M  8.7 20  30   M    M   8 1      23  40
 2  51  37  44 -10  21   0 0.03    M    M  8.4 18 160   M    M  10 3      21 140
 3  76  44  60   5   5   0 0.47    M    M 17.7 33 320   M    M   8 13     40 310
 4  44  32  38 -17  27   0 0.00  0.0    0 12.7 31 310   M    M   7        38 310
 5  56  27  42 -14  23   0 0.00  0.0    0  6.0 15 160   M    M   0        18 170
 6  60  34  47  -9  18   0    T  0.0    0 10.4 23 350   M    M   5        29 350
 7  46  29  38 -18  27   0 0.01    M    M  9.8 17 360   M    M   6 1      24  20
 8  45  33  39 -18  26   0    T    M    0  4.7 15 310   M    M   3 8      17 310
 9  53  34  44 -13  21   0 0.00  0.0    0  6.8 15  70   M    M   5 8      17  80
10  47  34  41 -16  24   0 0.00  0.0    0  5.8 14 320   M    M   9        16 320
11  68  30  49  -9  16   0 0.00  0.0    0  9.6 22 210   M    M   2         M 190
12  80  52  66   8   0   1 0.00  0.0    0 17.9 35 220   M    M   0        39 220
13  81  62  72  13   0   7 0.00  0.0    0 16.3 31 220   M    M   2        37 220
14  71  52  62   3   3   0 1.08  0.0    0 11.8 30 270   M    M   7 13     39 290
15  52  37  45 -14  20   0 0.36    M    0 14.1 20 270   M    M  10 1      28 290
16  37  31  34 -26  31   0 0.01    M    0 13.4 25 300   M    M   9 18     32 290
17  61  29  45 -15  20   0 0.00  0.0    0  6.0 15 270   M    M   0        20 280
18  79  44  62   2   3   0 0.00  0.0    0 16.1 33 230   M    M   3        38 230
19  54  39  47 -14  18   0 0.00  0.0    0 10.4 24 320   M    M   7 8      29 320
20  65  38  52  -9  13   0 0.00  0.0    0  7.5 14  20   M    M   0        17  10
21  72  45  59  -2   6   0 0.00  0.0    0  8.1 15 100   M    M   0        20  80
22  69  54  62   0   3   0 0.08  0.0    0  9.5 18 110   M    M   5        23 110
================================================================================
SM 1319  856       344   8  3.09     0.0 231.7          M      106
================================================================================
AV 60.0 38.9                              10.5 FASTST   M    M   5    MAX(MPH)
                                 MISC ---->  # 35 220               # 40  310
================================================================================
NOTES:
# LAST OF SEVERAL OCCURRENCES

COLUMN 17 PEAK WIND IN M.P.H.

PRELIMINARY LOCAL CLIMATOLOGICAL DATA (WS FORM: F-6) , PAGE 2

                                          STATION:  OWENSBORO KY
                                          MONTH:    APRIL
                                          YEAR:     2018
                                          LATITUDE:   37 45 N
                                          LONGITUDE:  87 10 W

[TEMPERATURE DATA]      [PRECIPITATION DATA]       SYMBOLS USED IN COLUMN 16

AVERAGE MONTHLY: 49.4   TOTAL FOR MONTH:   3.09    1 = FOG OR MIST
DPTR FM NORMAL:  -8.5   DPTR FM NORMAL:   -0.12    2 = FOG REDUCING VISIBILITY
HIGHEST:    81 ON 13    GRTST 24HR  1.08 ON 14-14      TO 1/4 MILE OR LESS
LOWEST:     27 ON  5                               3 = THUNDER
                        SNOW, ICE PELLETS, HAIL    4 = ICE PELLETS
                        TOTAL MONTH:   0.0 INCH    5 = HAIL
                        GRTST 24HR     0.0         6 = FREEZING RAIN OR DRIZZLE
                        GRTST DEPTH:   0           7 = DUSTSTORM OR SANDSTORM:
                                                       VSBY 1/2 MILE OR LESS
                                                   8 = SMOKE OR HAZE
[NO. OF DAYS WITH]      [WEATHER - DAYS WITH]      9 = BLOWING SNOW
                                                   X = TORNADO
MAX 32 OR BELOW:   0    0.01 INCH OR MORE:   8
MAX 90 OR ABOVE:   0    0.10 INCH OR MORE:   4
MIN 32 OR BELOW:   6    0.50 INCH OR MORE:   2
MIN  0 OR BELOW:   0    1.00 INCH OR MORE:   2

[HDD (BASE 65) ]
TOTAL THIS MO.   344    CLEAR  (SCALE 0-3)   8
DPTR FM NORMAL   162    PTCLDY (SCALE 4-7)   9
TOTAL FM JUL 1  4238    CLOUDY (SCALE 8-10)  5
DPTR FM NORMAL   453

[CDD (BASE 65) ]
TOTAL THIS MO.     8
DPTR FM NORMAL   -21    [PRESSURE DATA]
TOTAL FM JAN 1    18    HIGHEST SLP M ON M
DPTR FM NORMAL   -17    LOWEST  SLP 29.56 ON  3

[REMARKS]
