000
CXUS53 KDDC 201200
CF6P28
PRELIMINARY LOCAL CLIMATOLOGICAL DATA (WS FORM: F-6)

                                          STATION:   MEDICINE LODGE KS
                                          MONTH:     APRIL
                                          YEAR:      2019
                                          LATITUDE:   37 17 N
                                          LONGITUDE:  98 35 W

  TEMPERATURE IN F:       :PCPN:    SNOW:  WIND      :SUNSHINE: SKY     :PK WND
================================================================================
1   2   3   4   5  6A  6B    7    8   9   10  11  12  13   14  15   16   17  18
                                     12Z  AVG MX 2MIN
DY MAX MIN AVG DEP HDD CDD  WTR  SNW DPTH SPD SPD DIR MIN PSBL S-S WX    SPD DR
================================================================================

 1  59  32  46  -6  19   0 0.00  0.0    0  7.2 18 180   M    M   0        27 190
 2  60  35  48  -4  17   0 0.00  0.0    0  7.7 16  20   M    M   0        23  70
 3  69  48  59   7   6   0 0.00  0.0    0 14.5 35 170   M    M   0        45 170
 4  70  49  60   8   5   0 0.01  0.0    0  5.8 20 360   M    M   0        25 360
 5  75  41  58   5   7   0 0.00  0.0    0  8.3 21 160   M    M   0        34 150
 6  65  50  58   5   7   0 0.05  0.0    0  6.3 14 180   M    M   0        24 160
 7  79  45  62   9   3   0 0.00  0.0    0  7.5 22 340   M    M   0        30 340
 8  86  41  64  10   1   0 0.00  0.0    0  4.3 16 170   M    M   0        20 170
 9  85  49  67  13   0   2 0.00  0.0    0  9.2 25 170   M    M   0        34 170
10  87  43  65  11   0   0 0.00  0.0    0 15.9 31 320   M    M   0        48 330
11  49  32  41 -13  24   0 0.00  0.0    0 18.6 30 300   M    M   0        45 280
12  60  29  45 -10  20   0 0.00  0.0    0  5.8 15 330   M    M   0        20 330
13  52  40  46  -9  19   0 0.00  0.0    0 12.7 22  50   M    M   0        31  50
14  66  33  50  -6  15   0 0.00  0.0    0  8.1 17 130   M    M   0        32 220
15  81  44  63   7   2   0 0.00  0.0    0 11.2 21 160   M    M   0        32 180
16  76  56  66  10   0   1 0.00  0.0    0 13.9 24 170   M    M   0        35 160
17  82  54  68  12   0   3 0.76  0.0    0  8.1 20  30   M    M   0        31  30
18  69  48  59   2   6   0 0.00  0.0    0 15.3 33 340   M    M   0        54 330
19  69  37  53  -4  12   0 0.00  0.0    0  9.3 20 350   M    M   0        29 330
================================================================================
SM 1339  806       163   6  0.82     0.0 189.7          M        0
================================================================================
AV 70.5 42.4                              10.0 FASTST   M    M   0    MAX(MPH)
                                 MISC ---->  # 35 170               # 54  330
================================================================================
NOTES:
# LAST OF SEVERAL OCCURRENCES

COLUMN 17 PEAK WIND IN M.P.H.

PRELIMINARY LOCAL CLIMATOLOGICAL DATA (WS FORM: F-6) , PAGE 2

                                          STATION:  MEDICINE LODGE KS
                                          MONTH:    APRIL
                                          YEAR:     2019
                                          LATITUDE:   37 17 N
                                          LONGITUDE:  98 35 W

[TEMPERATURE DATA]      [PRECIPITATION DATA]       SYMBOLS USED IN COLUMN 16

AVERAGE MONTHLY: 56.5   TOTAL FOR MONTH:   0.82    1 = FOG OR MIST
DPTR FM NORMAL:   2.2   DPTR FM NORMAL:   -0.55    2 = FOG REDUCING VISIBILITY
HIGHEST:    87 ON 10    GRTST 24HR  0.76 ON 17-17      TO 1/4 MILE OR LESS
LOWEST:     29 ON 12                               3 = THUNDER
                        SNOW, ICE PELLETS, HAIL    4 = ICE PELLETS
                        TOTAL MONTH:   0.0 INCH    5 = HAIL
                        GRTST 24HR     0.0         6 = FREEZING RAIN OR DRIZZLE
                        GRTST DEPTH:   0           7 = DUSTSTORM OR SANDSTORM:
                                                       VSBY 1/2 MILE OR LESS
                                                   8 = SMOKE OR HAZE
[NO. OF DAYS WITH]      [WEATHER - DAYS WITH]      9 = BLOWING SNOW
                                                   X = TORNADO
MAX 32 OR BELOW:   0    0.01 INCH OR MORE:   3
MAX 90 OR ABOVE:   0    0.10 INCH OR MORE:   1
MIN 32 OR BELOW:   3    0.50 INCH OR MORE:   1
MIN  0 OR BELOW:   0    1.00 INCH OR MORE:   0

[HDD (BASE 65) ]
TOTAL THIS MO.   163    CLEAR  (SCALE 0-3)  19
DPTR FM NORMAL   -52    PTCLDY (SCALE 4-7)   0
TOTAL FM JUL 1  4559    CLOUDY (SCALE 8-10)  0
DPTR FM NORMAL   247

[CDD (BASE 65) ]
TOTAL THIS MO.     6
DPTR FM NORMAL    -5    [PRESSURE DATA]
TOTAL FM JAN 1     6    HIGHEST SLP M ON M
DPTR FM NORMAL    -7    LOWEST  SLP 29.07 ON 10

[REMARKS]
