000
CXUS55 KRIW 220945
CF6P60
PRELIMINARY LOCAL CLIMATOLOGICAL DATA (WS FORM: F-6)

                                          STATION:   LAKE YELLOWSTONE WY
                                          MONTH:     FEBRUARY
                                          YEAR:      2019
                                          LATITUDE:   44 32 N
                                          LONGITUDE: 110 25 W

  TEMPERATURE IN F:       :PCPN:    SNOW:  WIND      :SUNSHINE: SKY     :PK WND
================================================================================
1   2   3   4   5  6A  6B    7    8   9   10  11  12  13   14  15   16   17  18
                                     12Z  AVG MX 2MIN
DY MAX MIN AVG DEP HDD CDD  WTR  SNW DPTH SPD SPD DIR MIN PSBL S-S WX    SPD DR
================================================================================

 1  36  -2  17   4  48   0 0.00    M    M  0.6  7 260   M    M   0        15 250
 2  33  11  22   9  43   0 0.08    M    M  0.7 10 260   M    M   0        17 260
 3  30  23  27  14  38   0 0.62    M    M  3.8 14 270   M    M   0        27 270
 4  28  14  21   8  44   0 0.45    M    M  1.0  8 240   M    M   0        15 210
 5  25  11  18   5  47   0 0.14    M    M  1.6 10 270   M    M   0        20 220
 6  15   2   9  -4  56   0 0.00    M    M  2.3  9 300   M    M   0        15 340
 7   8 -17  -4 -17  69   0 0.00    M    M  1.6 13 280   M    M   0        20 270
 8  15 -12   2 -11  63   0 0.01    M    M  0.4  6 230   M    M   0         9 200
 9  21  -4   9  -4  56   0 0.04    M    M  1.2  7 120   M    M   0        10 130
10  22   7  15   1  50   0 0.19    M    M  0.9  7 260   M    M   0        13 160
11  13  -1   6  -8  59   0 0.00    M    M  5.6 17 270   M    M   0        31 270
12  23   9  16   2  49   0 0.00    M    M  3.7 10 260   M    M   0        23 210
13  24  16  20   6  45   0 0.14    M    M  5.4 13 270   M    M   0        23 240
14  32  22  27  13  38   0 0.01    M    M  2.0 10 290   M    M   0        17 280
15  29  15  22   7  43   0 0.01    M    M  5.2 15 250   M    M   0        32 250
16  20   3  12  -3  53   0 0.00    M    M  3.2 15 270   M    M   0        21 270
17  20 -11   5 -10  60   0 0.00    M    M  0.7  7  30   M    M   0        10  30
18  14 -22  -4 -19  69   0 0.00    M    M  1.2 10 280   M    M   0        16 300
19   8  -6   1 -15  64   0 0.00    M    M  1.6 10 270   M    M   0        15 230
20  13  -6   4 -12  61   0 0.00    M    M  1.0  9 280   M    M   0        13 280
21  14 -16  -1 -17  66   0 0.00    M    M  1.8  8  80   M    M   0        15  80
================================================================================
SM  443   36      1121   0  1.69    M     45.5          M        0
================================================================================
AV 21.1  1.7                               2.2 FASTST   M    M   0    MAX(MPH)
                                 MISC ---->  # 17 270               # 32  250
================================================================================
NOTES:
# LAST OF SEVERAL OCCURRENCES

COLUMN 17 PEAK WIND IN M.P.H.

PRELIMINARY LOCAL CLIMATOLOGICAL DATA (WS FORM: F-6) , PAGE 2

                                          STATION:  LAKE YELLOWSTONE WY
                                          MONTH:    FEBRUARY
                                          YEAR:     2019
                                          LATITUDE:   44 32 N
                                          LONGITUDE: 110 25 W

[TEMPERATURE DATA]      [PRECIPITATION DATA]       SYMBOLS USED IN COLUMN 16

AVERAGE MONTHLY: 11.4   TOTAL FOR MONTH:   1.69    1 = FOG OR MIST
DPTR FM NORMAL:  -2.6   DPTR FM NORMAL:    0.64    2 = FOG REDUCING VISIBILITY
HIGHEST:    36 ON  1    GRTST 24HR  0.62 ON  3- 3      TO 1/4 MILE OR LESS
LOWEST:    -22 ON 18                               3 = THUNDER
                        SNOW, ICE PELLETS, HAIL    4 = ICE PELLETS
                        TOTAL MONTH:    M          5 = HAIL
                        GRTST 24HR    M  ON   M    6 = FREEZING RAIN OR DRIZZLE
                        GRTST DEPTH:  M  ON   M    7 = DUSTSTORM OR SANDSTORM:
                                                       VSBY 1/2 MILE OR LESS
                                                   8 = SMOKE OR HAZE
[NO. OF DAYS WITH]      [WEATHER - DAYS WITH]      9 = BLOWING SNOW
                                                   X = TORNADO
MAX 32 OR BELOW:  19    0.01 INCH OR MORE:  10
MAX 90 OR ABOVE:   0    0.10 INCH OR MORE:   5
MIN 32 OR BELOW:  21    0.50 INCH OR MORE:   1
MIN  0 OR BELOW:  10    1.00 INCH OR MORE:   0

[HDD (BASE 65) ]
TOTAL THIS MO.  1121    CLEAR  (SCALE 0-3)  21
DPTR FM NORMAL    51    PTCLDY (SCALE 4-7)   0
TOTAL FM JUL 1  7848    CLOUDY (SCALE 8-10)  0
DPTR FM NORMAL   247

[CDD (BASE 65) ]
TOTAL THIS MO.     0
DPTR FM NORMAL     0    [PRESSURE DATA]
TOTAL FM JAN 1     0    HIGHEST SLP M ON M
DPTR FM NORMAL     0    LOWEST  SLP 29.40 ON  3

[REMARKS]
