028
CXUS53 KPAH 210645
CF6PAH
PRELIMINARY LOCAL CLIMATOLOGICAL DATA (WS FORM: F-6)

                                          STATION:   PADUCAH KY
                                          MONTH:     OCTOBER
                                          YEAR:      2019
                                          LATITUDE:   37  4 N
                                          LONGITUDE:  88 46 W

  TEMPERATURE IN F:       :PCPN:    SNOW:  WIND      :SUNSHINE: SKY     :PK WND
================================================================================
1   2   3   4   5  6A  6B    7    8   9   10  11  12  13   14  15   16   17  18
                                     12Z  AVG MX 2MIN
DY MAX MIN AVG DEP HDD CDD  WTR  SNW DPTH SPD SPD DIR MIN PSBL S-S WX    SPD DR
================================================================================

 1  95  67  81  17   0  16 0.00  0.0    0  4.8 16 240   M    M   0 18     23 250
 2  96  67  82  19   0  17 0.00  0.0    0  5.6 15 250   M    M   0        22 240
 3  93  63  78  15   0  13 0.00  0.0    0  7.7 16  10   M    M   0        23 350
 4  79  55  67   4   0   2 0.00  0.0    0  9.2 16  20   M    M   0        20  20
 5  87  52  70   8   0   5 0.00  0.0    0  3.2 12 340   M    M   0        16 170
 6  74  58  66   4   0   1 0.58  0.0    0  5.8 17  40   M    M   6 1      26  50
 7  74  47  61  -1   4   0 0.01  0.0    0  5.8 16  30   M    M   3 1      21  30
 8  77  43  60  -1   5   0 0.00  0.0    0  4.4 16  80   M    M   0 1      23  70
 9  81  43  62   1   3   0 0.00  0.0    0  3.9 13  90   M    M   0 1      18 100
10  87  59  73  12   0   8 0.00  0.0    0  7.7 16 160   M    M   3        24 160
11  73  41  57  -3   8   0 0.44  0.0    0  8.4 17 310   M    M   7 1      27 320
12  60  33  47 -13  18   0 0.00  0.0    0  0.8  7 240   M    M   0        12 250
13  69  34  52  -8  13   0 0.00  0.0    0  5.9 15 250   M    M   0        22 270
14  76  42  59   0   6   0 0.00  0.0    0  2.7  9 230   M    M   0        14 230
15  75  45  60   1   5   0 0.43  0.0    0  4.8 20 340   M    M   7 13     29 340
16  62  39  51  -8  14   0 0.00  0.0    0  9.1 24 360   M    M   1        38 350
17  63  36  50  -8  15   0 0.00  0.0    0  2.5 12 330   M    M   0 1      18 360
18  69  35  52  -6  13   0 0.00  0.0    0  2.9 13 120   M    M   0 12     18 120
19  75  38  57  -1   8   0 0.00  0.0    0  2.1 13 150   M    M   1 18     17 160
20  75  55  65   7   0   0 0.00  0.0    0  4.0 13 150   M    M   5 1      19 160
================================================================================
SM 1540  952       112  62  1.46     0.0 101.3          M       33
================================================================================
AV 77.0 47.6                               5.1 FASTST   M    M   2    MAX(MPH)
                                 MISC ---->  # 24 360               # 38  350
================================================================================
NOTES:
# LAST OF SEVERAL OCCURRENCES

COLUMN 17 PEAK WIND IN M.P.H.

PRELIMINARY LOCAL CLIMATOLOGICAL DATA (WS FORM: F-6) , PAGE 2

                                          STATION:  PADUCAH KY
                                          MONTH:    OCTOBER
                                          YEAR:     2019
                                          LATITUDE:   37  4 N
                                          LONGITUDE:  88 46 W

[TEMPERATURE DATA]      [PRECIPITATION DATA]       SYMBOLS USED IN COLUMN 16

AVERAGE MONTHLY: 62.3   TOTAL FOR MONTH:   1.46    1 = FOG OR MIST
DPTR FM NORMAL:   1.8   DPTR FM NORMAL:   -1.15    2 = FOG REDUCING VISIBILITY
HIGHEST:    96 ON  2    GRTST 24HR  0.58 ON  6- 6      TO 1/4 MILE OR LESS
LOWEST:     33 ON 12                               3 = THUNDER
                        SNOW, ICE PELLETS, HAIL    4 = ICE PELLETS
                        TOTAL MONTH:   0.0 INCH    5 = HAIL
                        GRTST 24HR     0.0         6 = FREEZING RAIN OR DRIZZLE
                        GRTST DEPTH:   0           7 = DUSTSTORM OR SANDSTORM:
                                                       VSBY 1/2 MILE OR LESS
                                                   8 = SMOKE OR HAZE
[NO. OF DAYS WITH]      [WEATHER - DAYS WITH]      9 = BLOWING SNOW
                                                   X = TORNADO
MAX 32 OR BELOW:   0    0.01 INCH OR MORE:   4
MAX 90 OR ABOVE:   3    0.10 INCH OR MORE:   3
MIN 32 OR BELOW:   0    0.50 INCH OR MORE:   1
MIN  0 OR BELOW:   0    1.00 INCH OR MORE:   0

[HDD (BASE 65) ]
TOTAL THIS MO.   112    CLEAR  (SCALE 0-3)  16
DPTR FM NORMAL    -9    PTCLDY (SCALE 4-7)   4
TOTAL FM JUL 1   112    CLOUDY (SCALE 8-10)  0
DPTR FM NORMAL   -48

[CDD (BASE 65) ]
TOTAL THIS MO.    62
DPTR FM NORMAL    31    [PRESSURE DATA]
TOTAL FM JAN 1  1856    HIGHEST SLP M ON M
DPTR FM NORMAL   325    LOWEST  SLP 29.75 ON 19

[REMARKS]
