526
CXUS53 KPAH 190645
CF6PAH
PRELIMINARY LOCAL CLIMATOLOGICAL DATA (WS FORM: F-6)

                                          STATION:   PADUCAH KY
                                          MONTH:     AUGUST
                                          YEAR:      2019
                                          LATITUDE:   37  4 N
                                          LONGITUDE:  88 46 W

  TEMPERATURE IN F:       :PCPN:    SNOW:  WIND      :SUNSHINE: SKY     :PK WND
================================================================================
1   2   3   4   5  6A  6B    7    8   9   10  11  12  13   14  15   16   17  18
                                     12Z  AVG MX 2MIN
DY MAX MIN AVG DEP HDD CDD  WTR  SNW DPTH SPD SPD DIR MIN PSBL S-S WX    SPD DR
================================================================================

 1  85  65  75  -3   0  10 0.00  0.0    0  4.3 13 330   M    M   0        17 360
 2  90  61  76  -2   0  11 0.00  0.0    0  1.9  8 340   M    M   1        12  10
 3  92  69  81   3   0  16 0.67  0.0    0  3.0 15 100   M    M   3 138    24  90
 4  90  70  80   2   0  15 0.00  0.0    0  2.6 14 130   M    M   1 13     19 140
 5  90  67  79   1   0  14 0.00  0.0    0  1.7  8 210   M    M   2 1      10 240
 6  92  69  81   3   0  16    T  0.0    0  6.5 16 250   M    M   2 3      24 240
 7  88  67  78   0   0  13 0.00  0.0    0  2.8 10 260   M    M   1 128    12 300
 8  86  73  80   2   0  15 0.00  0.0    0  2.7 10 290   M    M   4 128    15 290
 9  87  71  79   1   0  14 0.00  0.0    0  3.2 12 250   M    M   4 1      15 240
10  91  69  80   2   0  15 0.00  0.0    0  1.7  9  40   M    M   1 12     13  50
11  91  65  78   0   0  13 0.00  0.0    0  1.6  7 250   M    M   0 1      10 300
12  94  72  83   5   0  18 0.00  0.0    0  4.5 14 230   M    M   2 1      20 200
13  94  75  85   7   0  20 0.00  0.0    0  5.8 13 280   M    M   2 3      17 330
14  92  70  81   3   0  16 0.00  0.0    0  4.2 13  10   M    M   0 1      18  10
15  87  65  76  -2   0  11 0.00  0.0    0  3.2 12 330   M    M   1        17 360
16  88  64  76  -2   0  11 0.00  0.0    0  4.7 14 240   M    M   0 1      20 240
17  95  73  84   6   0  19 0.00  0.0    0  5.0 13 230   M    M   0        19 230
18  95  73  84   6   0  19    T  0.0    0  5.4 13 240   M    M   0        19 220
================================================================================
SM 1627 1238         0 266  0.67     0.0  64.8          M       24
================================================================================
AV 90.4 68.8                               3.6 FASTST   M    M   1    MAX(MPH)
                                 MISC ---->  # 16 250               # 24   90
================================================================================
NOTES:
# LAST OF SEVERAL OCCURRENCES

COLUMN 17 PEAK WIND IN M.P.H.

PRELIMINARY LOCAL CLIMATOLOGICAL DATA (WS FORM: F-6) , PAGE 2

                                          STATION:  PADUCAH KY
                                          MONTH:    AUGUST
                                          YEAR:     2019
                                          LATITUDE:   37  4 N
                                          LONGITUDE:  88 46 W

[TEMPERATURE DATA]      [PRECIPITATION DATA]       SYMBOLS USED IN COLUMN 16

AVERAGE MONTHLY: 79.6   TOTAL FOR MONTH:   0.67    1 = FOG OR MIST
DPTR FM NORMAL:   1.6   DPTR FM NORMAL:   -1.00    2 = FOG REDUCING VISIBILITY
HIGHEST:    95 ON 18,17 GRTST 24HR  0.67 ON  3- 3      TO 1/4 MILE OR LESS
LOWEST:     61 ON  2                               3 = THUNDER
                        SNOW, ICE PELLETS, HAIL    4 = ICE PELLETS
                        TOTAL MONTH:   0.0 INCH    5 = HAIL
                        GRTST 24HR     0.0         6 = FREEZING RAIN OR DRIZZLE
                        GRTST DEPTH:   0           7 = DUSTSTORM OR SANDSTORM:
                                                       VSBY 1/2 MILE OR LESS
                                                   8 = SMOKE OR HAZE
[NO. OF DAYS WITH]      [WEATHER - DAYS WITH]      9 = BLOWING SNOW
                                                   X = TORNADO
MAX 32 OR BELOW:   0    0.01 INCH OR MORE:   1
MAX 90 OR ABOVE:  12    0.10 INCH OR MORE:   1
MIN 32 OR BELOW:   0    0.50 INCH OR MORE:   1
MIN  0 OR BELOW:   0    1.00 INCH OR MORE:   0

[HDD (BASE 65) ]
TOTAL THIS MO.     0    CLEAR  (SCALE 0-3)  16
DPTR FM NORMAL     0    PTCLDY (SCALE 4-7)   2
TOTAL FM JUL 1     0    CLOUDY (SCALE 8-10)  0
DPTR FM NORMAL     0

[CDD (BASE 65) ]
TOTAL THIS MO.   266
DPTR FM NORMAL    31    [PRESSURE DATA]
TOTAL FM JAN 1  1266    HIGHEST SLP M ON M
DPTR FM NORMAL   108    LOWEST  SLP 29.78 ON  6

[REMARKS]
