000
CXUS53 KARX 220930
CF6PDC
PRELIMINARY LOCAL CLIMATOLOGICAL DATA (WS FORM: F-6)

                                          STATION:   PRAIRIE_DU_CHIEN_MUN
                                          MONTH:     FEBRUARY
                                          YEAR:      2019
                                          LATITUDE:   43  1 N
                                          LONGITUDE:  91  7 W

  TEMPERATURE IN F:       :PCPN:    SNOW:  WIND      :SUNSHINE: SKY     :PK WND
================================================================================
1   2   3   4   5  6A  6B    7    8   9   10  11  12  13   14  15   16   17  18
                                     12Z  AVG MX 2MIN
DY MAX MIN AVG DEP HDD CDD  WTR  SNW DPTH SPD SPD DIR MIN PSBL S-S WX    SPD DR
================================================================================

 1  14  -6   4   M  61   0    M    M    M  3.5  7 100   M    M   5         M  M
 2  45  12  29   M  36   0    T  0.0    M  3.3 13 190   M    M   8 1      18 190
 3  46  40  43   M  22   0 0.01  0.0    M  3.8  8 200   M    M  10 12      M  M
 4  46  13  30   M  35   0 0.01    M    M 10.7 20 290   M    M   9 1      27 280
 5  27  13  20   M  45   0    M    M    M  6.4 13 280   M    M   6 16      M  M
 6  30  23  27   M  38   0    M    M    M  3.3  6  20   M    M  10 16      M  M
 7  30   3  17   M  48   0    M    M    M  9.2 20 280   M    M  10 18     29 270
 8   6  -3   2   M  63   0 0.00  0.0    M 14.1 21 290   M    M   2 89     32 280
 9  20  -5   8   M  57   0 0.00  0.0    M  3.6  9 110   M    M   5         M  M
10  26  20  23   M  42   0    M    M    M  4.5  9 110   M    M  10 1       M  M
11  29  20  25   M  40   0    M    M    M  6.8 15  90   M    M  10 1      21  90
12  29  13  21   M  44   0    M    M    M 11.5 25 270   M    M   9 8      33 280
13  23   7  15   M  50   0    M    M    M  7.0 15 280   M    M   2        22 290
14  38   7  23   M  42   0    M    M    M  7.9 25 290   M    M   4        30 290
15  15  -3   6   M  59   0 0.00  0.0    M 10.1 20 290   M    M   0 8      25 290
16  26  -5  11   M  54   0 0.00  0.0    M  3.1  9  80   M    M   2         M  M
17  27  17  22   M  43   0    M    M    M  5.9 13  60   M    M   9        17  60
18  26   3  15   M  50   0 0.03    M    M  3.4  9 330   M    M   3         M  M
19  25  -7   9   M  56   0    M    M    M  1.9  8 120   M    M   2         M  M
20  34  22  28   M  37   0    M    M    M 10.8 21 240   M    M  10        25 240
21  25  11  18   M  47   0 0.00  0.0    M  6.0 12 260   M    M   1         M  M
================================================================================
SM  587  195       969   0  0.05     0.0 136.8          M      127
================================================================================
AV 28.0  9.3                               6.5 FASTST   M    M   6    MAX(MPH)
                                 MISC ---->  # 25 270               # 33  280
================================================================================
NOTES:
# LAST OF SEVERAL OCCURRENCES

COLUMN 17 PEAK WIND IN M.P.H.

PRELIMINARY LOCAL CLIMATOLOGICAL DATA (WS FORM: F-6) , PAGE 2

                                          STATION:  PRAIRIE_DU_CHIEN_MUN
                                          MONTH:    FEBRUARY
                                          YEAR:     2019
                                          LATITUDE:   43  1 N
                                          LONGITUDE:  91  7 W

[TEMPERATURE DATA]      [PRECIPITATION DATA]       SYMBOLS USED IN COLUMN 16

AVERAGE MONTHLY: 18.6   TOTAL FOR MONTH:   0.05    1 = FOG OR MIST
DPTR FM NORMAL:     M   DPTR FM NORMAL:       M    2 = FOG REDUCING VISIBILITY
HIGHEST:    46 ON  4, 3 GRTST 24HR  0.03 ON 18-18      TO 1/4 MILE OR LESS
LOWEST:     -7 ON 19                               3 = THUNDER
                        SNOW, ICE PELLETS, HAIL    4 = ICE PELLETS
                        TOTAL MONTH:   0.0 INCH    5 = HAIL
                        GRTST 24HR     0.0         6 = FREEZING RAIN OR DRIZZLE
                        GRTST DEPTH:  M  ON   M    7 = DUSTSTORM OR SANDSTORM:
                                                       VSBY 1/2 MILE OR LESS
                                                   8 = SMOKE OR HAZE
[NO. OF DAYS WITH]      [WEATHER - DAYS WITH]      9 = BLOWING SNOW
                                                   X = TORNADO
MAX 32 OR BELOW:  16    0.01 INCH OR MORE:   3
MAX 90 OR ABOVE:   0    0.10 INCH OR MORE:   0
MIN 32 OR BELOW:  20    0.50 INCH OR MORE:   0
MIN  0 OR BELOW:   6    1.00 INCH OR MORE:   0

[HDD (BASE 65) ]
TOTAL THIS MO.   969    CLEAR  (SCALE 0-3)   6
DPTR FM NORMAL     M    PTCLDY (SCALE 4-7)   5
TOTAL FM JUL 1  5208    CLOUDY (SCALE 8-10) 10
DPTR FM NORMAL     M

[CDD (BASE 65) ]
TOTAL THIS MO.     0
DPTR FM NORMAL     M    [PRESSURE DATA]
TOTAL FM JAN 1     0    HIGHEST SLP M ON M
DPTR FM NORMAL     M    LOWEST  SLP M ON M

[REMARKS]
