000
CXUS52 KFFC 211110
CF6PDK
PRELIMINARY LOCAL CLIMATOLOGICAL DATA (WS FORM: F-6)

                                          STATION:   DEKALB PEACHTREE AIRPORT
                                          MONTH:     APRIL
                                          YEAR:      2019
                                          LATITUDE:   33 52 N
                                          LONGITUDE:  84 18 W

  TEMPERATURE IN F:       :PCPN:    SNOW:  WIND      :SUNSHINE: SKY     :PK WND
================================================================================
1   2   3   4   5  6A  6B    7    8   9   10  11  12  13   14  15   16   17  18
                                     12Z  AVG MX 2MIN
DY MAX MIN AVG DEP HDD CDD  WTR  SNW DPTH SPD SPD DIR MIN PSBL S-S WX    SPD DR
================================================================================

 1  59  31  45 -13  20   0 0.00  0.0    0  5.0 15 330   M    M   0        20 330
 2  61  41  51  -7  14   0 0.00  0.0    0  5.2 15 310   M    M   4        22 300
 3  72  34  53  -5  12   0 0.00  0.0    0  2.1  8 210   M    M   0        11 300
 4  68  41  55  -4  10   0 0.09    M    0  3.9 15 160   M    M   2 18     22 160
 5  74  53  64   5   1   0 0.16  0.0    0  5.1 14 250   M    M   7 1      24 220
 6  74  57  66   7   0   1 0.00  0.0    0  4.0  9 160   M    M   8 13     14 140
 7  79  59  69  10   0   4 0.79  0.0    0  4.4 23 260   M    M   4 13     37 260
 8  73  61  67   7   0   2 0.02  0.0    0  5.5 18 200   M    M   6 1      23 200
 9  74  58  66   6   0   1 1.14  0.0    0  4.1 16 350   M    M   5 13     19 350
10  82  52  67   7   0   2 0.00  0.0    0  2.2 10 190   M    M   1 12     19 270
11  80  58  69   8   0   4    T  0.0    0  7.0 18 150   M    M   2        29 140
12  77  61  69   8   0   4 0.10  0.0    0  6.6 16 230   M    M   5 1      21 160
13  80  57  69   8   0   4 0.00  0.0    0  5.3 16 200   M    M   3        21 170
14  77  50  64   3   1   0 1.28  0.0    0 14.3 29 250   M    M   7 13     39 250
15  65  44  55  -7  10   0 0.00  0.0    0 12.9 23 280   M    M   3        35 340
16  74  41  58  -4   7   0 0.00  0.0    0  3.0 10 190   M    M   0        15 180
17  79  47  63   1   2   0 0.00  0.0    0  4.1 13 210   M    M   0        17 190
18  78  59  69   7   0   4 0.12  0.0    0  8.1 22 220   M    M   4 18     30 230
19  70  45  58  -4   7   0 3.26    M    0 10.9 25 240   M    M   9 13     37 270
20  49  42  46 -17  19   0 0.08    M    0  9.0 21 270   M    M   8 1      28 280
================================================================================
SM 1445  991       103  26  7.04     0.0 122.7          M       78
================================================================================
AV 72.3 49.6                               6.1 FASTST   M    M   4    MAX(MPH)
                                 MISC ---->  # 29 250               # 39  250
================================================================================
NOTES:
# LAST OF SEVERAL OCCURRENCES

COLUMN 17 PEAK WIND IN M.P.H.

PRELIMINARY LOCAL CLIMATOLOGICAL DATA (WS FORM: F-6) , PAGE 2

                                          STATION:  DEKALB PEACHTREE AIRPORT
                                          MONTH:    APRIL
                                          YEAR:     2019
                                          LATITUDE:   33 52 N
                                          LONGITUDE:  84 18 W

[TEMPERATURE DATA]      [PRECIPITATION DATA]       SYMBOLS USED IN COLUMN 16

AVERAGE MONTHLY: 60.9   TOTAL FOR MONTH:   7.04    1 = FOG OR MIST
DPTR FM NORMAL:   0.6   DPTR FM NORMAL:    4.75    2 = FOG REDUCING VISIBILITY
HIGHEST:    82 ON 10    GRTST 24HR  3.26 ON 19-19      TO 1/4 MILE OR LESS
LOWEST:     31 ON  1                               3 = THUNDER
                        SNOW, ICE PELLETS, HAIL    4 = ICE PELLETS
                        TOTAL MONTH:   0.0 INCH    5 = HAIL
                        GRTST 24HR     0.0         6 = FREEZING RAIN OR DRIZZLE
                        GRTST DEPTH:   0           7 = DUSTSTORM OR SANDSTORM:
                                                       VSBY 1/2 MILE OR LESS
                                                   8 = SMOKE OR HAZE
[NO. OF DAYS WITH]      [WEATHER - DAYS WITH]      9 = BLOWING SNOW
                                                   X = TORNADO
MAX 32 OR BELOW:   0    0.01 INCH OR MORE:  10
MAX 90 OR ABOVE:   0    0.10 INCH OR MORE:   7
MIN 32 OR BELOW:   1    0.50 INCH OR MORE:   4
MIN  0 OR BELOW:   0    1.00 INCH OR MORE:   3

[HDD (BASE 65) ]
TOTAL THIS MO.   103    CLEAR  (SCALE 0-3)   9
DPTR FM NORMAL   -13    PTCLDY (SCALE 4-7)   9
TOTAL FM JUL 1  2768    CLOUDY (SCALE 8-10)  2
DPTR FM NORMAL  -117

[CDD (BASE 65) ]
TOTAL THIS MO.    26
DPTR FM NORMAL     5    [PRESSURE DATA]
TOTAL FM JAN 1    31    HIGHEST SLP M ON M
DPTR FM NORMAL     3    LOWEST  SLP 29.41 ON 19

[REMARKS]
