000
CXUS52 KFFC 201110
CF6PDK
PRELIMINARY LOCAL CLIMATOLOGICAL DATA (WS FORM: F-6)

                                          STATION:   DEKALB PEACHTREE AIRPORT
                                          MONTH:     FEBRUARY
                                          YEAR:      2019
                                          LATITUDE:   33 52 N
                                          LONGITUDE:  84 18 W

  TEMPERATURE IN F:       :PCPN:    SNOW:  WIND      :SUNSHINE: SKY     :PK WND
================================================================================
1   2   3   4   5  6A  6B    7    8   9   10  11  12  13   14  15   16   17  18
                                     12Z  AVG MX 2MIN
DY MAX MIN AVG DEP HDD CDD  WTR  SNW DPTH SPD SPD DIR MIN PSBL S-S WX    SPD DR
================================================================================

 1  59  25  42  -2  23   0 0.00  0.0    0  1.7 12 250   M    M   0 18     14 250
 2  66  30  48   4  17   0 0.00  0.0    0  2.0  9 150   M    M   4 18     14 140
 3  64  42  53   9  12   0    T    M    0  1.0  8 180   M    M   7 18     13 120
 4  65  36  51   7  14   0 0.00  0.0    0  1.7  8 190   M    M   4 18     11 210
 5  73  52  63  19   2   0 0.00  0.0    0  2.8 10 320   M    M   7 18     13 320
 6  69  52  61  16   4   0 0.06  0.0    0  5.5 13 200   M    M   9 128    17 210
 7  79  60  70  25   0   5 0.00  0.0    0 11.4 21 220   M    M   4 1      28 200
 8  67  40  54   9  11   0 0.01    M    0 14.2 24 330   M    M   4 1      33 310
 9  53  37  45   0  20   0 0.00  0.0    0  6.3 14 330   M    M   6        19 340
10  44  35  40  -5  25   0 0.13    M    0  5.2 13  60   M    M   8 18     20  80
11  54  36  45   0  20   0 0.05    M    0  2.5  6 120   M    M   9 12      9 110
12  67  45  56  10   9   0 0.88    M    0  8.9 26 280   M    M   9 12     35 310
13  55  34  45  -1  20   0 0.00  0.0    0  9.2 24 320   M    M   0        33 320
14  63  29  46   0  19   0 0.00  0.0    0  4.5 14 200   M    M   1        18 220
15  59  47  53   7  12   0 0.27    M    0  6.8 14 220   M    M  10 1      16 220
16  59  46  53   7  12   0 0.10    M    0  8.4 18 310   M    M   6 1      25 220
17  49  42  46  -1  19   0 0.16    M    0  5.6 17 330   M    M   9 12     22 320
18  59  43  51   4  14   0 0.08    M    0  9.8 20 320   M    M   4 1      26 330
19  46  36  41  -6  24   0 1.74  0.0    0  8.5 16  70   M    M  10 13     26  90
================================================================================
SM 1150  767       277   5  3.48     0.0 116.0          M      111
================================================================================
AV 60.5 40.4                               6.1 FASTST   M    M   6    MAX(MPH)
                                 MISC ---->  # 26 280               # 35  310
================================================================================
NOTES:
# LAST OF SEVERAL OCCURRENCES

COLUMN 17 PEAK WIND IN M.P.H.

PRELIMINARY LOCAL CLIMATOLOGICAL DATA (WS FORM: F-6) , PAGE 2

                                          STATION:  DEKALB PEACHTREE AIRPORT
                                          MONTH:    FEBRUARY
                                          YEAR:     2019
                                          LATITUDE:   33 52 N
                                          LONGITUDE:  84 18 W

[TEMPERATURE DATA]      [PRECIPITATION DATA]       SYMBOLS USED IN COLUMN 16

AVERAGE MONTHLY: 50.5   TOTAL FOR MONTH:   3.48    1 = FOG OR MIST
DPTR FM NORMAL:   5.1   DPTR FM NORMAL:    0.24    2 = FOG REDUCING VISIBILITY
HIGHEST:    79 ON  7    GRTST 24HR  1.74 ON 19-19      TO 1/4 MILE OR LESS
LOWEST:     25 ON  1                               3 = THUNDER
                        SNOW, ICE PELLETS, HAIL    4 = ICE PELLETS
                        TOTAL MONTH:   0.0 INCH    5 = HAIL
                        GRTST 24HR     0.0         6 = FREEZING RAIN OR DRIZZLE
                        GRTST DEPTH:   0           7 = DUSTSTORM OR SANDSTORM:
                                                       VSBY 1/2 MILE OR LESS
                                                   8 = SMOKE OR HAZE
[NO. OF DAYS WITH]      [WEATHER - DAYS WITH]      9 = BLOWING SNOW
                                                   X = TORNADO
MAX 32 OR BELOW:   0    0.01 INCH OR MORE:  10
MAX 90 OR ABOVE:   0    0.10 INCH OR MORE:   6
MIN 32 OR BELOW:   3    0.50 INCH OR MORE:   2
MIN  0 OR BELOW:   0    1.00 INCH OR MORE:   1

[HDD (BASE 65) ]
TOTAL THIS MO.   277    CLEAR  (SCALE 0-3)   3
DPTR FM NORMAL   -97    PTCLDY (SCALE 4-7)  10
TOTAL FM JUL 1  2150    CLOUDY (SCALE 8-10)  6
DPTR FM NORMAL   -97

[CDD (BASE 65) ]
TOTAL THIS MO.     5
DPTR FM NORMAL     5    [PRESSURE DATA]
TOTAL FM JAN 1     5    HIGHEST SLP M ON M
DPTR FM NORMAL     5    LOWEST  SLP 29.67 ON 16

[REMARKS]
