000
CXUS56 KPDT 251032
CF6PDT
PRELIMINARY LOCAL CLIMATOLOGICAL DATA (WS FORM: F-6)

                                          STATION:   PENDLETON OR
                                          MONTH:     APRIL
                                          YEAR:      2019
                                          LATITUDE:   45 40 N
                                          LONGITUDE: 118 51 W

  TEMPERATURE IN F:       :PCPN:    SNOW:  WIND      :SUNSHINE: SKY     :PK WND
================================================================================
1   2   3   4   5  6A  6B    7    8   9   10  11  12  13   14  15   16   17  18
                                     12Z  AVG MX 2MIN
DY MAX MIN AVG DEP HDD CDD  WTR  SNW DPTH SPD SPD DIR MIN PSBL S-S WX    SPD DR
================================================================================

 1  63  42  53   5  12   0 0.00  0.0    0  6.3 13  60   M    M   4        16 270
 2  65  43  54   5  11   0    T  0.0    0  7.1 17 340   M    M   6        22 340
 3  64  47  56   7   9   0    T  0.0    0  9.1 23 270   M    M   7        28 270
 4  62  45  54   5  11   0    T  0.0    0  5.6 14  50   M    M   7        17  70
 5  67  36  52   3  13   0 0.07  0.0    0  8.2 33 270   M    M   6 1      44 250
 6  58  36  47  -2  18   0 0.13  0.0    0  9.5 29 280   M    M   7        35 280
 7  61  46  54   5  11   0 0.20  0.0    0  9.6 29 240   M    M   7 1      35 260
 8  57  46  52   3  13   0 0.63  0.0    0  6.0 16 330   M    M  10 1      20 310
 9  54  42  48  -2  17   0 0.01  0.0    0 26.8 39 260   M    M   7        47 260
10  54  40  47  -3  18   0 0.02  0.0    0 20.8 37 260   M    M   5        45 250
11  56  44  50   0  15   0 0.12  0.0    0 12.0 23 270   M    M  10 18     27 270
12  59  43  51   1  14   0 0.01  0.0    0 10.9 21 260   M    M   8        24 270
13  57  39  48  -2  17   0 0.10  0.0    0  8.2 24 280   M    M   7        30 290
14  50  39  45  -5  20   0    T  0.0    0 14.1 24 260   M    M   5        30 260
15  59  34  47  -3  18   0    T  0.0    0  8.4 18  20   M    M   5        26  10
16  60  43  52   2  13   0 0.01  0.0    0  9.7 22 260   M    M   7        25 270
17  64  43  54   3  11   0 0.00  0.0    0 12.3 29 270   M    M   4        33 260
18  76  42  59   8   6   0 0.00  0.0    0  5.8 12 150   M    M   1        14 150
19  77  52  65  14   0   0 0.30  0.0    0  7.6 14  20   M    M   4 1      17 320
20  59  48  54   3  11   0 0.08  0.0    0  7.3 16 290   M    M   7 1      19 300
21  64  43  54   3  11   0 0.00  0.0    0  6.7 16 290   M    M   0        20 300
22  70  40  55   3  10   0    T  0.0    0  6.9 21 260   M    M   3        26 270
23  70  51  61   9   4   0    T  0.0    0 12.0 24 280   M    M   6        28 280
24  65  40  53   1  12   0 0.00  0.0    0  8.0 20 250   M    M   1        24 260
================================================================================
SM 1491 1024       295   0  1.68     0.0 238.9          M      134
================================================================================
AV 62.1 42.7                              10.0 FASTST   M    M   6    MAX(MPH)
                                 MISC ---->  # 39 260               # 47  260
================================================================================
NOTES:
# LAST OF SEVERAL OCCURRENCES

COLUMN 17 PEAK WIND IN M.P.H.

PRELIMINARY LOCAL CLIMATOLOGICAL DATA (WS FORM: F-6) , PAGE 2

                                          STATION:  PENDLETON OR
                                          MONTH:    APRIL
                                          YEAR:     2019
                                          LATITUDE:   45 40 N
                                          LONGITUDE: 118 51 W

[TEMPERATURE DATA]      [PRECIPITATION DATA]       SYMBOLS USED IN COLUMN 16

AVERAGE MONTHLY: 52.4   TOTAL FOR MONTH:   1.68    1 = FOG OR MIST
DPTR FM NORMAL:   2.3   DPTR FM NORMAL:    0.73    2 = FOG REDUCING VISIBILITY
HIGHEST:    77 ON 19    GRTST 24HR  0.63 ON  8- 8      TO 1/4 MILE OR LESS
LOWEST:     34 ON 15                               3 = THUNDER
                        SNOW, ICE PELLETS, HAIL    4 = ICE PELLETS
                        TOTAL MONTH:   0.0 INCH    5 = HAIL
                        GRTST 24HR     0.0         6 = FREEZING RAIN OR DRIZZLE
                        GRTST DEPTH:   0           7 = DUSTSTORM OR SANDSTORM:
                                                       VSBY 1/2 MILE OR LESS
                                                   8 = SMOKE OR HAZE
[NO. OF DAYS WITH]      [WEATHER - DAYS WITH]      9 = BLOWING SNOW
                                                   X = TORNADO
MAX 32 OR BELOW:   0    0.01 INCH OR MORE:  12
MAX 90 OR ABOVE:   0    0.10 INCH OR MORE:   6
MIN 32 OR BELOW:   0    0.50 INCH OR MORE:   1
MIN  0 OR BELOW:   0    1.00 INCH OR MORE:   0

[HDD (BASE 65) ]
TOTAL THIS MO.   295    CLEAR  (SCALE 0-3)   4
DPTR FM NORMAL   -63    PTCLDY (SCALE 4-7)  17
TOTAL FM JUL 1  5251    CLOUDY (SCALE 8-10)  3
DPTR FM NORMAL   377

[CDD (BASE 65) ]
TOTAL THIS MO.     0
DPTR FM NORMAL     0    [PRESSURE DATA]
TOTAL FM JAN 1     0    HIGHEST SLP M ON M
DPTR FM NORMAL     0    LOWEST  SLP 29.64 ON  5

[REMARKS]
