000
CXUS56 KPDT 191032
CF6PDT
PRELIMINARY LOCAL CLIMATOLOGICAL DATA (WS FORM: F-6)

                                          STATION:   PENDLETON OR
                                          MONTH:     FEBRUARY
                                          YEAR:      2019
                                          LATITUDE:   45 40 N
                                          LONGITUDE: 118 51 W

  TEMPERATURE IN F:       :PCPN:    SNOW:  WIND      :SUNSHINE: SKY     :PK WND
================================================================================
1   2   3   4   5  6A  6B    7    8   9   10  11  12  13   14  15   16   17  18
                                     12Z  AVG MX 2MIN
DY MAX MIN AVG DEP HDD CDD  WTR  SNW DPTH SPD SPD DIR MIN PSBL S-S WX    SPD DR
================================================================================

 1  35  29  32  -5  33   0    T  0.0    0  4.7 17 300   M    M  10 12     19 300
 2  53  34  44   7  21   0 0.04  0.0    0  4.2 12 310   M    M   8 12     13 310
 3  42  35  39   2  26   0 0.37  0.0    0  7.5 20 280   M    M   9 1      23 270
 4  39  20  30  -7  35   0 0.35  3.7    0  9.4 21  20   M    M   9 12     24  10
 5  24  18  21 -16  44   0 0.03  0.8    4  4.9 12  40   M    M  10 1      14  20
 6  24   4  14 -23  51   0    T    T    4  5.3 12  80   M    M   3 12     12  80
 7  21   3  12 -26  53   0 0.00  0.0    3  4.5  9 110   M    M   1 128    10 110
 8  29   7  18 -20  47   0 0.06  1.0    3  5.5 12 300   M    M   9 18     12 300
 9  30  16  23 -15  42   0 0.09  2.9    3 10.1 18 360   M    M   9 128    25 350
10  35  14  25 -13  40   0 0.01  1.3    5  9.7 23 220   M    M  10 18     29 220
11  37  18  28 -10  37   0 0.30  8.9    7 11.1 44 240   M    M  10 124    51 240
12  45  37  41   3  24   0 0.00  0.0    9 13.0 25 170   M    M  10        32 230
13  40  25  33  -5  32   0 0.21  0.5    3  8.1 16  30   M    M  10 12     22 230
14  29  23  26 -12  39   0 0.03  0.1    1  6.9 21 250   M    M  10 126    23 250
15  35  27  31  -7  34   0 0.01    T    1  5.6 22 290   M    M   6 126    25 290
16  39  28  34  -4  31   0 0.02  0.1    T  5.6 12 300   M    M  10 12     14 150
17  32  29  31  -8  34   0 0.02  0.7    1  6.6 13 320   M    M  10 12     14 320
18  33  24  29 -10  36   0 0.00  0.0    0  4.9 12 300   M    M   9 1       M  M
================================================================================
SM  622  391       659   0  1.54    20.0 127.6          M      153
================================================================================
AV 34.6 21.7                               7.1 FASTST   M    M   9    MAX(MPH)
                                 MISC ---->  # 44 240               # 51  240
================================================================================
NOTES:
# LAST OF SEVERAL OCCURRENCES

COLUMN 17 PEAK WIND IN M.P.H.

PRELIMINARY LOCAL CLIMATOLOGICAL DATA (WS FORM: F-6) , PAGE 2

                                          STATION:  PENDLETON OR
                                          MONTH:    FEBRUARY
                                          YEAR:     2019
                                          LATITUDE:   45 40 N
                                          LONGITUDE: 118 51 W

[TEMPERATURE DATA]      [PRECIPITATION DATA]       SYMBOLS USED IN COLUMN 16

AVERAGE MONTHLY: 28.1   TOTAL FOR MONTH:   1.54    1 = FOG OR MIST
DPTR FM NORMAL:  -9.6   DPTR FM NORMAL:    0.84    2 = FOG REDUCING VISIBILITY
HIGHEST:    53 ON  2    GRTST 24HR  0.37 ON  3- 3      TO 1/4 MILE OR LESS
LOWEST:      3 ON  7                               3 = THUNDER
                        SNOW, ICE PELLETS, HAIL    4 = ICE PELLETS
                        TOTAL MONTH:  20.0 INCHES  5 = HAIL
                        GRTST 24HR   8.9 ON 11-11  6 = FREEZING RAIN OR DRIZZLE
                        GRTST DEPTH:   9 ON 12     7 = DUSTSTORM OR SANDSTORM:
                                                       VSBY 1/2 MILE OR LESS
                                                   8 = SMOKE OR HAZE
[NO. OF DAYS WITH]      [WEATHER - DAYS WITH]      9 = BLOWING SNOW
                                                   X = TORNADO
MAX 32 OR BELOW:   7    0.01 INCH OR MORE:  13
MAX 90 OR ABOVE:   0    0.10 INCH OR MORE:   4
MIN 32 OR BELOW:  15    0.50 INCH OR MORE:   0
MIN  0 OR BELOW:   0    1.00 INCH OR MORE:   0

[HDD (BASE 65) ]
TOTAL THIS MO.   659    CLEAR  (SCALE 0-3)   2
DPTR FM NORMAL   168    PTCLDY (SCALE 4-7)   2
TOTAL FM JUL 1  3674    CLOUDY (SCALE 8-10) 14
DPTR FM NORMAL    25

[CDD (BASE 65) ]
TOTAL THIS MO.     0
DPTR FM NORMAL     0    [PRESSURE DATA]
TOTAL FM JAN 1     0    HIGHEST SLP M ON M
DPTR FM NORMAL     0    LOWEST  SLP 29.30 ON 14

[REMARKS]
