000
CXUS56 KPQR 161520
CF6PDX
PRELIMINARY LOCAL CLIMATOLOGICAL DATA (WS FORM: F-6)

                                          STATION:   PORTLAND OR
                                          MONTH:     FEBRUARY
                                          YEAR:      2019
                                          LATITUDE:   45 35 N
                                          LONGITUDE: 122 36 W

  TEMPERATURE IN F:       :PCPN:    SNOW:  WIND      :SUNSHINE: SKY     :PK WND
================================================================================
1   2   3   4   5  6A  6B    7    8   9   10  11  12  13   14  15   16   17  18
                                     12Z  AVG MX 2MIN
DY MAX MIN AVG DEP HDD CDD  WTR  SNW DPTH SPD SPD DIR MIN PSBL S-S WX    SPD DR
================================================================================

 1  45  40  43   0  22   0 0.08  0.0    0 12.0 20 120   M    M  10        24 120
 2  50  41  46   3  19   0 0.01  0.0    0  7.5 16 320   M    M   9 12     20 320
 3  47  38  43   0  22   0 0.12  0.0    0  7.4 25 260   M    M  10 18     31 250
 4  38  30  34  -9  31   0 0.04  0.6    0  8.5 15 320   M    M  10 1      21 320
 5  37  25  31 -12  34   0 0.06  0.6    1  3.3 10 320   M    M   7 1      13 310
 6  39  23  31 -12  34   0    T    T    1  4.2 10 110   M    M   4 1      12 100
 7  39  23  31 -12  34   0 0.00  0.0    0  5.8 15 140   M    M   6        17 140
 8  37  27  32 -11  33   0 0.16    T    0  8.8 18 110   M    M  10 1      21 110
 9  36  29  33 -10  32   0 0.32  4.9    3 20.0 31  90   M    M   7 1      39  80
10  38  25  32 -11  33   0 0.14    T    2 13.8 30 200   M    M   7 13     41 210
11  46  37  42  -1  23   0 0.65  0.0    2 12.3 28 190   M    M  10 1      36 190
12  49  37  43   0  22   0 0.77  0.0    0 11.2 33 200   M    M  10 1      40 200
13  45  37  41  -3  24   0 0.03  0.0    0  5.0 13 110   M    M   9 12     15 120
14  43  36  40  -4  25   0 0.31  0.0    0 15.2 28 100   M    M  10 1      34 100
15  49  37  43  -1  22   0 0.15  0.0    0 10.9 18 110   M    M   9 1      24 210
================================================================================
SM  638  485       410   0  2.84     6.1 145.9          M      128
================================================================================
AV 42.5 32.3                               9.7 FASTST   M    M   9    MAX(MPH)
                                 MISC ---->  # 33 200               # 41  210
================================================================================
NOTES:
# LAST OF SEVERAL OCCURRENCES

COLUMN 17 PEAK WIND IN M.P.H.

PRELIMINARY LOCAL CLIMATOLOGICAL DATA (WS FORM: F-6) , PAGE 2

                                          STATION:  PORTLAND OR
                                          MONTH:    FEBRUARY
                                          YEAR:     2019
                                          LATITUDE:   45 35 N
                                          LONGITUDE: 122 36 W

[TEMPERATURE DATA]      [PRECIPITATION DATA]       SYMBOLS USED IN COLUMN 16

AVERAGE MONTHLY: 37.4   TOTAL FOR MONTH:   2.84    1 = FOG OR MIST
DPTR FM NORMAL:  -5.8   DPTR FM NORMAL:    0.86    2 = FOG REDUCING VISIBILITY
HIGHEST:    50 ON  2    GRTST 24HR  0.77 ON 12-12      TO 1/4 MILE OR LESS
LOWEST:     23 ON  7, 6                            3 = THUNDER
                        SNOW, ICE PELLETS, HAIL    4 = ICE PELLETS
                        TOTAL MONTH:   6.1 INCHES  5 = HAIL
                        GRTST 24HR   4.9 ON  9- 9  6 = FREEZING RAIN OR DRIZZLE
                        GRTST DEPTH:   3 ON  9     7 = DUSTSTORM OR SANDSTORM:
                                                       VSBY 1/2 MILE OR LESS
                                                   8 = SMOKE OR HAZE
[NO. OF DAYS WITH]      [WEATHER - DAYS WITH]      9 = BLOWING SNOW
                                                   X = TORNADO
MAX 32 OR BELOW:   0    0.01 INCH OR MORE:  13
MAX 90 OR ABOVE:   0    0.10 INCH OR MORE:   8
MIN 32 OR BELOW:   7    0.50 INCH OR MORE:   2
MIN  0 OR BELOW:   0    1.00 INCH OR MORE:   0

[HDD (BASE 65) ]
TOTAL THIS MO.   410    CLEAR  (SCALE 0-3)   0
DPTR FM NORMAL    82    PTCLDY (SCALE 4-7)   5
TOTAL FM JUL 1  2545    CLOUDY (SCALE 8-10) 10
DPTR FM NORMAL  -247

[CDD (BASE 65) ]
TOTAL THIS MO.     0
DPTR FM NORMAL     0    [PRESSURE DATA]
TOTAL FM JAN 1     0    HIGHEST SLP M ON M
DPTR FM NORMAL     0    LOWEST  SLP 29.10 ON 14

[REMARKS]
