000
CXUS54 KEWX 200910
CF6PEZ
PRELIMINARY LOCAL CLIMATOLOGICAL DATA (WS FORM: F-6)

                                          STATION:   PLEASANTON MUNICIPAL AIRPORT
                                          MONTH:     FEBRUARY
                                          YEAR:      2019
                                          LATITUDE:   28 57 N
                                          LONGITUDE:  98 31 W

  TEMPERATURE IN F:       :PCPN:    SNOW:  WIND      :SUNSHINE: SKY     :PK WND
================================================================================
1   2   3   4   5  6A  6B    7    8   9   10  11  12  13   14  15   16   17  18
                                     12Z  AVG MX 2MIN
DY MAX MIN AVG DEP HDD CDD  WTR  SNW DPTH SPD SPD DIR MIN PSBL S-S WX    SPD DR
================================================================================

 1  68  55  62   M   3   0 0.00    M    M  3.7  8  80   M    M  10 1       M  M
 2  67  59  63   M   2   0 0.00    M    M  3.7  8  90   M    M  10 1       M  M
 3  76  61  69   M   0   4 0.01    M    M  3.0  9 170   M    M   7 12      M  M
 4  74  60  67   M   0   2 0.00    M    M  1.7  7 340   M    M   9 128     M  M
 5  75  66  71   M   0   6 0.00    M    M  5.4 12 190   M    M   8 128     M  M
 6  80  65  73   M   0   8 0.00    M    M  5.8 12 140   M    M   7 18     18 140
 7  73  45  59   M   6   0 0.00    M    M  8.7 16  30   M    M   4 1      27  30
 8  44  37  41   M  24   0 0.00    M    M 10.2 17  50   M    M   9        22  50
 9  39  34  37   M  28   0 0.03    M    M  6.7 12  50   M    M  10 1      16  40
10  49  38  44   M  21   0 0.02    M    M  3.9  7  40   M    M  10 1       M  M
11  59  48  54   M  11   0 0.00    M    M  1.9  7 330   M    M   9 1       M  M
12  67  38  53   M  12   0 0.00    M    M  5.9 14  30   M    M   0        20  30
13  67  29  48   M  17   0 0.00    M    M  4.0 10 140   M    M   0        16 150
14  73  45  59   M   6   0 0.00    M    M  2.9 13 200   M    M   0        21 200
15  87  45  66   M   0   1 0.00    M    M  2.1  9 170   M    M   3 12      M  M
16  62  51  57   M   8   0 0.00    M    M  7.6 14  40   M    M   9 18     18  60
17  74  49  62   M   3   0 0.00    M    M  7.1 14  50   M    M   4 1      22  30
18  65  42  54   M  11   0 0.00    M    M 10.3 15  50   M    M   4        23  60
19  49  43  46   M  19   0 0.02    M    M  8.7 13  50   M    M  10 1      18  40
================================================================================
SM 1248  910       171  21  0.08    M    103.3          M      123
================================================================================
AV 65.7 47.9                               5.4 FASTST   M    M   6    MAX(MPH)
                                 MISC ---->  # 17  50               # 27   30
================================================================================
NOTES:
# LAST OF SEVERAL OCCURRENCES

COLUMN 17 PEAK WIND IN M.P.H.

PRELIMINARY LOCAL CLIMATOLOGICAL DATA (WS FORM: F-6) , PAGE 2

                                          STATION:  PLEASANTON MUNICIPAL AIRPORT
                                          MONTH:    FEBRUARY
                                          YEAR:     2019
                                          LATITUDE:   28 57 N
                                          LONGITUDE:  98 31 W

[TEMPERATURE DATA]      [PRECIPITATION DATA]       SYMBOLS USED IN COLUMN 16

AVERAGE MONTHLY: 56.8   TOTAL FOR MONTH:   0.08    1 = FOG OR MIST
DPTR FM NORMAL:     M   DPTR FM NORMAL:       M    2 = FOG REDUCING VISIBILITY
HIGHEST:    87 ON 15    GRTST 24HR  0.03 ON  9- 9      TO 1/4 MILE OR LESS
LOWEST:     29 ON 13                               3 = THUNDER
                        SNOW, ICE PELLETS, HAIL    4 = ICE PELLETS
                        TOTAL MONTH:    M          5 = HAIL
                        GRTST 24HR    M  ON   M    6 = FREEZING RAIN OR DRIZZLE
                        GRTST DEPTH:  M  ON   M    7 = DUSTSTORM OR SANDSTORM:
                                                       VSBY 1/2 MILE OR LESS
                                                   8 = SMOKE OR HAZE
[NO. OF DAYS WITH]      [WEATHER - DAYS WITH]      9 = BLOWING SNOW
                                                   X = TORNADO
MAX 32 OR BELOW:   0    0.01 INCH OR MORE:   4
MAX 90 OR ABOVE:   0    0.10 INCH OR MORE:   0
MIN 32 OR BELOW:   1    0.50 INCH OR MORE:   0
MIN  0 OR BELOW:   0    1.00 INCH OR MORE:   0

[HDD (BASE 65) ]
TOTAL THIS MO.   171    CLEAR  (SCALE 0-3)   4
DPTR FM NORMAL     M    PTCLDY (SCALE 4-7)   5
TOTAL FM JUL 1  1176    CLOUDY (SCALE 8-10) 10
DPTR FM NORMAL     M

[CDD (BASE 65) ]
TOTAL THIS MO.    21
DPTR FM NORMAL     M    [PRESSURE DATA]
TOTAL FM JAN 1    21    HIGHEST SLP M ON M
DPTR FM NORMAL     M    LOWEST  SLP M ON M

[REMARKS]
