000
CXUS51 KPBZ 220804
CF6PHD
PRELIMINARY LOCAL CLIMATOLOGICAL DATA (WS FORM: F-6)

                                          STATION:   NEW PHILADELPHIA OH
                                          MONTH:     JULY
                                          YEAR:      2019
                                          LATITUDE:   40 28 N
                                          LONGITUDE:  81 25 W

  TEMPERATURE IN F:       :PCPN:    SNOW:  WIND      :SUNSHINE: SKY     :PK WND
================================================================================
1   2   3   4   5  6A  6B    7    8   9   10  11  12  13   14  15   16   17  18
                                     12Z  AVG MX 2MIN
DY MAX MIN AVG DEP HDD CDD  WTR  SNW DPTH SPD SPD DIR MIN PSBL S-S WX    SPD DR
================================================================================

 1  85  57  71  -1   0   6 0.00  0.0    0  2.3  9 310   M    M   0        13 250
 2  91  68  80   8   0  15 0.10  0.0    0  4.5 30 350   M    M   2 138    47 350
 3  86  68  77   5   0  12 0.04  0.0    0  2.7  9 300   M    M   3        13 230
 4  87  69  78   6   0  13 0.00  0.0    0  2.8  9 220   M    M   4 1      15 180
 5  90  71  81   9   0  16 0.24  0.0    0  3.0 18 360   M    M   2 138    25 360
 6  90  70  80   8   0  15 0.02  0.0    0  2.9 17 310   M    M   2 13     23 310
 7  84  70  77   5   0  12 0.76  0.0    0  3.2 15 350   M    M   7 18     20 360
 8  85  64  75   3   0  10 0.00    M    M  4.4 13 350   M    M   3        17 350
 9  88  61  75   3   0  10 0.00  0.0    0  1.4  9 110   M    M   1        11 120
10  90  69  80   8   0  15 0.00  0.0    0  2.8  8 230   M    M   2 1      13 270
11  88  70  79   7   0  14 0.63    M    M  3.7 17 290   M    M   6 138    26 360
12  82  64  73   1   0   8 0.00    M    M  3.0 12 330   M    M   4 1      15 320
13  86  61  74   1   0   9 0.00    M    M  3.6 12 260   M    M   2 12     16 200
14  84  65  75   2   0  10 0.00  0.0    0  2.6 13 310   M    M   1        16  40
15  88  60  74   1   0   9 0.02    M    M  1.9 15 250   M    M   1 3      23 250
16  84  70  77   4   0  12    T    M    M  3.6 10  10   M    M   2 13     16 170
17  82  72  77   4   0  12 0.45    M    0  3.3 18 340   M    M   7 1238   25 340
18  88  70  79   6   0  14 0.00    M    0  1.8  8 160   M    M   5 128    12 140
19  89  72  81   8   0  16 0.00  0.0    0  3.6 13 220   M    M   4 18     18 220
20  91  73  82   9   0  17 0.00    M    0  4.2 14 270   M    M   1 1      19 280
21  89  72  81   8   0  16 0.17    M    0  3.1 21 340   M    M   3 138    25 330
================================================================================
SM 1827 1416         0 261  2.43     0.0  64.4          M       62
================================================================================
AV 87.0 67.4                               3.1 FASTST   M    M   3    MAX(MPH)
                                 MISC ---->  # 30 350               # 47  350
================================================================================
NOTES:
# LAST OF SEVERAL OCCURRENCES

COLUMN 17 PEAK WIND IN M.P.H.

PRELIMINARY LOCAL CLIMATOLOGICAL DATA (WS FORM: F-6) , PAGE 2

                                          STATION:  NEW PHILADELPHIA OH
                                          MONTH:    JULY
                                          YEAR:     2019
                                          LATITUDE:   40 28 N
                                          LONGITUDE:  81 25 W

[TEMPERATURE DATA]      [PRECIPITATION DATA]       SYMBOLS USED IN COLUMN 16

AVERAGE MONTHLY: 77.2   TOTAL FOR MONTH:   2.43    1 = FOG OR MIST
DPTR FM NORMAL:   4.8   DPTR FM NORMAL:   -0.15    2 = FOG REDUCING VISIBILITY
HIGHEST:    91 ON 20, 2 GRTST 24HR  0.76 ON  7- 7      TO 1/4 MILE OR LESS
LOWEST:     57 ON  1                               3 = THUNDER
                        SNOW, ICE PELLETS, HAIL    4 = ICE PELLETS
                        TOTAL MONTH:   0.0 INCH    5 = HAIL
                        GRTST 24HR     0.0         6 = FREEZING RAIN OR DRIZZLE
                        GRTST DEPTH:   0           7 = DUSTSTORM OR SANDSTORM:
                                                       VSBY 1/2 MILE OR LESS
                                                   8 = SMOKE OR HAZE
[NO. OF DAYS WITH]      [WEATHER - DAYS WITH]      9 = BLOWING SNOW
                                                   X = TORNADO
MAX 32 OR BELOW:   0    0.01 INCH OR MORE:   9
MAX 90 OR ABOVE:   5    0.10 INCH OR MORE:   6
MIN 32 OR BELOW:   0    0.50 INCH OR MORE:   2
MIN  0 OR BELOW:   0    1.00 INCH OR MORE:   0

[HDD (BASE 65) ]
TOTAL THIS MO.     0    CLEAR  (SCALE 0-3)  12
DPTR FM NORMAL     0    PTCLDY (SCALE 4-7)   9
TOTAL FM JUL 1     0    CLOUDY (SCALE 8-10)  0
DPTR FM NORMAL     0

[CDD (BASE 65) ]
TOTAL THIS MO.   261
DPTR FM NORMAL   102    [PRESSURE DATA]
TOTAL FM JAN 1   509    HIGHEST SLP M ON M
DPTR FM NORMAL   164    LOWEST  SLP 29.75 ON 11

[REMARKS]
