000
CXUS51 KPBZ 180804
CF6PHD
PRELIMINARY LOCAL CLIMATOLOGICAL DATA (WS FORM: F-6)

                                          STATION:   NEW PHILADELPHIA OH
                                          MONTH:     APRIL
                                          YEAR:      2019
                                          LATITUDE:   40 28 N
                                          LONGITUDE:  81 25 W

  TEMPERATURE IN F:       :PCPN:    SNOW:  WIND      :SUNSHINE: SKY     :PK WND
================================================================================
1   2   3   4   5  6A  6B    7    8   9   10  11  12  13   14  15   16   17  18
                                     12Z  AVG MX 2MIN
DY MAX MIN AVG DEP HDD CDD  WTR  SNW DPTH SPD SPD DIR MIN PSBL S-S WX    SPD DR
================================================================================

 1  44  25  35 -11  30   0 0.00  0.0    0  3.5 10 320   M    M   2        15 310
 2  51  25  38  -8  27   0 0.00  0.0    0  2.4 10 220   M    M   1        14 210
 3  59  30  45  -2  20   0 0.00  0.0    0  6.5 21 320   M    M   0        28 300
 4  57  34  46  -1  19   0    T    M    0  3.5 14  70   M    M   7        20  40
 5  58  44  51   3  14   0 0.05    M    0  3.7 14 130   M    M  10 1      19 140
 6  69  47  58  10   7   0 0.00  0.0    0  1.2 12 330   M    M   7 1      14 330
 7  74  40  57   9   8   0 0.14    M    0  4.6 16 180   M    M   5 13     22 180
 8  69  51  60  11   5   0    T  0.0    0  6.0 13 240   M    M   4        21 220
 9  67  44  56   7   9   0 0.00  0.0    0  7.2 20 310   M    M   1 12     33 340
10  56  38  47  -2  18   0    T    M    0  5.8 15  30   M    M   2        21  30
11  79  40  60  10   5   0 0.00  0.0    0  7.0 13 120   M    M   0        18  70
12  73  59  66  16   0   1 0.22  0.0    0  9.9 22 200   M    M   2 1      33 180
13  69  42  56   6   9   0 0.00    M    M  3.3 13 220   M    M   1        17 240
14  76  44  60   9   5   0 0.93    M    0  8.3 30 250   M    M   9 13     48 240
15  54  36  45  -6  20   0 0.05    M    0  9.6 21 260   M    M   7 1      29 330
16  71  33  52   1  13   0 0.00  0.0    0  5.5 18 230   M    M   4        24 240
17  75  49  62  10   3   0 0.01    M    0  3.5 13 220   M    M   3 3      17 170
================================================================================
SM 1101  681       212   1  1.40     0.0  91.5          M       65
================================================================================
AV 64.8 40.1                               5.4 FASTST   M    M   4    MAX(MPH)
                                 MISC ---->  # 30 250               # 48  240
================================================================================
NOTES:
# LAST OF SEVERAL OCCURRENCES

COLUMN 17 PEAK WIND IN M.P.H.

PRELIMINARY LOCAL CLIMATOLOGICAL DATA (WS FORM: F-6) , PAGE 2

                                          STATION:  NEW PHILADELPHIA OH
                                          MONTH:    APRIL
                                          YEAR:     2019
                                          LATITUDE:   40 28 N
                                          LONGITUDE:  81 25 W

[TEMPERATURE DATA]      [PRECIPITATION DATA]       SYMBOLS USED IN COLUMN 16

AVERAGE MONTHLY: 52.4   TOTAL FOR MONTH:   1.40    1 = FOG OR MIST
DPTR FM NORMAL:   3.5   DPTR FM NORMAL:   -0.50    2 = FOG REDUCING VISIBILITY
HIGHEST:    79 ON 11    GRTST 24HR  0.93 ON 14-14      TO 1/4 MILE OR LESS
LOWEST:     25 ON  2, 1                            3 = THUNDER
                        SNOW, ICE PELLETS, HAIL    4 = ICE PELLETS
                        TOTAL MONTH:   0.0 INCH    5 = HAIL
                        GRTST 24HR     0.0         6 = FREEZING RAIN OR DRIZZLE
                        GRTST DEPTH:   0           7 = DUSTSTORM OR SANDSTORM:
                                                       VSBY 1/2 MILE OR LESS
                                                   8 = SMOKE OR HAZE
[NO. OF DAYS WITH]      [WEATHER - DAYS WITH]      9 = BLOWING SNOW
                                                   X = TORNADO
MAX 32 OR BELOW:   0    0.01 INCH OR MORE:   6
MAX 90 OR ABOVE:   0    0.10 INCH OR MORE:   3
MIN 32 OR BELOW:   3    0.50 INCH OR MORE:   1
MIN  0 OR BELOW:   0    1.00 INCH OR MORE:   0

[HDD (BASE 65) ]
TOTAL THIS MO.   212    CLEAR  (SCALE 0-3)   9
DPTR FM NORMAL   -66    PTCLDY (SCALE 4-7)   6
TOTAL FM JUL 1  5139    CLOUDY (SCALE 8-10)  2
DPTR FM NORMAL  -125

[CDD (BASE 65) ]
TOTAL THIS MO.     1
DPTR FM NORMAL     1    [PRESSURE DATA]
TOTAL FM JAN 1     1    HIGHEST SLP M ON M
DPTR FM NORMAL     0    LOWEST  SLP 29.22 ON 14

[REMARKS]
