000
CXUS51 KPBZ 230904
CF6PHD
PRELIMINARY LOCAL CLIMATOLOGICAL DATA (WS FORM: F-6)

                                          STATION:   NEW PHILADELPHIA OH
                                          MONTH:     FEBRUARY
                                          YEAR:      2019
                                          LATITUDE:   40 28 N
                                          LONGITUDE:  81 25 W

  TEMPERATURE IN F:       :PCPN:    SNOW:  WIND      :SUNSHINE: SKY     :PK WND
================================================================================
1   2   3   4   5  6A  6B    7    8   9   10  11  12  13   14  15   16   17  18
                                     12Z  AVG MX 2MIN
DY MAX MIN AVG DEP HDD CDD  WTR  SNW DPTH SPD SPD DIR MIN PSBL S-S WX    SPD DR
================================================================================

 1  22   4  13 -17  52   0 0.04    M    M  1.7  6  70   M    M   6 1       7  50
 2  38   3  21  -9  44   0 0.00    M    M  3.8 12 190   M    M   3 1      14 190
 3  58  21  40  10  25   0 0.00  0.0    0  4.6 12 210   M    M   5 18     17 230
 4  62  30  46  16  19   0 0.01    M    0  6.3 14 190   M    M   3 1      20 180
 5  55  39  47  17  18   0    T    M    0  4.7 12 230   M    M  10 12     18 250
 6  55  38  47  17  18   0 0.33    M    0  2.3  8 320   M    M  10 12     10 320
 7  62  43  53  23  12   0 0.55    M    M  4.8 28 270   M    M  10 12     39 260
 8  52  19  36   6  29   0    T    M    M 13.5 21 260   M    M   8        32 280
 9  28  16  22  -9  43   0    T    M    0  5.4 16 300   M    M   6        22 290
10  33  16  25  -6  40   0 0.10    M    0  2.8  8 130   M    M   4 18     11 100
11  37  30  34   3  31   0 0.16    M    0  2.7  8  90   M    M  10 16     11  70
12  54  33  44  13  21   0 1.07    M    0  9.2 22 250   M    M  10 1      33 260
13  33  26  30  -1  35   0 0.01    M    0 12.6 23 250   M    M   6 128    35 250
14  52  25  39   8  26   0 0.00  0.0    0  5.6 13 170   M    M   2        20 220
15  52  27  40   9  25   0    T    M    0  9.6 23 290   M    M   4        30 280
16  29  23  26  -6  39   0    T    M    0  6.3 13 300   M    M   9        17  10
17  33  22  28  -4  37   0 0.13    M    0  5.9 14  90   M    M   8 16     24 270
18  32  19  26  -6  39   0    T    M    M  7.5 15 320   M    M   8 18     23 290
19  32  17  25  -7  40   0 0.00  0.0    0  2.6  8  90   M    M   1 18     11  60
20  45  27  36   4  29   0 0.95    M    0  6.6 14 110   M    M   9 12     19 120
21  45  33  39   6  26   0 0.00  0.0    0  6.8 15 270   M    M   4        21 270
22  42  29  36   3  29   0 0.00  0.0    0  1.9  7  70   M    M   0 18      9  10
================================================================================
SM  951  540       677   0  3.35     0.0 127.2          M      136
================================================================================
AV 43.2 24.6                               5.8 FASTST   M    M   6    MAX(MPH)
                                 MISC ---->  # 28 270               # 39  260
================================================================================
NOTES:
# LAST OF SEVERAL OCCURRENCES

COLUMN 17 PEAK WIND IN M.P.H.

PRELIMINARY LOCAL CLIMATOLOGICAL DATA (WS FORM: F-6) , PAGE 2

                                          STATION:  NEW PHILADELPHIA OH
                                          MONTH:    FEBRUARY
                                          YEAR:     2019
                                          LATITUDE:   40 28 N
                                          LONGITUDE:  81 25 W

[TEMPERATURE DATA]      [PRECIPITATION DATA]       SYMBOLS USED IN COLUMN 16

AVERAGE MONTHLY: 33.9   TOTAL FOR MONTH:   3.35    1 = FOG OR MIST
DPTR FM NORMAL:   2.8   DPTR FM NORMAL:    1.53    2 = FOG REDUCING VISIBILITY
HIGHEST:    62 ON  7, 4 GRTST 24HR  1.07 ON 12-12      TO 1/4 MILE OR LESS
LOWEST:      3 ON  2                               3 = THUNDER
                        SNOW, ICE PELLETS, HAIL    4 = ICE PELLETS
                        TOTAL MONTH:   0.0 INCH    5 = HAIL
                        GRTST 24HR     0.0         6 = FREEZING RAIN OR DRIZZLE
                        GRTST DEPTH:   0           7 = DUSTSTORM OR SANDSTORM:
                                                       VSBY 1/2 MILE OR LESS
                                                   8 = SMOKE OR HAZE
[NO. OF DAYS WITH]      [WEATHER - DAYS WITH]      9 = BLOWING SNOW
                                                   X = TORNADO
MAX 32 OR BELOW:   5    0.01 INCH OR MORE:  10
MAX 90 OR ABOVE:   0    0.10 INCH OR MORE:   7
MIN 32 OR BELOW:  17    0.50 INCH OR MORE:   3
MIN  0 OR BELOW:   0    1.00 INCH OR MORE:   1

[HDD (BASE 65) ]
TOTAL THIS MO.   677    CLEAR  (SCALE 0-3)   5
DPTR FM NORMAL   -70    PTCLDY (SCALE 4-7)   9
TOTAL FM JUL 1  3941    CLOUDY (SCALE 8-10)  8
DPTR FM NORMAL   -78

[CDD (BASE 65) ]
TOTAL THIS MO.     0
DPTR FM NORMAL     0    [PRESSURE DATA]
TOTAL FM JAN 1     0    HIGHEST SLP M ON M
DPTR FM NORMAL     0    LOWEST  SLP 29.49 ON 12

[REMARKS]
