000
CXUS51 KAKQ 190553
CF6PHF
PRELIMINARY LOCAL CLIMATOLOGICAL DATA (WS FORM: F-6)

                                          STATION:   NEWPORT NEWS
                                          MONTH:     APRIL
                                          YEAR:      2019
                                          LATITUDE:   37  7 N
                                          LONGITUDE:  76 30 W

  TEMPERATURE IN F:       :PCPN:    SNOW:  WIND      :SUNSHINE: SKY     :PK WND
================================================================================
1   2   3   4   5  6A  6B    7    8   9   10  11  12  13   14  15   16   17  18
                                     12Z  AVG MX 2MIN
DY MAX MIN AVG DEP HDD CDD  WTR  SNW DPTH SPD SPD DIR MIN PSBL S-S WX    SPD DR
================================================================================

 1  51  33  42 -13  23   0 0.00  0.0    0  9.5 21 350   M    M   0        28 350
 2   M   M   M   M   M   M 0.05  0.0    0  7.9 17  70   M    M   6 1      23  40
 3  69  42  56   0   9   0 0.00  0.0    0 10.4 21 270   M    M   2 18     25 260
 4  65  41  53  -3  12   0    T    M    0  7.4 17 110   M    M   0        21  70
 5  60  51  56  -1   9   0 0.37  0.0    0  6.8 17 110   M    M   7 1      26  90
 6  62  45  54  -3  11   0 0.02  0.0    0  3.7  9  70   M    M   7 1      13  20
 7  71  46  59   2   6   0    T    M    0  5.4 15 160   M    M   4 12     19 170
 8  84  59  72  15   0   7 0.52  0.0    0 11.7 22 280   M    M   2 13     31 280
 9  76  63  70  12   0   5 0.19  0.0    0  8.0 15 240   M    M   4 1      20 240
10  70  47  59   1   6   0 0.00  0.0    0  6.2 15 120   M    M   0        20  40
11  65  45  55  -3  10   0 0.00  0.0    0  8.5 16  90   M    M   0        29 240
12  80  60  70  11   0   5 0.00  0.0    0 13.2 24 180   M    M   2        33 240
13  70  64  67   8   0   2 0.54  0.0    0  6.1 17 180   M    M   9 1      23 180
14  80  67  74  15   0   9 0.16  0.0    0 11.0 23 190   M    M   8 18     56 210
15  76  49  63   4   2   0 0.54  0.0    0 16.9 36 250   M    M   2 13     48 250
16  68  42  55  -5  10   0 0.00  0.0    0  8.5 17 220   M    M   0        22 220
17  78  54  66   6   0   1 0.00  0.0    0 10.3 18  90   M    M   0        25 110
18  82  51  67   7   0   2 0.00  0.0    0 11.2 22 200   M    M   0        32 230
================================================================================
SM 1207  859        98  31  2.39     0.0 162.7          M       53
================================================================================
AV 71.0 50.5                               9.0 FASTST   M    M   3    MAX(MPH)
                                 MISC ---->  # 36 250               # 56  210
================================================================================
NOTES:
# LAST OF SEVERAL OCCURRENCES

COLUMN 17 PEAK WIND IN M.P.H.

PRELIMINARY LOCAL CLIMATOLOGICAL DATA (WS FORM: F-6) , PAGE 2

                                          STATION:  NEWPORT NEWS
                                          MONTH:    APRIL
                                          YEAR:     2019
                                          LATITUDE:   37  7 N
                                          LONGITUDE:  76 30 W

[TEMPERATURE DATA]      [PRECIPITATION DATA]       SYMBOLS USED IN COLUMN 16

AVERAGE MONTHLY: 60.8   TOTAL FOR MONTH:   2.39    1 = FOG OR MIST
DPTR FM NORMAL:   2.9   DPTR FM NORMAL:    0.17    2 = FOG REDUCING VISIBILITY
HIGHEST:    84 ON  8    GRTST 24HR  0.54 ON 15-15      TO 1/4 MILE OR LESS
LOWEST:     33 ON  1                               3 = THUNDER
                        SNOW, ICE PELLETS, HAIL    4 = ICE PELLETS
                        TOTAL MONTH:   0.0 INCH    5 = HAIL
                        GRTST 24HR     0.0         6 = FREEZING RAIN OR DRIZZLE
                        GRTST DEPTH:   0           7 = DUSTSTORM OR SANDSTORM:
                                                       VSBY 1/2 MILE OR LESS
                                                   8 = SMOKE OR HAZE
[NO. OF DAYS WITH]      [WEATHER - DAYS WITH]      9 = BLOWING SNOW
                                                   X = TORNADO
MAX 32 OR BELOW:   0    0.01 INCH OR MORE:   8
MAX 90 OR ABOVE:   0    0.10 INCH OR MORE:   6
MIN 32 OR BELOW:   0    0.50 INCH OR MORE:   3
MIN  0 OR BELOW:   0    1.00 INCH OR MORE:   0

[HDD (BASE 65) ]
TOTAL THIS MO.    98    CLEAR  (SCALE 0-3)  11
DPTR FM NORMAL   -54    PTCLDY (SCALE 4-7)   6
TOTAL FM JUL 1  3210    CLOUDY (SCALE 8-10)  1
DPTR FM NORMAL    42

[CDD (BASE 65) ]
TOTAL THIS MO.    31
DPTR FM NORMAL     5    [PRESSURE DATA]
TOTAL FM JAN 1    36    HIGHEST SLP M ON M
DPTR FM NORMAL     8    LOWEST  SLP 29.42 ON 15

[REMARKS]
