000
CXUS51 KPHI 230800
CF6PHL
PRELIMINARY LOCAL CLIMATOLOGICAL DATA (WS FORM: F-6)

                                          STATION:   PHILADELPHIA PA
                                          MONTH:     FEBRUARY
                                          YEAR:      2019
                                          LATITUDE:   39 52 N
                                          LONGITUDE:  75 15 W

  TEMPERATURE IN F:       :PCPN:    SNOW:  WIND      :SUNSHINE: SKY     :PK WND
================================================================================
1   2   3   4   5  6A  6B    7    8   9   10  11  12  13   14  15   16   17  18
                                     12Z  AVG MX 2MIN
DY MAX MIN AVG DEP HDD CDD  WTR  SNW DPTH SPD SPD DIR MIN PSBL S-S WX    SPD DR
================================================================================

 1  18  12  15 -19  50   0 0.06  0.9    0  5.8 12 280   M    M   7 1      19 320
 2  31  11  21 -13  44   0 0.00  0.0    1  8.6 17 230   M    M   7 18     20 230
 3  51  22  37   3  28   0 0.00  0.0    0  1.7  9 200   M    M   5 18     10 220
 4  60  27  44  10  21   0 0.00  0.0    0  2.2 10 260   M    M   2 18     20 210
 5  67  32  50  16  15   0    T  0.0    0  4.5 16 290   M    M   6 18     21 290
 6  54  35  45  11  20   0 0.30  0.0    0  6.8 14 100   M    M   8 1      18 100
 7  48  41  45  11  20   0 0.06  0.0    0  6.9 13 110   M    M  10 1      17  10
 8  55  33  44  10  21   0 0.04  0.0    0 12.6 38 280   M    M   8 1      48 290
 9  34  25  30  -5  35   0 0.00  0.0    0 14.8 29 300   M    M   4        37 310
10  37  22  30  -5  35   0 0.09  0.5    0  6.8 14 230   M    M   5 1      24 210
11  34  29  32  -3  33   0 0.26  2.3    2  4.8 13  50   M    M  10 18     16  40
12  38  30  34  -1  31   0 1.00  0.1    2 10.7 22  90   M    M  10 16     28  90
13  43  35  39   4  26   0 0.03  0.0    0 15.9 32 260   M    M   7 1      41 260
14  49  32  41   5  24   0 0.00  0.0    0 10.2 20 240   M    M   7        23 280
15  62  43  53  17  12   0 0.00  0.0    0 12.2 23 220   M    M   8        30 300
16  50  32  41   5  24   0 0.00  0.0    0 12.2 23 320   M    M   5        27 340
17  38  26  32  -4  33   0 0.21  0.0    0  6.9 20 130   M    M   6 1      24 130
18  45  32  39   3  26   0 0.15  0.0    0 13.8 33 290   M    M   9 1      43 280
19  39  26  33  -3  32   0 0.00  0.0    0 10.4 18 330   M    M   7        24 330
20  34  26  30  -7  35   0 0.65  2.8    0  6.6 14 350   M    M  10 126    17 360
21  52  34  43   6  22   0 0.01  0.0    2 10.3 25 290   M    M   8 1      32 290
22  47  37  42   5  23   0 0.00  0.0    0  7.8 14 350   M    M  10        20 350
================================================================================
SM  986  642       610   0  2.86     6.6 192.5          M      159
================================================================================
AV 44.8 29.2                               8.8 FASTST   M    M   7    MAX(MPH)
                                 MISC ---->  # 38 280               # 48  290
================================================================================
NOTES:
# LAST OF SEVERAL OCCURRENCES

COLUMN 17 PEAK WIND IN M.P.H.

PRELIMINARY LOCAL CLIMATOLOGICAL DATA (WS FORM: F-6) , PAGE 2

                                          STATION:  PHILADELPHIA PA
                                          MONTH:    FEBRUARY
                                          YEAR:     2019
                                          LATITUDE:   39 52 N
                                          LONGITUDE:  75 15 W

[TEMPERATURE DATA]      [PRECIPITATION DATA]       SYMBOLS USED IN COLUMN 16

AVERAGE MONTHLY: 37.0   TOTAL FOR MONTH:   2.86    1 = FOG OR MIST
DPTR FM NORMAL:   1.8   DPTR FM NORMAL:    0.79    2 = FOG REDUCING VISIBILITY
HIGHEST:    67 ON  5    GRTST 24HR  1.00 ON 12-12      TO 1/4 MILE OR LESS
LOWEST:     11 ON  2                               3 = THUNDER
                        SNOW, ICE PELLETS, HAIL    4 = ICE PELLETS
                        TOTAL MONTH:   6.6 INCHES  5 = HAIL
                        GRTST 24HR   2.8 ON 20-20  6 = FREEZING RAIN OR DRIZZLE
                        GRTST DEPTH:   2 ON 21,12  7 = DUSTSTORM OR SANDSTORM:
                                                       VSBY 1/2 MILE OR LESS
                                                   8 = SMOKE OR HAZE
[NO. OF DAYS WITH]      [WEATHER - DAYS WITH]      9 = BLOWING SNOW
                                                   X = TORNADO
MAX 32 OR BELOW:   2    0.01 INCH OR MORE:  12
MAX 90 OR ABOVE:   0    0.10 INCH OR MORE:   6
MIN 32 OR BELOW:  15    0.50 INCH OR MORE:   2
MIN  0 OR BELOW:   0    1.00 INCH OR MORE:   1

[HDD (BASE 65) ]
TOTAL THIS MO.   610    CLEAR  (SCALE 0-3)   1
DPTR FM NORMAL   -47    PTCLDY (SCALE 4-7)  14
TOTAL FM JUL 1  3242    CLOUDY (SCALE 8-10)  7
DPTR FM NORMAL   -78

[CDD (BASE 65) ]
TOTAL THIS MO.     0
DPTR FM NORMAL     0    [PRESSURE DATA]
TOTAL FM JAN 1     0    HIGHEST SLP M ON M
DPTR FM NORMAL     0    LOWEST  SLP 29.57 ON 13

[REMARKS]
