000
CXUS51 KPHI 231500
CF6PHL
PRELIMINARY LOCAL CLIMATOLOGICAL DATA (WS FORM: F-6)

                                          STATION:   PHILADELPHIA PA
                                          MONTH:     APRIL
                                          YEAR:      2019
                                          LATITUDE:   39 52 N
                                          LONGITUDE:  75 15 W

  TEMPERATURE IN F:       :PCPN:    SNOW:  WIND      :SUNSHINE: SKY     :PK WND
================================================================================
1   2   3   4   5  6A  6B    7    8   9   10  11  12  13   14  15   16   17  18
                                     12Z  AVG MX 2MIN
DY MAX MIN AVG DEP HDD CDD  WTR  SNW DPTH SPD SPD DIR MIN PSBL S-S WX    SPD DR
================================================================================

 1  48  32  40  -9  25   0 0.00  0.0    0 12.9 31 310   M    M   2        36 310
 2  53  32  43  -6  22   0 0.00  0.0    0  7.4 17  70   M    M   9        22 110
 3  68  39  54   4  11   0 0.00  0.0    0 15.5 36 260   M    M   2        45 270
 4  64  46  55   5  10   0 0.00  0.0    0  8.7 20 260   M    M   6        29 280
 5  52  41  47  -3  18   0 0.10    M    0 11.0 20  80   M    M  10 1      24  70
 6  67  42  55   4  10   0 0.00  0.0    0  4.8  9 230   M    M   7 18     17 340
 7  71  46  59   8   6   0 0.01  0.0    0  7.4 16 190   M    M   6 1      22 190
 8  82  54  68  17   0   3 0.14  0.0    0 10.3 28 260   M    M   8 1      33 260
 9  73  55  64  12   1   0 0.02  0.0    0  9.6 29 330   M    M   8        37 330
10  64  47  56   4   9   0 0.00  0.0    0 10.8 22 300   M    M   3        29 320
11  58  43  51  -1  14   0 0.00  0.0    0  9.8 16  70   M    M   9        21  40
12  75  48  62   9   3   0 0.23  0.0    0 10.6 22 170   M    M   9 1      29 180
13  76  61  69  16   0   4 0.05  0.0    0  8.0 15 190   M    M   9 1      19 210
14  74  59  67  13   0   2 0.01  0.0    0  8.2 23 180   M    M   9 1      31 160
15  71  46  59   5   6   0 0.65  0.0    0 18.6 52 250   M    M   8 13     64 240
16  67  43  55   1  10   0 0.00  0.0    0 12.9 23 290   M    M   3        41 250
17  63  51  57   2   8   0 0.00  0.0    0  9.1 16  70   M    M   9        22  70
18  81  52  67  12   0   2 0.00  0.0    0 11.3 20 220   M    M   8        28 220
19  78  65  72  17   0   7 0.42  0.0    0 14.2 23 180   M    M   9 1      34 180
20  72  58  65   9   0   0 0.56  0.0    0 13.5 26 170   M    M   9 1      35 180
21  70  53  62   6   3   0    T  0.0    0  5.8 14 250   M    M   7        17 200
22  69  56  63   7   2   0 0.01  0.0    0 11.1 22 340   M    M   8        30 320
================================================================================
SM 1496 1069       158  18  2.20     0.0 231.5          M      158
================================================================================
AV 68.0 48.6                              10.5 FASTST   M    M   7    MAX(MPH)
                                 MISC ---->  # 52 250               # 64  240
================================================================================
NOTES:
# LAST OF SEVERAL OCCURRENCES

COLUMN 17 PEAK WIND IN M.P.H.

PRELIMINARY LOCAL CLIMATOLOGICAL DATA (WS FORM: F-6) , PAGE 2

                                          STATION:  PHILADELPHIA PA
                                          MONTH:    APRIL
                                          YEAR:     2019
                                          LATITUDE:   39 52 N
                                          LONGITUDE:  75 15 W

[TEMPERATURE DATA]      [PRECIPITATION DATA]       SYMBOLS USED IN COLUMN 16

AVERAGE MONTHLY: 58.3   TOTAL FOR MONTH:   2.20    1 = FOG OR MIST
DPTR FM NORMAL:   5.7   DPTR FM NORMAL:   -0.46    2 = FOG REDUCING VISIBILITY
HIGHEST:    82 ON  8    GRTST 24HR  0.65 ON 15-15      TO 1/4 MILE OR LESS
LOWEST:     32 ON  2, 1                            3 = THUNDER
                        SNOW, ICE PELLETS, HAIL    4 = ICE PELLETS
                        TOTAL MONTH:   0.0 INCH    5 = HAIL
                        GRTST 24HR     0.0         6 = FREEZING RAIN OR DRIZZLE
                        GRTST DEPTH:   0           7 = DUSTSTORM OR SANDSTORM:
                                                       VSBY 1/2 MILE OR LESS
                                                   8 = SMOKE OR HAZE
[NO. OF DAYS WITH]      [WEATHER - DAYS WITH]      9 = BLOWING SNOW
                                                   X = TORNADO
MAX 32 OR BELOW:   0    0.01 INCH OR MORE:  11
MAX 90 OR ABOVE:   0    0.10 INCH OR MORE:   6
MIN 32 OR BELOW:   2    0.50 INCH OR MORE:   2
MIN  0 OR BELOW:   0    1.00 INCH OR MORE:   0

[HDD (BASE 65) ]
TOTAL THIS MO.   158    CLEAR  (SCALE 0-3)   3
DPTR FM NORMAL  -122    PTCLDY (SCALE 4-7)   8
TOTAL FM JUL 1  4250    CLOUDY (SCALE 8-10) 11
DPTR FM NORMAL  -177

[CDD (BASE 65) ]
TOTAL THIS MO.    18
DPTR FM NORMAL    14    [PRESSURE DATA]
TOTAL FM JAN 1    20    HIGHEST SLP M ON M
DPTR FM NORMAL    15    LOWEST  SLP 29.37 ON 15

[REMARKS]
