000
CXUS53 KUNR 200945
CF6PHP
PRELIMINARY LOCAL CLIMATOLOGICAL DATA (WS FORM: F-6)

                                          STATION:   PHILIP SD
                                          MONTH:     FEBRUARY
                                          YEAR:      2019
                                          LATITUDE:   44  3 N
                                          LONGITUDE: 101 36 W

  TEMPERATURE IN F:       :PCPN:    SNOW:  WIND      :SUNSHINE: SKY     :PK WND
================================================================================
1   2   3   4   5  6A  6B    7    8   9   10  11  12  13   14  15   16   17  18
                                     12Z  AVG MX 2MIN
DY MAX MIN AVG DEP HDD CDD  WTR  SNW DPTH SPD SPD DIR MIN PSBL S-S WX    SPD DR
================================================================================

 1  58  18  38  15  27   0 0.00    M    M  4.9 15 230   M    M   0        18 240
 2  61  26  44  20  21   0 0.00    M    M  7.6 17 260   M    M   0        23 240
 3  33   0  17  -7  48   0 0.07    M    M 13.5 23  50   M    M   8 189    29  40
 4   5  -4   1 -23  64   0 0.01    M    M 11.7 22 330   M    M   4 1      28 330
 5   6  -3   2 -22  63   0 0.00    M    M 10.2 17  70   M    M   7        21  70
 6   2  -3   0 -24  65   0 0.18    M    M 12.4 22 340   M    M  10 18     28 330
 7  -1 -19 -10 -34  75   0    T    M    M 15.3 29 320   M    M   7 8      35 320
 8   7 -23  -8 -32  73   0 0.00    M    M  9.8 24  90   M    M   0        29  90
 9   8   2   5 -19  60   0    T    M    M 12.1 20 330   M    M   6 18     24 330
10   5  -1   2 -23  63   0 0.05    M    M  9.3 16 350   M    M  10 18     20 360
11  26 -10   8 -17  57   0 0.00    M    M 10.1 22 110   M    M   6 1      27 300
12  19 -10   5 -20  60   0    T    M    M  5.7 12  80   M    M   3        14  80
13  31   6  19  -6  46   0 0.00    M    M  4.6 10  20   M    M   0        15  20
14  11  -8   2 -23  63   0    T    M    M 12.8 28 330   M    M   3 1      35 340
15  11  -1   5 -21  60   0 0.20    M    M 11.6 18 110   M    M   8 12     27 100
16  22   5  14 -12  51   0 0.02    M    M 14.2 28 330   M    M   7 1      35 320
17  11   5   8 -18  57   0 0.08    M    M 20.3 26 320   M    M  10 1      34 320
18  11 -13  -1 -27  66   0    T    M    M  5.6 15 310   M    M   5 1      19 310
19  21 -16   3 -23  62   0 0.01    M    M  6.7 18 160   M    M   9 18     22 160
================================================================================
SM  347  -49      1081   0  0.62    M    198.4          M      103
================================================================================
AV 18.3 -2.6                              10.4 FASTST   M    M   5    MAX(MPH)
                                 MISC ---->  # 29 320               # 35  320
================================================================================
NOTES:
# LAST OF SEVERAL OCCURRENCES

COLUMN 17 PEAK WIND IN M.P.H.

PRELIMINARY LOCAL CLIMATOLOGICAL DATA (WS FORM: F-6) , PAGE 2

                                          STATION:  PHILIP SD
                                          MONTH:    FEBRUARY
                                          YEAR:     2019
                                          LATITUDE:   44  3 N
                                          LONGITUDE: 101 36 W

[TEMPERATURE DATA]      [PRECIPITATION DATA]       SYMBOLS USED IN COLUMN 16

AVERAGE MONTHLY:  7.8   TOTAL FOR MONTH:   0.62    1 = FOG OR MIST
DPTR FM NORMAL: -16.9   DPTR FM NORMAL:    0.38    2 = FOG REDUCING VISIBILITY
HIGHEST:    61 ON  2    GRTST 24HR  0.20 ON 15-15      TO 1/4 MILE OR LESS
LOWEST:    -23 ON  8                               3 = THUNDER
                        SNOW, ICE PELLETS, HAIL    4 = ICE PELLETS
                        TOTAL MONTH:    M          5 = HAIL
                        GRTST 24HR    M  ON   M    6 = FREEZING RAIN OR DRIZZLE
                        GRTST DEPTH:  M  ON   M    7 = DUSTSTORM OR SANDSTORM:
                                                       VSBY 1/2 MILE OR LESS
                                                   8 = SMOKE OR HAZE
[NO. OF DAYS WITH]      [WEATHER - DAYS WITH]      9 = BLOWING SNOW
                                                   X = TORNADO
MAX 32 OR BELOW:  16    0.01 INCH OR MORE:   8
MAX 90 OR ABOVE:   0    0.10 INCH OR MORE:   2
MIN 32 OR BELOW:  19    0.50 INCH OR MORE:   0
MIN  0 OR BELOW:  13    1.00 INCH OR MORE:   0

[HDD (BASE 65) ]
TOTAL THIS MO.  1081    CLEAR  (SCALE 0-3)   6
DPTR FM NORMAL   315    PTCLDY (SCALE 4-7)   9
TOTAL FM JUL 1  5315    CLOUDY (SCALE 8-10)  4
DPTR FM NORMAL   284

[CDD (BASE 65) ]
TOTAL THIS MO.     0
DPTR FM NORMAL     0    [PRESSURE DATA]
TOTAL FM JAN 1     0    HIGHEST SLP M ON M
DPTR FM NORMAL     0    LOWEST  SLP 29.19 ON 13

[REMARKS]
