000
CXUS53 KUNR 240945
CF6PHP
PRELIMINARY LOCAL CLIMATOLOGICAL DATA (WS FORM: F-6)

                                          STATION:   PHILIP SD
                                          MONTH:     APRIL
                                          YEAR:      2019
                                          LATITUDE:   44  3 N
                                          LONGITUDE: 101 36 W

  TEMPERATURE IN F:       :PCPN:    SNOW:  WIND      :SUNSHINE: SKY     :PK WND
================================================================================
1   2   3   4   5  6A  6B    7    8   9   10  11  12  13   14  15   16   17  18
                                     12Z  AVG MX 2MIN
DY MAX MIN AVG DEP HDD CDD  WTR  SNW DPTH SPD SPD DIR MIN PSBL S-S WX    SPD DR
================================================================================

 1  35  20  28 -13  37   0 0.07    M    M  4.2 12  60   M    M   6 12     14  50
 2  58  24  41   0  24   0 0.00    M    M  9.2 25 310   M    M   3        31 290
 3  45  25  35  -7  30   0 0.02    M    M 10.1 23  80   M    M   9        32 120
 4  60  37  49   7  16   0 0.00    M    M  9.0 16 160   M    M   6        21 150
 5  74  31  53  11  12   0    T    M    M  8.9 22  70   M    M   3 123    31  70
 6  72  45  59  16   6   0    T    M    M  8.1 23 340   M    M   6 12     35 330
 7  73  45  59  16   6   0 0.05    M    M 12.3 28 320   M    M   2        39 350
 8  66  43  55  11  10   0    T    M    M 14.3 28 310   M    M   6        37 310
 9  60  33  47   3  18   0 0.16    M    M 18.8 35  70   M    M   7 13     46  80
10  33  24  29 -15  36   0 0.55    M    M 21.9 31  40   M    M  10 1236   40  40
11  27  24  26 -19  39   0 0.08    M    M 24.0 32 360   M    M  10 12     40 360
12  34  22  28 -17  37   0    T    M    M 16.3 26 300   M    M   9 1      36 300
13  43  19  31 -14  34   0 0.00    M    M  7.3 12  90   M    M   2        18  90
14  45  21  33 -13  32   0 0.00    M    M  8.5 18 130   M    M   1        23 140
15  58  28  43  -3  22   0 0.00    M    M  7.2 18 340   M    M   2        25 330
16  64  35  50   4  15   0 0.05    M    M 11.6 24 140   M    M   3        35 140
17  60  37  49   2  16   0 0.00    M    M 13.3 31 320   M    M   8        41 320
18  62  31  47   0  18   0 0.01    M    M 14.4 39 330   M    M   2        62 330
19  79  28  54   6  11   0 0.00    M    M  6.6 18 290   M    M   4        25 300
20  85  42  64  16   1   0 0.00    M    M  9.8 30  20   M    M   0        42  30
21  54  44  49   1  16   0 0.24    M    M 16.5 32  20   M    M   6        42  20
22  67  40  54   5  11   0 0.01    M    M  9.5 16 360   M    M   5        23  40
23  74  34  54   5  11   0 0.00    M    M  7.3 23 210   M    M   0        30 210
================================================================================
SM 1328  732       458   0  1.24    M    269.1          M      110
================================================================================
AV 57.7 31.8                              11.7 FASTST   M    M   5    MAX(MPH)
                                 MISC ---->  # 39 330               # 62  330
================================================================================
NOTES:
# LAST OF SEVERAL OCCURRENCES

COLUMN 17 PEAK WIND IN M.P.H.

PRELIMINARY LOCAL CLIMATOLOGICAL DATA (WS FORM: F-6) , PAGE 2

                                          STATION:  PHILIP SD
                                          MONTH:    APRIL
                                          YEAR:     2019
                                          LATITUDE:   44  3 N
                                          LONGITUDE: 101 36 W

[TEMPERATURE DATA]      [PRECIPITATION DATA]       SYMBOLS USED IN COLUMN 16

AVERAGE MONTHLY: 44.8   TOTAL FOR MONTH:   1.24    1 = FOG OR MIST
DPTR FM NORMAL:  -0.2   DPTR FM NORMAL:    0.01    2 = FOG REDUCING VISIBILITY
HIGHEST:    85 ON 20    GRTST 24HR  0.55 ON 10-10      TO 1/4 MILE OR LESS
LOWEST:     19 ON 13                               3 = THUNDER
                        SNOW, ICE PELLETS, HAIL    4 = ICE PELLETS
                        TOTAL MONTH:    M          5 = HAIL
                        GRTST 24HR    M  ON   M    6 = FREEZING RAIN OR DRIZZLE
                        GRTST DEPTH:  M  ON   M    7 = DUSTSTORM OR SANDSTORM:
                                                       VSBY 1/2 MILE OR LESS
                                                   8 = SMOKE OR HAZE
[NO. OF DAYS WITH]      [WEATHER - DAYS WITH]      9 = BLOWING SNOW
                                                   X = TORNADO
MAX 32 OR BELOW:   1    0.01 INCH OR MORE:  10
MAX 90 OR ABOVE:   0    0.10 INCH OR MORE:   3
MIN 32 OR BELOW:  12    0.50 INCH OR MORE:   1
MIN  0 OR BELOW:   0    1.00 INCH OR MORE:   0

[HDD (BASE 65) ]
TOTAL THIS MO.   458    CLEAR  (SCALE 0-3)  10
DPTR FM NORMAL    -2    PTCLDY (SCALE 4-7)   9
TOTAL FM JUL 1  7466    CLOUDY (SCALE 8-10)  4
DPTR FM NORMAL   703

[CDD (BASE 65) ]
TOTAL THIS MO.     0
DPTR FM NORMAL     0    [PRESSURE DATA]
TOTAL FM JAN 1     0    HIGHEST SLP M ON M
DPTR FM NORMAL     0    LOWEST  SLP 29.35 ON 20

[REMARKS]
