000
CXUS55 KPSR 231005
CF6PHX
PRELIMINARY LOCAL CLIMATOLOGICAL DATA (WS FORM: F-6)

                                          STATION:   PHOENIX AZ
                                          MONTH:     APRIL
                                          YEAR:      2019
                                          LATITUDE:   33 25 N
                                          LONGITUDE: 112  1 W

  TEMPERATURE IN F:       :PCPN:    SNOW:  WIND      :SUNSHINE: SKY     :PK WND
================================================================================
1   2   3   4   5  6A  6B    7    8   9   10  11  12  13   14  15   16   17  18
                                     12Z  AVG MX 2MIN
DY MAX MIN AVG DEP HDD CDD  WTR  SNW DPTH SPD SPD DIR MIN PSBL S-S WX    SPD DR
================================================================================

 1  83  58  71   2   0   6 0.00  0.0    0  5.5 20  70   M    M   6        23  60
 2  88  58  73   4   0   8 0.00  0.0    0  8.3 22 270   M    M   6        26 240
 3  79  63  71   2   0   6 0.00  0.0    0  5.8 16 300   M    M   4        21 230
 4  85  60  73   4   0   8 0.00  0.0    0  7.5 16 280   M    M   6        26 210
 5  82  58  70   0   0   5 0.00  0.0    0  7.6 18 270   M    M   6        22 140
 6  82  65  74   4   0   9 0.00  0.0    0  5.4 14 290   M    M   6        19 320
 7  89  61  75   5   0  10 0.00  0.0    0  4.0 15 280   M    M   3        23 340
 8  97  63  80  10   0  15 0.00  0.0    0  4.6 13 280   M    M   3        19 300
 9  97  66  82  11   0  17 0.00  0.0    0 12.1 28 280   M    M   6        34 280
10  77  60  69  -2   0   4 0.00  0.0    0 19.1 38 290   M    M   2        46 290
11  78  55  67  -4   0   2 0.00  0.0    0 10.8 28 270   M    M   4        31 280
12  76  64  70  -2   0   5 0.00  0.0    0  7.5 25 320   M    M   7        31 350
13  80  55  68  -4   0   3 0.00  0.0    0  3.4 10 260   M    M   1        14 280
14  86  58  72   0   0   7 0.00  0.0    0  6.5 13 110   M    M   6        18 350
15  89  62  76   4   0  11 0.00  0.0    0  8.8 23 260   M    M   7        31 200
16  82  61  72  -1   0   7 0.01  0.0    0 11.7 33 270   M    M   7        39 270
17  79  57  68  -5   0   3    T  0.0    0  7.1 22 270   M    M   4        25 270
18  92  60  76   3   0  11 0.00  0.0    0  6.3 13  80   M    M   2        19 300
19  99  65  82   8   0  17 0.00  0.0    0  5.7 14 120   M    M   2        19 110
20  94  70  82   8   0  17 0.00  0.0    0 10.3 23 270   M    M   3        27 270
21  90  67  79   5   0  14 0.00  0.0    0  9.3 20 270   M    M   1        29 270
22  88  62  75   0   0  10 0.00  0.0    0  5.7 14 270   M    M   3        20 320
================================================================================
SM 1892 1348         0 195  0.01     0.0 173.0          M       95
================================================================================
AV 86.0 61.3                               7.9 FASTST   M    M   4    MAX(MPH)
                                 MISC ---->  # 38 290               # 46  290
================================================================================
NOTES:
# LAST OF SEVERAL OCCURRENCES

COLUMN 17 PEAK WIND IN M.P.H.

PRELIMINARY LOCAL CLIMATOLOGICAL DATA (WS FORM: F-6) , PAGE 2

                                          STATION:  PHOENIX AZ
                                          MONTH:    APRIL
                                          YEAR:     2019
                                          LATITUDE:   33 25 N
                                          LONGITUDE: 112  1 W

[TEMPERATURE DATA]      [PRECIPITATION DATA]       SYMBOLS USED IN COLUMN 16

AVERAGE MONTHLY: 73.6   TOTAL FOR MONTH:   0.01    1 = FOG OR MIST
DPTR FM NORMAL:   2.1   DPTR FM NORMAL:   -0.24    2 = FOG REDUCING VISIBILITY
HIGHEST:    99 ON 19    GRTST 24HR  0.01 ON 16-16      TO 1/4 MILE OR LESS
LOWEST:     55 ON 13,11                            3 = THUNDER
                        SNOW, ICE PELLETS, HAIL    4 = ICE PELLETS
                        TOTAL MONTH:   0.0 INCH    5 = HAIL
                        GRTST 24HR     0.0         6 = FREEZING RAIN OR DRIZZLE
                        GRTST DEPTH:   0           7 = DUSTSTORM OR SANDSTORM:
                                                       VSBY 1/2 MILE OR LESS
                                                   8 = SMOKE OR HAZE
[NO. OF DAYS WITH]      [WEATHER - DAYS WITH]      9 = BLOWING SNOW
                                                   X = TORNADO
MAX 32 OR BELOW:   0    0.01 INCH OR MORE:   1
MAX 90 OR ABOVE:   6    0.10 INCH OR MORE:   0
MIN 32 OR BELOW:   0    0.50 INCH OR MORE:   0
MIN  0 OR BELOW:   0    1.00 INCH OR MORE:   0

[HDD (BASE 65) ]
TOTAL THIS MO.     0    CLEAR  (SCALE 0-3)   7
DPTR FM NORMAL   -17    PTCLDY (SCALE 4-7)  15
TOTAL FM JUL 1   981    CLOUDY (SCALE 8-10)  0
DPTR FM NORMAL    50

[CDD (BASE 65) ]
TOTAL THIS MO.   195
DPTR FM NORMAL    34    [PRESSURE DATA]
TOTAL FM JAN 1   281    HIGHEST SLP M ON M
DPTR FM NORMAL    16    LOWEST  SLP 29.59 ON  9

[REMARKS]
