000
CXUS55 KPSR 201005
CF6PHX
PRELIMINARY LOCAL CLIMATOLOGICAL DATA (WS FORM: F-6)

                                          STATION:   PHOENIX AZ
                                          MONTH:     FEBRUARY
                                          YEAR:      2019
                                          LATITUDE:   33 25 N
                                          LONGITUDE: 112  1 W

  TEMPERATURE IN F:       :PCPN:    SNOW:  WIND      :SUNSHINE: SKY     :PK WND
================================================================================
1   2   3   4   5  6A  6B    7    8   9   10  11  12  13   14  15   16   17  18
                                     12Z  AVG MX 2MIN
DY MAX MIN AVG DEP HDD CDD  WTR  SNW DPTH SPD SPD DIR MIN PSBL S-S WX    SPD DR
================================================================================

 1  75  54  65   7   0   0 0.00  0.0    0  4.8 13 180   M    M   6        16 120
 2  73  56  65   7   0   0    T  0.0    0  7.0 15 150   M    M   8        19 150
 3  67  56  62   4   3   0 0.31  0.0    0  5.5 13 160   M    M   9 1      17 180
 4  66  55  61   3   4   0 0.00  0.0    0  8.1 22 190   M    M   8        27 190
 5  67  50  59   1   6   0 0.01  0.0    0 10.0 21 180   M    M   7        26 190
 6  56  42  49  -9  16   0 0.07  0.0    0 13.4 26 270   M    M   3 1      34 270
 7  57  36  47 -12  18   0 0.00  0.0    0  5.0 12  70   M    M   0        16 360
 8  67  38  53  -6  12   0 0.00  0.0    0  3.4 10  80   M    M   1        16  90
 9  59  44  52  -7  13   0 0.00  0.0    0  5.5 20 270   M    M   7        24 270
10  66  38  52  -7  13   0 0.00  0.0    0  2.9 10 270   M    M   4        12 180
11  59  43  51  -8  14   0 0.00  0.0    0  5.6 25 300   M    M   2        33 300
12  69  38  54  -5  11   0 0.00  0.0    0  4.0 13  90   M    M   4        15  90
13  67  49  58  -1   7   0 0.00  0.0    0  4.7 12  50   M    M  10        13 120
14  61  56  59  -1   6   0 0.07  0.0    0  5.5 17  80   M    M  10 1      20  80
15  67  52  60   0   5   0 0.00  0.0    0  5.2 15 290   M    M   8 1      19 330
16  63  49  56  -4   9   0 0.00  0.0    0  9.1 24 270   M    M   7 8      32 260
17  60  41  51  -9  14   0 0.00  0.0    0  8.1 22 230   M    M   5        26 230
18  55  43  49 -11  16   0 0.04    M    0  7.6 20 270   M    M   7 1      23 270
19  57  36  47 -13  18   0 0.00  0.0    0  7.1 21 270   M    M   4        25 280
================================================================================
SM 1211  876       185   0  0.50     0.0 122.5          M      110
================================================================================
AV 63.7 46.1                               6.4 FASTST   M    M   6    MAX(MPH)
                                 MISC ---->  # 26 270               # 34  270
================================================================================
NOTES:
# LAST OF SEVERAL OCCURRENCES

COLUMN 17 PEAK WIND IN M.P.H.

PRELIMINARY LOCAL CLIMATOLOGICAL DATA (WS FORM: F-6) , PAGE 2

                                          STATION:  PHOENIX AZ
                                          MONTH:    FEBRUARY
                                          YEAR:     2019
                                          LATITUDE:   33 25 N
                                          LONGITUDE: 112  1 W

[TEMPERATURE DATA]      [PRECIPITATION DATA]       SYMBOLS USED IN COLUMN 16

AVERAGE MONTHLY: 54.9   TOTAL FOR MONTH:   0.50    1 = FOG OR MIST
DPTR FM NORMAL:  -4.1   DPTR FM NORMAL:   -0.08    2 = FOG REDUCING VISIBILITY
HIGHEST:    75 ON  1    GRTST 24HR  0.31 ON  3- 3      TO 1/4 MILE OR LESS
LOWEST:     36 ON 19, 7                            3 = THUNDER
                        SNOW, ICE PELLETS, HAIL    4 = ICE PELLETS
                        TOTAL MONTH:   0.0 INCH    5 = HAIL
                        GRTST 24HR     0.0         6 = FREEZING RAIN OR DRIZZLE
                        GRTST DEPTH:   0           7 = DUSTSTORM OR SANDSTORM:
                                                       VSBY 1/2 MILE OR LESS
                                                   8 = SMOKE OR HAZE
[NO. OF DAYS WITH]      [WEATHER - DAYS WITH]      9 = BLOWING SNOW
                                                   X = TORNADO
MAX 32 OR BELOW:   0    0.01 INCH OR MORE:   5
MAX 90 OR ABOVE:   0    0.10 INCH OR MORE:   1
MIN 32 OR BELOW:   0    0.50 INCH OR MORE:   0
MIN  0 OR BELOW:   0    1.00 INCH OR MORE:   0

[HDD (BASE 65) ]
TOTAL THIS MO.   185    CLEAR  (SCALE 0-3)   4
DPTR FM NORMAL    65    PTCLDY (SCALE 4-7)  11
TOTAL FM JUL 1   811    CLOUDY (SCALE 8-10)  4
DPTR FM NORMAL    21

[CDD (BASE 65) ]
TOTAL THIS MO.     0
DPTR FM NORMAL    -2    [PRESSURE DATA]
TOTAL FM JAN 1     0    HIGHEST SLP M ON M
DPTR FM NORMAL    -4    LOWEST  SLP 29.73 ON  5

[REMARKS]
