000
CXUS53 KILX 260900
CF6PIA
PRELIMINARY LOCAL CLIMATOLOGICAL DATA (WS FORM: F-6)

                                          STATION:   PEORIA IL
                                          MONTH:     APRIL
                                          YEAR:      2019
                                          LATITUDE:   40 40 N
                                          LONGITUDE:  89 41 W

  TEMPERATURE IN F:       :PCPN:    SNOW:  WIND      :SUNSHINE: SKY     :PK WND
================================================================================
1   2   3   4   5  6A  6B    7    8   9   10  11  12  13   14  15   16   17  18
                                     12Z  AVG MX 2MIN
DY MAX MIN AVG DEP HDD CDD  WTR  SNW DPTH SPD SPD DIR MIN PSBL S-S WX    SPD DR
================================================================================

 1  51  29  40  -7  25   0 0.00  0.0    0 11.7 23 200   M    M   3        31 210
 2  54  34  44  -3  21   0 0.00  0.0    0  9.0 21 270   M    M   3        28 270
 3  57  34  46  -2  19   0    T  0.0    0  6.4 15 200   M    M   5        19 190
 4  52  45  49   1  16   0 0.30  0.0    0 14.9 22  80   M    M   8 1      33  70
 5  56  45  51   3  14   0 0.00  0.0    0  3.6 14  90   M    M  10 128    18 100
 6  68  42  55   6  10   0 0.00  0.0    0  7.1 15 180   M    M   2 12     23 170
 7  75  54  65  16   0   0 0.07  0.0    0  8.2 22 300   M    M   5 13     38 280
 8  76  53  65  15   0   0 0.00  0.0    0  4.7 13 190   M    M   1 1      17 350
 9  70  51  61  11   4   0    T  0.0    0  6.8 16  40   M    M   2        26  40
10  52  40  46  -4  19   0 0.38  0.0    0 18.6 33  90   M    M   5 1      50  80
11  73  43  58   7   7   0 0.09  0.0    0 15.3 30  80   M    M   2 3      43  80
12  53  40  47  -4  18   0 0.00  0.0    0 16.8 31 240   M    M   1        45 230
13  56  32  44  -8  21   0 0.00  0.0    0  7.8 17  50   M    M   1        25  30
14  44  33  39 -13  26   0 0.81  5.0    0  9.5 32  70   M    M  10 12     47  80
15  56  29  43  -9  22   0 0.00  0.0    3  8.8 21 180   M    M   3        29 170
16  75  48  62   9   3   0 0.00  0.0    0  8.5 17 210   M    M   1        24 200
17  78  57  68  15   0   3 0.00  0.0    0 11.4 24 190   M    M   4        33 180
18  67  45  56   3   9   0 0.29  0.0    0  8.8 18 310   M    M   9 13     29 350
19  60  44  52  -2  13   0 0.00  0.0    0 12.8 24  30   M    M   6        39  20
20  68  37  53  -1  12   0 0.00  0.0    0  6.0 15 320   M    M   0        25  10
21  78  44  61   7   4   0 0.00  0.0    0  9.3 20 170   M    M   0        27 180
22  80  57  69  14   0   4    T  0.0    0 11.5 24 200   M    M   3 8      36 190
23  60  49  55   0  10   0 0.00  0.0    0  5.9 17 300   M    M   7 1      27 300
24  59  49  54  -2  11   0 0.06  0.0    0  4.9 17 130   M    M   7 1      26 130
25  69  43  56   0   9   0 0.10  0.0    0  3.4 22 340   M    M   4 1      36 340
================================================================================
SM 1587 1077       293   7  2.10     5.0 231.7          M      102
================================================================================
AV 63.5 43.1                               9.3 FASTST   M    M   4    MAX(MPH)
                                 MISC ---->  # 33  90               # 50   80
================================================================================
NOTES:
# LAST OF SEVERAL OCCURRENCES

COLUMN 17 PEAK WIND IN M.P.H.

PRELIMINARY LOCAL CLIMATOLOGICAL DATA (WS FORM: F-6) , PAGE 2

                                          STATION:  PEORIA IL
                                          MONTH:    APRIL
                                          YEAR:     2019
                                          LATITUDE:   40 40 N
                                          LONGITUDE:  89 41 W

[TEMPERATURE DATA]      [PRECIPITATION DATA]       SYMBOLS USED IN COLUMN 16

AVERAGE MONTHLY: 53.3   TOTAL FOR MONTH:   2.10    1 = FOG OR MIST
DPTR FM NORMAL:   1.8   DPTR FM NORMAL:   -0.88    2 = FOG REDUCING VISIBILITY
HIGHEST:    80 ON 22    GRTST 24HR  0.81 ON 14-14      TO 1/4 MILE OR LESS
LOWEST:     29 ON 15, 1                            3 = THUNDER
                        SNOW, ICE PELLETS, HAIL    4 = ICE PELLETS
                        TOTAL MONTH:   5.0 INCHES  5 = HAIL
                        GRTST 24HR   5.0 ON 14-14  6 = FREEZING RAIN OR DRIZZLE
                        GRTST DEPTH:   3 ON 15     7 = DUSTSTORM OR SANDSTORM:
                                                       VSBY 1/2 MILE OR LESS
                                                   8 = SMOKE OR HAZE
[NO. OF DAYS WITH]      [WEATHER - DAYS WITH]      9 = BLOWING SNOW
                                                   X = TORNADO
MAX 32 OR BELOW:   0    0.01 INCH OR MORE:   8
MAX 90 OR ABOVE:   0    0.10 INCH OR MORE:   5
MIN 32 OR BELOW:   3    0.50 INCH OR MORE:   1
MIN  0 OR BELOW:   0    1.00 INCH OR MORE:   0

[HDD (BASE 65) ]
TOTAL THIS MO.   293    CLEAR  (SCALE 0-3)  12
DPTR FM NORMAL   -57    PTCLDY (SCALE 4-7)  10
TOTAL FM JUL 1  5797    CLOUDY (SCALE 8-10)  3
DPTR FM NORMAL   175

[CDD (BASE 65) ]
TOTAL THIS MO.     7
DPTR FM NORMAL    -1    [PRESSURE DATA]
TOTAL FM JAN 1     7    HIGHEST SLP M ON M
DPTR FM NORMAL    -2    LOWEST  SLP 29.43 ON 11

[REMARKS]
